{"id":112,"date":"2018-01-17T14:06:36","date_gmt":"2018-01-17T13:06:36","guid":{"rendered":"https:\/\/www.hsu-hh.de\/vorlage\/?page_id=112"},"modified":"2021-12-13T13:45:42","modified_gmt":"2021-12-13T12:45:42","slug":"forschung","status":"publish","type":"page","link":"https:\/\/www.hsu-hh.de\/paehis\/forschung\/","title":{"rendered":"Forschung"},"content":{"rendered":"\n<h2 class=\"wp-block-heading\"><a href=\"https:\/\/www.hsu-hh.de\/paehis\/aktuelle-projekte\/\" data-type=\"URL\" data-id=\"https:\/\/www.hsu-hh.de\/paehis\/aktuelle-projekte\/\">Aktuelle Projekte<\/a><\/h2>\n\n\n\n<ul class=\"wp-block-list\"><li>Sch\u00fclerpensionen und Sch\u00fclerverbindungen (Dennis Mathie, Carola Groppe)<\/li><li>Die preu\u00dfischen Reformer &#8211; eine kollektive Bildungsgeschichte (Julia Kurig, Julia Petruv, Timm Gerd Hellmanzik, Carola Groppe)\u00a0<\/li><\/ul>\n\n\n\n<h2 class=\"wp-block-heading\"><a href=\"https:\/\/www.hsu-hh.de\/paehis\/abgeschlossene-projekte\/\" data-type=\"URL\" data-id=\"https:\/\/www.hsu-hh.de\/paehis\/abgeschlossene-projekte\/\">Abgeschlossene Projekte<\/a><\/h2>\n\n\n\n<ul class=\"wp-block-list\"><li>Im deutschen Kaiserreich. Eine Bildungsgeschichte des B\u00fcrgertums von 1871 bis 1918 (abgeschlossen)<\/li><li>&#8222;68&#8220; an einer deutschen Universit\u00e4t. Eine archivarische Erfassung (abgeschlossen)<\/li><\/ul>\n\n\n\n<h2 class=\"wp-block-heading\"><a href=\"https:\/\/www.hsu-hh.de\/paehis\/hamburger-lehr-und-forschungsnetzwerk-historische-bildungsforschung-2\/\" data-type=\"URL\" data-id=\"https:\/\/www.hsu-hh.de\/paehis\/hamburger-lehr-und-forschungsnetzwerk-historische-bildungsforschung-2\/\">Hamburger Lehr- und Forschungsnetzwerk Historische Bildungsforschung<\/a><\/h2>\n\n\n\n<p>&#8222;Ein neues Lehr- und Forschungsnetzwerk &#8211; Vier Bildungshistorikerinnen lehren und forschen im Verbund an Hamburger Universit\u00e4ten (UHH, HSU)<\/p>\n\n\n\n<h2 class=\"wp-block-heading\"><a href=\"https:\/\/www.hsu-hh.de\/paehis\/hamburger-arbeiten-zur-allgemeinen-erziehungswissenschaft\/\" data-type=\"URL\" data-id=\"https:\/\/www.hsu-hh.de\/paehis\/hamburger-arbeiten-zur-allgemeinen-erziehungswissenschaft\/\">Hamburger Arbeiten zur Allgemeinen Erziehungswissenschaft<\/a><\/h2>\n\n\n\n<p>In dieser Reihe werden exzellente Bachelor-, Master- und Diplomarbeiten, die am Institut f\u00fcr Allgemeine Erziehungswissenschaft entstanden sind, vorgestellt und ver\u00f6ffentlicht.<\/p>\n\n\n\n<h2 class=\"wp-block-heading\"><a href=\"https:\/\/www.hsu-hh.de\/paehis\/arbeitskreis-historische-familienforschung\/\" data-type=\"URL\" data-id=\"https:\/\/www.hsu-hh.de\/paehis\/arbeitskreis-historische-familienforschung\/\">Arbeitskreis Historische Familienforschung<\/a><\/h2>\n\n\n\n<p>Aufgabe des Arbeitskreises ist es, Forschung zur Familie unter bildungshistorischem Aspekt zu b\u00fcndeln und anzuregen.<\/p>\n","protected":false},"excerpt":{"rendered":"<p>Aktuelle Projekte Sch\u00fclerpensionen und Sch\u00fclerverbindungen (Dennis Mathie, Carola Groppe) Die preu\u00dfischen Reformer &#8211; eine kollektive Bildungsgeschichte (Julia Kurig, Julia Petruv, Timm Gerd Hellmanzik, Carola Groppe)\u00a0 Abgeschlossene Projekte Im deutschen Kaiserreich. [&hellip;]<\/p>\n","protected":false},"author":26,"featured_media":0,"parent":0,"menu_order":0,"comment_status":"closed","ping_status":"closed","template":"","meta":{"footnotes":""},"categories":[4],"tags":[],"class_list":["post-112","page","type-page","status-publish","hentry","category-forschung"],"_links":{"self":[{"href":"https:\/\/www.hsu-hh.de\/paehis\/wp-json\/wp\/v2\/pages\/112","targetHints":{"allow":["GET"]}}],"collection":[{"href":"https:\/\/www.hsu-hh.de\/paehis\/wp-json\/wp\/v2\/pages"}],"about":[{"href":"https:\/\/www.hsu-hh.de\/paehis\/wp-json\/wp\/v2\/types\/page"}],"author":[{"embeddable":true,"href":"https:\/\/www.hsu-hh.de\/paehis\/wp-json\/wp\/v2\/users\/26"}],"replies":[{"embeddable":true,"href":"https:\/\/www.hsu-hh.de\/paehis\/wp-json\/wp\/v2\/comments?post=112"}],"version-history":[{"count":37,"href":"https:\/\/www.hsu-hh.de\/paehis\/wp-json\/wp\/v2\/pages\/112\/revisions"}],"predecessor-version":[{"id":1198,"href":"https:\/\/www.hsu-hh.de\/paehis\/wp-json\/wp\/v2\/pages\/112\/revisions\/1198"}],"wp:attachment":[{"href":"https:\/\/www.hsu-hh.de\/paehis\/wp-json\/wp\/v2\/media?parent=112"}],"wp:term":[{"taxonomy":"category","embeddable":true,"href":"https:\/\/www.hsu-hh.de\/paehis\/wp-json\/wp\/v2\/categories?post=112"},{"taxonomy":"post_tag","embeddable":true,"href":"https:\/\/www.hsu-hh.de\/paehis\/wp-json\/wp\/v2\/tags?post=112"}],"curies":[{"name":"wp","href":"https:\/\/api.w.org\/{rel}","templated":true}]}}