{"id":1358,"date":"2026-05-04T13:59:33","date_gmt":"2026-05-04T11:59:33","guid":{"rendered":"https:\/\/www.hsu-hh.de\/padigi\/?page_id=1358"},"modified":"2026-05-04T13:59:33","modified_gmt":"2026-05-04T11:59:33","slug":"nele-bories","status":"publish","type":"page","link":"https:\/\/www.hsu-hh.de\/padigi\/nele-bories\/","title":{"rendered":"Nele Bories"},"content":{"rendered":"\n<figure class=\"wp-block-image size-large is-resized\"><img loading=\"lazy\" decoding=\"async\" width=\"1024\" height=\"576\" src=\"https:\/\/www.hsu-hh.de\/padigi\/wp-content\/uploads\/sites\/920\/2026\/05\/DSC01299-1024x576.jpeg\" data-credit=\"Nele Bories\" alt=\"\" class=\"wp-image-1371\" style=\"width:600px\" srcset=\"https:\/\/www.hsu-hh.de\/padigi\/wp-content\/uploads\/sites\/920\/2026\/05\/DSC01299-1024x576.jpeg 1024w, https:\/\/www.hsu-hh.de\/padigi\/wp-content\/uploads\/sites\/920\/2026\/05\/DSC01299-300x169.jpeg 300w, https:\/\/www.hsu-hh.de\/padigi\/wp-content\/uploads\/sites\/920\/2026\/05\/DSC01299-768x432.jpeg 768w, https:\/\/www.hsu-hh.de\/padigi\/wp-content\/uploads\/sites\/920\/2026\/05\/DSC01299-1536x864.jpeg 1536w, https:\/\/www.hsu-hh.de\/padigi\/wp-content\/uploads\/sites\/920\/2026\/05\/DSC01299-2048x1152.jpeg 2048w, https:\/\/www.hsu-hh.de\/padigi\/wp-content\/uploads\/sites\/920\/2026\/05\/DSC01299-1100x619.jpeg 1100w\" sizes=\"auto, (max-width: 1024px) 100vw, 1024px\" \/><\/figure>\n\n\n\n<div class=\"wp-block-columns is-layout-flex wp-container-core-columns-is-layout-9d6595d7 wp-block-columns-is-layout-flex\">\n<div class=\"wp-block-column is-layout-flow wp-block-column-is-layout-flow\">\n<p>Helmut-Schmidt-Universit\u00e4t \/ Universit\u00e4t der Bundeswehr<\/p>\n\n\n\n<p>Fakult\u00e4t f\u00fcr Wirtschafts- und Sozialwissenschaften<\/p>\n\n\n\n<p>Professur f\u00fcr Verwaltungswissenschaft, <abbr title=\"insbesondere\">insb.<\/abbr> Digital Government<\/p>\n\n\n\n<p>Friedrich-Ebert-Damm 245<\/p>\n\n\n\n<p>22159 Hamburg<\/p>\n<\/div>\n\n\n\n<div class=\"wp-block-column is-layout-flow wp-block-column-is-layout-flow\">\n<p>Geb\u00e4ude: Campus Nord<\/p>\n\n\n\n<p>Raum: 3 E 152<\/p>\n\n\n\n<p>Telefon: +49 40 6541 4566<\/p>\n\n\n\n<p>E-Mail: nele.bories@hsu.hamburg<\/p>\n<\/div>\n<\/div>\n\n\n\n<p><\/p>\n\n\n\n<div style=\"height:2em\" aria-hidden=\"true\" class=\"wp-block-spacer\"><\/div>\n\n\n\n<p>Wissenschaftlicher Werdegang<\/p>\n\n\n\n<p>Seit 04\/2026 Helmut-Schmidt-Universit\u00e4t \/ Universit\u00e4t der Bundeswehr Hamburg: Wissenschaftliche Mitarbeiterin am Lehrstuhl Verwaltungswissenschaft, <abbr title=\"insbesondere\">insb.<\/abbr> Digital Government<\/p>\n\n\n\n<p>10\/2022 \u2013 04\/2024 Leibniz Universit\u00e4t Hannover: Wissenschaftliche Hilfskraft und Tutorin am Institut f\u00fcr Politikwissenschaft, Arbeitsbereich Policy-Analyse und Verwaltungswissenschaft<\/p>\n\n\n\n<p>Forschungsschwerpunkte<\/p>\n\n\n\n<p>Digitale Transformation der Verwaltung, Verwaltungsver\u00e4nderung, Wissenschaftliche Politikberatung, Beratungsgremien, Ministerialverwaltung<\/p>\n","protected":false},"excerpt":{"rendered":"<p>Helmut-Schmidt-Universit\u00e4t \/ Universit\u00e4t der Bundeswehr Fakult\u00e4t f\u00fcr Wirtschafts- und Sozialwissenschaften Professur f\u00fcr Verwaltungswissenschaft, insb. Digital Government Friedrich-Ebert-Damm 245 22159 Hamburg Geb\u00e4ude: Campus Nord Raum: 3 E 152 Telefon: +49 40 [&hellip;]<\/p>\n","protected":false},"author":3932,"featured_media":0,"parent":0,"menu_order":0,"comment_status":"closed","ping_status":"closed","template":"","meta":{"footnotes":""},"categories":[4],"tags":[],"class_list":["post-1358","page","type-page","status-publish","hentry","category-forschung"],"_links":{"self":[{"href":"https:\/\/www.hsu-hh.de\/padigi\/wp-json\/wp\/v2\/pages\/1358","targetHints":{"allow":["GET"]}}],"collection":[{"href":"https:\/\/www.hsu-hh.de\/padigi\/wp-json\/wp\/v2\/pages"}],"about":[{"href":"https:\/\/www.hsu-hh.de\/padigi\/wp-json\/wp\/v2\/types\/page"}],"author":[{"embeddable":true,"href":"https:\/\/www.hsu-hh.de\/padigi\/wp-json\/wp\/v2\/users\/3932"}],"replies":[{"embeddable":true,"href":"https:\/\/www.hsu-hh.de\/padigi\/wp-json\/wp\/v2\/comments?post=1358"}],"version-history":[{"count":6,"href":"https:\/\/www.hsu-hh.de\/padigi\/wp-json\/wp\/v2\/pages\/1358\/revisions"}],"predecessor-version":[{"id":1373,"href":"https:\/\/www.hsu-hh.de\/padigi\/wp-json\/wp\/v2\/pages\/1358\/revisions\/1373"}],"wp:attachment":[{"href":"https:\/\/www.hsu-hh.de\/padigi\/wp-json\/wp\/v2\/media?parent=1358"}],"wp:term":[{"taxonomy":"category","embeddable":true,"href":"https:\/\/www.hsu-hh.de\/padigi\/wp-json\/wp\/v2\/categories?post=1358"},{"taxonomy":"post_tag","embeddable":true,"href":"https:\/\/www.hsu-hh.de\/padigi\/wp-json\/wp\/v2\/tags?post=1358"}],"curies":[{"name":"wp","href":"https:\/\/api.w.org\/{rel}","templated":true}]}}