{"id":73,"date":"2017-07-03T15:52:08","date_gmt":"2017-07-03T13:52:08","guid":{"rendered":"https:\/\/www.hsu-hh.de\/vorlage\/?page_id=73"},"modified":"2025-05-09T09:54:26","modified_gmt":"2025-05-09T07:54:26","slug":"startseite","status":"publish","type":"page","link":"https:\/\/www.hsu-hh.de\/orgasoz\/","title":{"rendered":"Professur f\u00fcr Soziologie mit Schwerpunkt Organisationssoziologie"},"content":{"rendered":"\n<div style=\"height:47px\" aria-hidden=\"true\" class=\"wp-block-spacer\"><\/div>\n\n\n\n<h2 class=\"wp-block-heading\"><strong>Herzlich Willkommen auf den Seiten der Professur f\u00fcr Soziologie mit Schwerpunkt Organisationssoziologie an der Helmut-Schmidt-Universit\u00e4t<\/strong><\/h2>\n\n\n\n<div style=\"height:44px\" aria-hidden=\"true\" class=\"wp-block-spacer\"><\/div>\n\n\n\n<figure class=\"wp-block-image size-large\"><img loading=\"lazy\" decoding=\"async\" width=\"1024\" height=\"327\" src=\"https:\/\/www.hsu-hh.de\/orgasoz\/wp-content\/uploads\/sites\/739\/2017\/11\/Hafen01-1024x327.jpg\" data-credit=\"x\" alt=\"Hamburger Hafen\" class=\"wp-image-244\" srcset=\"https:\/\/www.hsu-hh.de\/orgasoz\/wp-content\/uploads\/sites\/739\/2017\/11\/Hafen01-1024x327.jpg 1024w, https:\/\/www.hsu-hh.de\/orgasoz\/wp-content\/uploads\/sites\/739\/2017\/11\/Hafen01-300x96.jpg 300w, https:\/\/www.hsu-hh.de\/orgasoz\/wp-content\/uploads\/sites\/739\/2017\/11\/Hafen01-768x245.jpg 768w\" sizes=\"auto, (max-width: 1024px) 100vw, 1024px\" \/><\/figure>\n\n\n\n<div style=\"height:39px\" aria-hidden=\"true\" class=\"wp-block-spacer\"><\/div>\n\n\n\n<hr class=\"wp-block-separator has-alpha-channel-opacity\" \/>\n\n\n\n<div style=\"height:41px\" aria-hidden=\"true\" class=\"wp-block-spacer\"><\/div>\n\n\n\n<h1 class=\"wp-block-heading\"><abbr title=\"Professor\">Prof.<\/abbr> <abbr title=\"Doktor\">Dr.<\/abbr> Cristina Besio<\/h1>\n\n\n\n<p>Helmut Schmidt Universit\u00e4t \/ Universit\u00e4t der Bundeswehr<br>Professur f\u00fcr Soziologie mit Schwerpunkt Organisationssoziologie<br>Holstenhofweg 85<br>22043 Hamburg<\/p>\n\n\n\n<div style=\"height:33px\" aria-hidden=\"true\" class=\"wp-block-spacer\"><\/div>\n\n\n\n<h2 class=\"wp-block-heading\">Kontakt:<\/h2>\n\n\n\n<p><strong>Susanne Latzel<\/strong><\/p>\n\n\n\n<p>Geb\u00e4ude H1, Raum 2164<br>Telefon: +49 (0)40 6541 2954<br>Fax: +49 (0)40 6541 3370<br>Email: susanne.latzel@hsu.hamburg<\/p>\n\n\n\n<div style=\"height:100px\" aria-hidden=\"true\" class=\"wp-block-spacer\"><\/div>\n","protected":false},"excerpt":{"rendered":"<p>Herzlich Willkommen auf den Seiten der Professur f\u00fcr Soziologie mit Schwerpunkt Organisationssoziologie an der Helmut-Schmidt-Universit\u00e4t Prof. Dr. Cristina Besio Helmut Schmidt Universit\u00e4t \/ Universit\u00e4t der BundeswehrProfessur f\u00fcr Soziologie mit Schwerpunkt [&hellip;]<\/p>\n","protected":false},"author":138,"featured_media":0,"parent":0,"menu_order":0,"comment_status":"closed","ping_status":"closed","template":"","meta":{"footnotes":""},"categories":[35],"tags":[76,74],"class_list":["post-73","page","type-page","status-publish","hentry","category-startseite","tag-institut","tag-startseite"],"_links":{"self":[{"href":"https:\/\/www.hsu-hh.de\/orgasoz\/wp-json\/wp\/v2\/pages\/73","targetHints":{"allow":["GET"]}}],"collection":[{"href":"https:\/\/www.hsu-hh.de\/orgasoz\/wp-json\/wp\/v2\/pages"}],"about":[{"href":"https:\/\/www.hsu-hh.de\/orgasoz\/wp-json\/wp\/v2\/types\/page"}],"author":[{"embeddable":true,"href":"https:\/\/www.hsu-hh.de\/orgasoz\/wp-json\/wp\/v2\/users\/138"}],"replies":[{"embeddable":true,"href":"https:\/\/www.hsu-hh.de\/orgasoz\/wp-json\/wp\/v2\/comments?post=73"}],"version-history":[{"count":89,"href":"https:\/\/www.hsu-hh.de\/orgasoz\/wp-json\/wp\/v2\/pages\/73\/revisions"}],"predecessor-version":[{"id":1077,"href":"https:\/\/www.hsu-hh.de\/orgasoz\/wp-json\/wp\/v2\/pages\/73\/revisions\/1077"}],"wp:attachment":[{"href":"https:\/\/www.hsu-hh.de\/orgasoz\/wp-json\/wp\/v2\/media?parent=73"}],"wp:term":[{"taxonomy":"category","embeddable":true,"href":"https:\/\/www.hsu-hh.de\/orgasoz\/wp-json\/wp\/v2\/categories?post=73"},{"taxonomy":"post_tag","embeddable":true,"href":"https:\/\/www.hsu-hh.de\/orgasoz\/wp-json\/wp\/v2\/tags?post=73"}],"curies":[{"name":"wp","href":"https:\/\/api.w.org\/{rel}","templated":true}]}}