{"id":774,"date":"2022-01-11T10:57:04","date_gmt":"2022-01-11T09:57:04","guid":{"rendered":"https:\/\/www.hsu-hh.de\/orga\/?page_id=774"},"modified":"2026-01-14T12:03:11","modified_gmt":"2026-01-14T11:03:11","slug":"wintertrimester-2022","status":"publish","type":"page","link":"https:\/\/www.hsu-hh.de\/orga\/wintertrimester-2022","title":{"rendered":"Wintertrimester 2026"},"content":{"rendered":"\n<p><strong>Master-Thesis\/Master Kolloquium MOIN, n. V.<\/strong><\/p>\n\n\n\n<hr class=\"wp-block-separator has-alpha-channel-opacity\" \/>\n\n\n\n<p><strong>Organisationstheorie: Organisationsgestaltung und Steuerung: Lekt\u00fcrekurs<br><\/strong>Dozent:&nbsp;<abbr title=\"Professor Doktor\">Prof. Dr.<\/abbr>&nbsp;Duschek<br>Mittwoch 9.45-11.15 Uhr (bis 18.3.2026)<br>Geb\u00e4ude H1, Raum 101\/103<\/p>\n\n\n\n<p><strong><mark class=\"has-inline-color has-grey-color\">F\u00e4llt am 4.2.2026 aus &#8211; <abbr title=\"Teilstreitkraft\">TSK<\/abbr> Infotage !<\/mark><\/strong><\/p>\n\n\n\n<hr class=\"wp-block-separator has-alpha-channel-opacity is-style-wide\" \/>\n\n\n\n<p><strong>Organisationstheorie: Organisationstheoretische Grundlagen<br><\/strong>Dozent:&nbsp;<abbr title=\"Professor Doktor\">Prof. Dr.<\/abbr>&nbsp;Duschek<br>Dienstag 11.30-13.00 Uhr (bis 16.3.2026)<br>Geb\u00e4ude H1, Raum 105<\/p>\n\n\n\n<hr class=\"wp-block-separator has-alpha-channel-opacity is-style-wide\" \/>\n\n\n\n<p><strong>Personalwesen und Organisation: Organisation<br><\/strong>Dozent:&nbsp;<abbr title=\"Professor Doktor\">Prof. Dr.<\/abbr>&nbsp;Duschek<br>Dienstag 15.45-17.15 Uhr (bis 17.3.2026)<br>Geb\u00e4ude H 1, HS 1<\/p>\n\n\n\n<hr class=\"wp-block-separator has-alpha-channel-opacity is-style-wide\" \/>\n\n\n\n<p><strong>Organisation und Entscheidung<\/strong><br>Dozent: <abbr title=\"Professor Doktor\">Prof. Dr.<\/abbr> Duschek\/L. Lapschie\u00df<br>Montag 11.30-13.00 Uhr (bis 16.3.2026)<br>Geb\u00e4ude H 1, Raum 105<\/p>\n\n\n\n<hr class=\"wp-block-separator has-alpha-channel-opacity\" \/>\n\n\n\n<p><strong>Methoden der Netzwerkforschung<\/strong><br>Dozentin: <abbr title=\"Doktor\">Dr.<\/abbr> N. Schleicher<br>Mittwoch 9:45-11:15 Uhr (7.1.26 bis 18.2.2026), 14-t\u00e4glich<br>Mittwoch 11:30-13 Uhr (7.1. bis 18.2.2026), 14-t\u00e4glich<br>Geb\u00e4ude M 01, Mensa Raum 1<\/p>\n\n\n\n<hr class=\"wp-block-separator has-alpha-channel-opacity\" \/>\n\n\n\n<p><strong>Methoden der Netzwerkforschung<\/strong><br>Dozentin: <abbr title=\"Doktor\">Dr.<\/abbr> N. Schleicher<br>Mittwoch 8:00-9:30 Uhr (11.3.2026), Geb\u00e4ude M01, Mensa Raum 1 (Pr\u00fcfungstermin)<br>Mittwoch 9:45-11:15 Uhr (11.3.2026), Geb\u00e4ude M01, Mensa Raum 1 (Pr\u00fcfungstermin)<br>Mittwoch 11:30-13:00 Uhr (11.3.2026), Geb\u00e4ude M01, Mensa Raum 1 (Pr\u00fcfungstermin)<br>Mittwoch 14:00-15:30 Uhr (11.3.2026), Geb\u00e4ude M01, Mensa Raum 1 (Pr\u00fcfungstermin)<br><\/p>\n","protected":false},"excerpt":{"rendered":"<p>Master-Thesis\/Master Kolloquium MOIN, n. V. Organisationstheorie: Organisationsgestaltung und Steuerung: Lekt\u00fcrekursDozent:&nbsp;Prof. Dr.&nbsp;DuschekMittwoch 9.45-11.15 Uhr (bis 18.3.2026)Geb\u00e4ude H1, Raum 101\/103 F\u00e4llt am 4.2.2026 aus &#8211; TSK Infotage ! Organisationstheorie: Organisationstheoretische GrundlagenDozent:&nbsp;Prof. Dr.&nbsp;DuschekDienstag [&hellip;]<\/p>\n","protected":false},"author":36,"featured_media":0,"parent":0,"menu_order":0,"comment_status":"closed","ping_status":"closed","template":"","meta":{"footnotes":""},"categories":[4],"tags":[],"class_list":["post-774","page","type-page","status-publish","hentry","category-forschung"],"_links":{"self":[{"href":"https:\/\/www.hsu-hh.de\/orga\/wp-json\/wp\/v2\/pages\/774","targetHints":{"allow":["GET"]}}],"collection":[{"href":"https:\/\/www.hsu-hh.de\/orga\/wp-json\/wp\/v2\/pages"}],"about":[{"href":"https:\/\/www.hsu-hh.de\/orga\/wp-json\/wp\/v2\/types\/page"}],"author":[{"embeddable":true,"href":"https:\/\/www.hsu-hh.de\/orga\/wp-json\/wp\/v2\/users\/36"}],"replies":[{"embeddable":true,"href":"https:\/\/www.hsu-hh.de\/orga\/wp-json\/wp\/v2\/comments?post=774"}],"version-history":[{"count":19,"href":"https:\/\/www.hsu-hh.de\/orga\/wp-json\/wp\/v2\/pages\/774\/revisions"}],"predecessor-version":[{"id":1369,"href":"https:\/\/www.hsu-hh.de\/orga\/wp-json\/wp\/v2\/pages\/774\/revisions\/1369"}],"wp:attachment":[{"href":"https:\/\/www.hsu-hh.de\/orga\/wp-json\/wp\/v2\/media?parent=774"}],"wp:term":[{"taxonomy":"category","embeddable":true,"href":"https:\/\/www.hsu-hh.de\/orga\/wp-json\/wp\/v2\/categories?post=774"},{"taxonomy":"post_tag","embeddable":true,"href":"https:\/\/www.hsu-hh.de\/orga\/wp-json\/wp\/v2\/tags?post=774"}],"curies":[{"name":"wp","href":"https:\/\/api.w.org\/{rel}","templated":true}]}}