{"id":2622,"date":"2023-02-15T11:08:06","date_gmt":"2023-02-15T10:08:06","guid":{"rendered":"https:\/\/www.hsu-hh.de\/ordnung\/?page_id=2622"},"modified":"2024-08-26T11:00:25","modified_gmt":"2024-08-26T09:00:25","slug":"volkswirtschaftslehre-insb-ordnungsoekonomik-1","status":"publish","type":"page","link":"https:\/\/www.hsu-hh.de\/ordnung\/volkswirtschaftslehre-insb-ordnungsoekonomik-1","title":{"rendered":"Volkswirtschaftslehre, insb. Ordnungs\u00f6konomik 1"},"content":{"rendered":"\n<div class=\"wp-block-columns is-layout-flex wp-container-core-columns-is-layout-9d6595d7 wp-block-columns-is-layout-flex\">\n<div class=\"wp-block-column is-layout-flow wp-block-column-is-layout-flow\">\n<h2 class=\"wp-block-heading\"><abbr title=\"Professor\">Prof.<\/abbr>&nbsp;<abbr title=\"Doktor\">Dr.<\/abbr>&nbsp;Dirk Meyer<\/h2>\n\n\n\n<p>Helmut-Schmidt-Universit\u00e4t<br>Universit\u00e4t der Bundeswehr<br>Geb\u00e4ude H1, R 2205<br>Holstenhofweg 85<br>22043 Hamburg<\/p>\n\n\n\n<p>Tel. (+49) 40 6541 2705<\/p>\n\n\n\n<p><a href=\"mailto:dirk.meyer@hsu-hh.de\" rel='nofollow'>dirk.meyer@hsu-hh.de<\/a><\/p>\n<\/div>\n\n\n\n<div class=\"wp-block-column is-layout-flow wp-block-column-is-layout-flow\">\n<p class=\"has-medium-font-size\"><mark class=\"has-inline-color has-grey-color\"><strong>Aktuelles s. u.<\/strong><\/mark><\/p>\n<\/div>\n<\/div>\n\n\n\n<hr class=\"wp-block-separator has-alpha-channel-opacity\" \/>\n\n\n\n<h1 class=\"wp-block-heading\">Aktuelles<\/h1>\n\n\n\n<h2 class=\"wp-block-heading\"><strong>B\u00fcrgergeld-Gesetz<\/strong><\/h2>\n\n\n<div class=\"wp-block-image\">\n<figure class=\"alignright\"><img loading=\"lazy\" decoding=\"async\" width=\"300\" height=\"165\" src=\"https:\/\/www.hsu-hh.de\/ordnung\/wp-content\/uploads\/sites\/549\/2022\/11\/Screenshot-2022-11-09-at-18-58-36-Deutscher-Bundestag-Anhoerung-zum-Buergergeld-Einigkeit-nur-beim-Thema-Regelsatz-Erhoehung-300x165.jpg\" data-credit=\"B\u00fcrgergeld\" alt=\"B\u00fcrgergeld\" class=\"wp-image-2499\" srcset=\"https:\/\/www.hsu-hh.de\/ordnung\/wp-content\/uploads\/sites\/549\/2022\/11\/Screenshot-2022-11-09-at-18-58-36-Deutscher-Bundestag-Anhoerung-zum-Buergergeld-Einigkeit-nur-beim-Thema-Regelsatz-Erhoehung-300x165.jpg 300w, https:\/\/www.hsu-hh.de\/ordnung\/wp-content\/uploads\/sites\/549\/2022\/11\/Screenshot-2022-11-09-at-18-58-36-Deutscher-Bundestag-Anhoerung-zum-Buergergeld-Einigkeit-nur-beim-Thema-Regelsatz-Erhoehung.jpg 543w\" sizes=\"auto, (max-width: 300px) 100vw, 300px\" \/><\/figure>\n<\/div>\n\n\n<p>Mit dem B\u00fcrgergeld-Gesetz soll die seit 2005 als&nbsp;\u201aHartz IV\u2018 bekannte Grundsicherung abgel\u00f6st werden. Arbeitsuchenden und hilfebed\u00fcrftigen Menschen soll eine dauerhafte Perspektive f\u00fcr ein w\u00fcrdevolles Leben erm\u00f6glicht werden. Neu sind eine sechsmonatige Vertrauenszeit, w\u00e4hrend der auf Sanktionen bei der Arbeitsvermittlung weitestgehend verzichtet wird, eine zweij\u00e4hrigen Karenzzeit, in der das Verm\u00f6gen und die Angemessenheit der Wohnung nicht \u00fcberpr\u00fcft werden, wie auch die St\u00e4rkung von Weiterbildung durch finanzielle Anreize. Das B\u00fcrgergeld-Gesetz war Thema einer Anh\u00f6rung des Ausschusses f\u00fcr Arbeit und Soziales des Deutschen Bundestages am 7. Nov. 2022.<\/p>\n\n\n\n<p>Links:<\/p>\n\n\n\n<p>Einigkeit nur beim Thema Regelsatz-Erh\u00f6hung&nbsp;<a rel=\"noreferrer noopener\" href=\"https:\/\/www.bundestag.de\/dokumente\/textarchiv\/2022\/kw45-pa-arbeit-soziales-buergergeld-918188\" target=\"_blank\">https:\/\/www.bundestag.de\/dokumente\/textarchiv\/2022\/kw45-pa-arbeit-soziales-buergergeld-918188.<\/a><br>Dirk Meyer, Schriftliche Stellungnahme zur \u00f6ffentlichen Anh\u00f6rung durch den Ausschuss f\u00fcr Arbeit und Soziales des Deutschen Bundestages am 7. Nov. 2022, BT-Drucksache 20(11)238),&nbsp;<a rel=\"noreferrer noopener\" href=\"https:\/\/www.bundestag.de\/resource\/blob\/919288\/01da5d309b20536179626c2ce2218354\/Stellungnahme-Meyer-data.pdf\" target=\"_blank\">https:\/\/www.bundestag.de\/resource\/blob\/919288\/01da5d309b20536179626c2ce2218354\/Stellungnahme-Meyer-data.pdf<\/a><\/p>\n\n\n\n<hr class=\"wp-block-separator has-alpha-channel-opacity\" \/>\n\n\n\n<h2 class=\"wp-block-heading\"><strong>The European Central Bank\u2019s Ethical Rules<\/strong><\/h2>\n\n\n\n<p><a rel=\"noreferrer noopener\" href=\"https:\/\/link.springer.com\/epdf\/10.1007\/s10272-022-1073-2?sharing_token=QqM_O3tTQiPax4FnNQ48tve4RwlQNchNByi7wbcMAY4L3GVAwodlkO0HulZl0StOEZSHcrYim0bfdV5RNRVjh4Mk1QbfcKkYH0sIFVXKIhKcMZVAlw83XfFf_A43lWcwfzQPeofu35K9iFLMWPqPrM96yLcmvnXYIp9oMOZUoeo=\" target=\"_blank\">Arne Hansen u. Dirk Meyer,&nbsp;\u201eThe European Central Bank\u2019s ethical rules \u2013 Incidents at the Fed raise questions about the rules of conduct for the ECB\u2019s Governing Council\u201c,&nbsp;in: Intereconomics, Vol. 57 (2022), No. 5, S. 322-328.<\/a><\/p>\n\n\n\n<hr class=\"wp-block-separator has-alpha-channel-opacity\" \/>\n\n\n\n<h2 class=\"wp-block-heading\"><strong>Europ\u00e4ische Union und W\u00e4hrungsunion in der Dauerkrise<\/strong><\/h2>\n\n\n\n<div class=\"wp-block-columns is-layout-flex wp-container-core-columns-is-layout-9d6595d7 wp-block-columns-is-layout-flex\">\n<div class=\"wp-block-column is-layout-flow wp-block-column-is-layout-flow\"><div class=\"wp-block-image\">\n<figure class=\"aligncenter\"><img loading=\"lazy\" decoding=\"async\" width=\"300\" height=\"228\" src=\"https:\/\/www.hsu-hh.de\/ordnung\/wp-content\/uploads\/sites\/549\/2022\/05\/Dauerkrise-I-300x228.jpg\" data-credit=\"Springer Fachmedien\" alt=\"Dauerkrise I\" class=\"wp-image-2271\" srcset=\"https:\/\/www.hsu-hh.de\/ordnung\/wp-content\/uploads\/sites\/549\/2022\/05\/Dauerkrise-I-300x228.jpg 300w, https:\/\/www.hsu-hh.de\/ordnung\/wp-content\/uploads\/sites\/549\/2022\/05\/Dauerkrise-I-1024x778.jpg 1024w, https:\/\/www.hsu-hh.de\/ordnung\/wp-content\/uploads\/sites\/549\/2022\/05\/Dauerkrise-I-768x584.jpg 768w, https:\/\/www.hsu-hh.de\/ordnung\/wp-content\/uploads\/sites\/549\/2022\/05\/Dauerkrise-I-1536x1167.jpg 1536w, https:\/\/www.hsu-hh.de\/ordnung\/wp-content\/uploads\/sites\/549\/2022\/05\/Dauerkrise-I-2048x1556.jpg 2048w, https:\/\/www.hsu-hh.de\/ordnung\/wp-content\/uploads\/sites\/549\/2022\/05\/Dauerkrise-I-1100x836.jpg 1100w\" sizes=\"auto, (max-width: 300px) 100vw, 300px\" \/><figcaption class=\"wp-element-caption\">\u00a9 Springer Fachmedien<\/figcaption><\/figure>\n<\/div>\n\n\n<p>\u201eEurop\u00e4ische Union und W\u00e4hrungsunion in der Dauerkrise I \u2013 Eine Bestandsaufnahme\u201c, 2., erweiterte Auflage, Springer Fachmedien Wiesbaden, Wiesbaden 2022, Softcover&nbsp;<abbr title=\"International Standard Book Number\">ISBN<\/abbr>&nbsp;978-3-658-35714-6 und eBook&nbsp;<abbr title=\"International Standard Book Number\">ISBN<\/abbr>&nbsp;978-3-658-35715-3,&nbsp;<a rel=\"noreferrer noopener\" href=\"https:\/\/doi.org\/10.1007\/978-3-658-35715-3\" target=\"_blank\">https:\/\/doi.org\/10.1007\/978-3-658-35715-3<\/a>.<\/p>\n<\/div>\n\n\n\n<div class=\"wp-block-column is-layout-flow wp-block-column-is-layout-flow\"><div class=\"wp-block-image\">\n<figure class=\"aligncenter is-resized\"><img loading=\"lazy\" decoding=\"async\" width=\"300\" height=\"228\" src=\"https:\/\/www.hsu-hh.de\/ordnung\/wp-content\/uploads\/sites\/549\/2022\/05\/Dauerkrise-II-300x228.jpg\" data-credit=\"Springer Fachmedien\" alt=\"Dauerkrise I\" class=\"wp-image-2282\" style=\"width:300px;height:228px\" srcset=\"https:\/\/www.hsu-hh.de\/ordnung\/wp-content\/uploads\/sites\/549\/2022\/05\/Dauerkrise-II-300x228.jpg 300w, https:\/\/www.hsu-hh.de\/ordnung\/wp-content\/uploads\/sites\/549\/2022\/05\/Dauerkrise-II-1024x778.jpg 1024w, https:\/\/www.hsu-hh.de\/ordnung\/wp-content\/uploads\/sites\/549\/2022\/05\/Dauerkrise-II-768x584.jpg 768w, https:\/\/www.hsu-hh.de\/ordnung\/wp-content\/uploads\/sites\/549\/2022\/05\/Dauerkrise-II-1536x1167.jpg 1536w, https:\/\/www.hsu-hh.de\/ordnung\/wp-content\/uploads\/sites\/549\/2022\/05\/Dauerkrise-II-2048x1556.jpg 2048w, https:\/\/www.hsu-hh.de\/ordnung\/wp-content\/uploads\/sites\/549\/2022\/05\/Dauerkrise-II-1100x836.jpg 1100w\" sizes=\"auto, (max-width: 300px) 100vw, 300px\" \/><figcaption class=\"wp-element-caption\">\u00a9 Springer Fachmedien<\/figcaption><\/figure>\n<\/div>\n\n\n<p>\u201eEurop\u00e4ische Union und W\u00e4hrungsunion in der Dauerkrise II \u2013 Szenarien f\u00fcr die Zukunft des Euro\u201c, 2., erweiterte Auflage, Springer Fachmedien Wiesbaden, Wiesbaden 2022, Softcover&nbsp;<abbr title=\"International Standard Book Number\">ISBN<\/abbr>&nbsp;978-3-658-35712-2 und eBook&nbsp;<abbr title=\"International Standard Book Number\">ISBN<\/abbr>&nbsp;978-3-658-35713-9,&nbsp;<a rel=\"noreferrer noopener\" href=\"https:\/\/doi.org\/10.1007\/978-3-658-35713-9\" target=\"_blank\">https:\/\/doi.org\/10.1007\/978-3-658-35713-9<\/a>.<\/p>\n<\/div>\n<\/div>\n\n\n\n<p><\/p>\n\n\n\n<p><\/p>\n\n\n\n<p><\/p>\n\n\n\n<hr class=\"wp-block-separator has-alpha-channel-opacity\" \/>\n\n\n\n<div class=\"wp-block-columns is-layout-flex wp-container-core-columns-is-layout-9d6595d7 wp-block-columns-is-layout-flex\">\n<div class=\"wp-block-column is-layout-flow wp-block-column-is-layout-flow\" style=\"flex-basis:66.66%\">\n<h2 class=\"wp-block-heading\"><strong>100-Mrd.-Euro-Sonderverm\u00f6gen Bundeswehr<\/strong><\/h2>\n\n\n\n<p>Zur \u201eSt\u00e4rkung der B\u00fcndnis- und Verteidigungsf\u00e4higkeit\u201c sollen der Bundeswehr einmalig 100 Mrd. Euro f\u00fcr Beschaffungen bereitgestellt werden. Dieses \u201aSonderverm\u00f6gen Bundeswehr\u2018 und die damit verbundene \u00c4nderung des Grundgesetzes Art. 87a sowie die Umsetzung durch das Bundeswehrsonderverm\u00f6gensgesetz (BwSVermG) waren Thema der Anh\u00f6rung des Haushaltsausschusses des Deutschen Bundetages am 9. Mai 2022.<\/p>\n\n\n\n<div class=\"wp-block-columns is-layout-flex wp-container-core-columns-is-layout-9d6595d7 wp-block-columns-is-layout-flex\">\n<div class=\"wp-block-column is-layout-flow wp-block-column-is-layout-flow\">\n<p>Links:<\/p>\n\n\n\n<ul class=\"wp-block-list\">\n<li>Sonderverm\u00f6gen Bundeswehr: Zustimmung und Vorbehalte&nbsp;<br><a href=\"https:\/\/www.bundestag.de\/dokumente\/textarchiv\/2022\/kw19-pa-haushalt-sondervermoegen-891366\" target=\"_blank\" rel=\"noreferrer noopener\">https:\/\/www.bundestag.de\/dokumente\/textarchiv\/2022\/kw19-pa-haushalt-sondervermoegen-891366<\/a><\/li>\n\n\n\n<li>Dirk Meyer, Schriftliche Stellungnahme zur Anh\u00f6rung durch den Haushaltsausschuss des Deutschen Bundestages am 9. Mai 2022 \u2013 Entwurf eines Gesetzes zur \u00c4nderung des Grundgesetzes (Artikel 87a), (BT-Drucksache 20\/1410) und Entwurf eines Gesetzes zur Errichtung eines \u201eSonderverm\u00f6gens Bundeswehr\u201c (BT-Drucksache 20\/1409),&nbsp;<a rel=\"noreferrer noopener\" href=\"https:\/\/www.bundestag.de\/resource\/blob\/893222\/eb33c911ac6db38674eeb85cc8801eb6\/Prof-Dr-Dirk-Meyer-data.pdf\" target=\"_blank\">https:\/\/www.bundestag.de\/resource\/blob\/893222\/eb33c911ac6db38674eeb85cc8801eb6\/Prof-Dr-Dirk-Meyer-data.pdf<\/a><\/li>\n<\/ul>\n<\/div>\n<\/div>\n<\/div>\n\n\n\n<div class=\"wp-block-column is-layout-flow wp-block-column-is-layout-flow\" style=\"flex-basis:33.33%\">\n<figure class=\"wp-block-image size-full\"><img loading=\"lazy\" decoding=\"async\" width=\"768\" height=\"431\" src=\"https:\/\/www.hsu-hh.de\/ordnung\/wp-content\/uploads\/sites\/549\/2023\/02\/image.png\" data-credit=\"\" alt=\"\" class=\"wp-image-2629\" srcset=\"https:\/\/www.hsu-hh.de\/ordnung\/wp-content\/uploads\/sites\/549\/2023\/02\/image.png 768w, https:\/\/www.hsu-hh.de\/ordnung\/wp-content\/uploads\/sites\/549\/2023\/02\/image-300x168.png 300w\" sizes=\"auto, (max-width: 768px) 100vw, 768px\" \/><figcaption class=\"wp-element-caption\">\u00a9 Bundestag<\/figcaption><\/figure>\n<\/div>\n<\/div>\n\n\n\n<hr class=\"wp-block-separator has-alpha-channel-opacity\" \/>\n\n\n\n<h2 class=\"wp-block-heading\"><strong>EZB-Schuldverschreibungen \u2013 Neue Verwendung f\u00fcr ein altes Instrument?&nbsp;<\/strong><\/h2>\n\n\n\n<p>Als Reaktion auf die Corona-Krise haben die Notenbanken des Eurosystems ihre Anleihek\u00e4ufe im Rahmen des APP-Programms weiter aufgestockt und um das PEPP-Programm erweitert. Diese im Zusammenspiel mit weiteren Ma\u00dfnahmen der \u201aau\u00dfergew\u00f6hnlichen Geldpolitik\u2018 geschaffene zus\u00e4tzliche Liquidit\u00e4t m\u00fcsste bei anhaltend h\u00f6herem Inflationsdruck zur\u00fcckgef\u00fchrt werden. Als eine Neutralisierung auf dem Entstehungsweg w\u00e4re ein umf\u00e4nglicher Verkauf von Anleihebest\u00e4nden naheliegend. Mit den resultierenden Kursverlusten gingen allerdings abschreibungsbedingte Instabilit\u00e4ten im Finanzsektor und insbesondere f\u00fcr Krisenstaaten problematische Zinsanstiege bei Staatsanleihen einher. Der Beitrag analysiert als alternative M\u00f6glichkeit die Emission von Schuldverschreibungen durch die EZB zur Liquidit\u00e4tsabsch\u00f6pfung.<\/p>\n\n\n\n<p><a href=\"https:\/\/rdcu.be\/cycqD\" target=\"_blank\" rel=\"noreferrer noopener\">https:\/\/rdcu.be\/cycqD<\/a><\/p>\n\n\n\n<hr class=\"wp-block-separator has-alpha-channel-opacity\" \/>\n\n\n\n<h2 class=\"wp-block-heading\">Debt Relief as a Last Resort for the Lender of Last Resort?<\/h2>\n\n\n\n<p>The coronavirus crisis has led to a sharp increase in the debt-to-GDP ratios. There has thus been a discussion on eurozone debt cancellation. As pointed out by the ECB however, the prohibition of monetary financing represents a great legal hurdle. Our new article introduces an alternative strategy, namely debt relief by the ESCB through an EU debt agency \u2013 based on the purchases under the PSPP and PEPP programmes. That could be possible without amending the EU treaties and would avoid negative equity at the central banks. We specifically analyse the effects of two scenarios:<br>Scenario 1: debt relief based on the credit volume of the \u20ac750 billion \u201aNext Generation EU\u2018 recovery fund.<br>Scenario 2: debt relief of 60% of the pre-crisis 2019 GDP, based on the European Fiscal Compact and the Maastricht Treaty.<\/p>\n\n\n\n<p><a href=\"https:\/\/rdcu.be\/csBIB\" target=\"_blank\" rel=\"noreferrer noopener\">https:\/\/rdcu.be\/csBIB<\/a><\/p>\n\n\n\n<p><\/p>\n\n\n\n<p><\/p>\n\n\n\n<p><\/p>\n","protected":false},"excerpt":{"rendered":"<p>Prof.&nbsp;Dr.&nbsp;Dirk Meyer Helmut-Schmidt-Universit\u00e4tUniversit\u00e4t der BundeswehrGeb\u00e4ude H1, R 2205Holstenhofweg 8522043 Hamburg Tel. (+49) 40 6541 2705 dirk.meyer@hsu-hh.de Aktuelles s. u. Aktuelles B\u00fcrgergeld-Gesetz Mit dem B\u00fcrgergeld-Gesetz soll die seit 2005 als&nbsp;\u201aHartz IV\u2018 [&hellip;]<\/p>\n","protected":false},"author":37,"featured_media":0,"parent":0,"menu_order":0,"comment_status":"closed","ping_status":"closed","template":"","meta":{"footnotes":""},"categories":[35],"tags":[],"class_list":["post-2622","page","type-page","status-publish","hentry","category-startseite"],"_links":{"self":[{"href":"https:\/\/www.hsu-hh.de\/ordnung\/wp-json\/wp\/v2\/pages\/2622","targetHints":{"allow":["GET"]}}],"collection":[{"href":"https:\/\/www.hsu-hh.de\/ordnung\/wp-json\/wp\/v2\/pages"}],"about":[{"href":"https:\/\/www.hsu-hh.de\/ordnung\/wp-json\/wp\/v2\/types\/page"}],"author":[{"embeddable":true,"href":"https:\/\/www.hsu-hh.de\/ordnung\/wp-json\/wp\/v2\/users\/37"}],"replies":[{"embeddable":true,"href":"https:\/\/www.hsu-hh.de\/ordnung\/wp-json\/wp\/v2\/comments?post=2622"}],"version-history":[{"count":19,"href":"https:\/\/www.hsu-hh.de\/ordnung\/wp-json\/wp\/v2\/pages\/2622\/revisions"}],"predecessor-version":[{"id":3106,"href":"https:\/\/www.hsu-hh.de\/ordnung\/wp-json\/wp\/v2\/pages\/2622\/revisions\/3106"}],"wp:attachment":[{"href":"https:\/\/www.hsu-hh.de\/ordnung\/wp-json\/wp\/v2\/media?parent=2622"}],"wp:term":[{"taxonomy":"category","embeddable":true,"href":"https:\/\/www.hsu-hh.de\/ordnung\/wp-json\/wp\/v2\/categories?post=2622"},{"taxonomy":"post_tag","embeddable":true,"href":"https:\/\/www.hsu-hh.de\/ordnung\/wp-json\/wp\/v2\/tags?post=2622"}],"curies":[{"name":"wp","href":"https:\/\/api.w.org\/{rel}","templated":true}]}}