{"id":2583,"date":"2023-02-09T09:39:37","date_gmt":"2023-02-09T08:39:37","guid":{"rendered":"https:\/\/www.hsu-hh.de\/ordnung\/?page_id=2583"},"modified":"2025-11-26T10:37:25","modified_gmt":"2025-11-26T09:37:25","slug":"vorherige-lehrveranstaltungen","status":"publish","type":"page","link":"https:\/\/www.hsu-hh.de\/ordnung\/vorherige-lehrveranstaltungen","title":{"rendered":"Vorherige Lehrveranstaltungen"},"content":{"rendered":"\n<hr class=\"wp-block-separator has-alpha-channel-opacity\" \/>\n\n\n\n<p><br>2025<br>23.1220 Master-Kolloquium \/ Master-Thesis (WS-64-V-03 (<abbr title=\"Volkswirtschaftslehre\">VWL<\/abbr>))<br>23.647 Bachelor-Kolloquium\/Bachelor-Thesis (Modul WS-57-V-01)<br>23.203 Mikro\u00f6konomik (Modul WS52V01)<br>23.1140 MA-Thesis-Kolloquium (Modul WS64V03)<\/p>\n\n\n\n<p>2024<br>23.650 Bachelor-Kolloquium\/Bachelor-Thesis&nbsp;(Modul WS-57-V-01)&nbsp;&nbsp;&nbsp;&nbsp;&nbsp;&nbsp;&nbsp;&nbsp;&nbsp;&nbsp;&nbsp;&nbsp;&nbsp;&nbsp;&nbsp;&nbsp;&nbsp;&nbsp;&nbsp;&nbsp;&nbsp;&nbsp;&nbsp;&nbsp;&nbsp;&nbsp;&nbsp;&nbsp; <br>23.1219 Master-Kolloquium\/Master-Thesis (WS-64-V-03 (<abbr title=\"Volkswirtschaftslehre\">VWL<\/abbr>))&nbsp;<br>23.203 Mikro\u00f6konomik (WS52V01)<br>23.1138 MA-Thesis-Kolloquium (WS64V03)<br>23.105 Grundlagen der Volkswirtschaftslehre (Modul WS51V01)<br>97.390 Einf\u00fchrung <abbr title=\"Volkswirtschaftslehre\">VWL<\/abbr> Teil I: Wirtschaftstheorie (ISA 00410.1) <br><\/p>\n\n\n\n<p>2023<br>3.102 Grundlagen der Volkswirtschaftslehre (WS51V01)<br>ISA: Vorlesung Grundlagen der <abbr title=\"Volkswirtschaftslehre\">VWL<\/abbr> (Teil I des zweitrimestrigen Moduls ISA 00410)<br>23.717 Bachelor-Thesis\/Bachelor-Kolloquium (WS57V01)<br>23.1029 Volkswirtshaftliche Aspekte der Steuerung des technischen Fortschritts (WS62V16)<br>23.650 BA-Kolloquium (WS57V01)<br>23.203 Mikro\u00f6konomik (WS52V01)<br>23.204 \u00dcbung Mikro\u00f6konomik (WS52V01)<br>23.1141 MA-Kolloquium (WS64V03)<br>23.1223 MA-Kolloqium (WS64V02)<br><br>2022<br>23.104 Grundlagen der <abbr title=\"Volkswirtschaftslehre\">VWL<\/abbr> (WS51V01)<br>23.105 \u00dcbung Grundlagen der <abbr title=\"Volkswirtschaftslehre\">VWL<\/abbr><br>23.717 BA-Thesis-Kolloquium (WS57V01)<br>23.1029 Volkswirtschaftliche Aspekte der Steuerung des technischen Fortschritts (WS62V16)<br>23.1030 \u00dcbung Volkswirtschaftliche Aspekte<\/p>\n\n\n\n<p>2021<br>23.638 Bachelor-Kolloquium\/Bachelor-Thesis (WS57V01)<br>23.1218&nbsp;Master-Kolloquium \/ Master-Thesis (WS64V03)<br>23.200 Mikro\u00f6konomik (WS52V01)<br>23.201 \u00dcbung zur Mikro\u00f6konomik, Gruppe 1.1<br>23.202 \u00dcbung zur Mikro\u00f6konomik, Gruppe 1.2<br>23.1139 MA-Thesis-Kolloquium (WS-64-V-03)<\/p>\n\n\n\n<p>2020<br>23.104 Grundlagen der Volkswirtschaftslehre (WS51V01), Gruppe 2<br>23.716 Bachelor-Thesis\/ Bachelor-Kolloquium (WS37V18)<br>23.1029 Volkswirtschaftliche Aspekte der Steuerung des technischen Fortschritts (WS62V16)<br>97.402 Grundlagen der <abbr title=\"Volkswirtschaftslehre\">VWL<\/abbr> (Teil I des zweitrimestrigen Moduls ISA 00410)<br>23.102 Grundlagen der Volkswirtschaftslehre (WS51V01), Gruppe 2<br>23.200 Mikro\u00f6konomik (WS52V01\/WS32V02), Gruppe 1<br>23.202 \u00dcbung zur Mikro\u00f6konomik (WS52V01\/WS32V02), Gruppe 1.1<br>23.202 \u00dcbung zur Mikro\u00f6konomik (WS52V01\/WS32V02), Gruppe 1.2<br>23.631 Bachelor-Thesis\/ Bachelor-Kolloquium (WS37V18)<br>23.716 Bachelor-Thesis\/ Bachelor-Kolloquium (WS37V18)<br>23.1029 Volkswirtschaftliche Aspekte der Steuerung des technischen Fortschritts: Fortgeschrittene Mikro (WS41V02)\/ Markt und Staat (WS43V05)\/ \u00d6konomik des Marktes I &amp; II (<abbr title=\"Betriebswirtschaftslehre\">BWL<\/abbr>, <abbr title=\"Wirtschaftsingenieurwesen\">WI<\/abbr>: WS23V51\/52)<br>23.1030 \u00dcbung Volkswirtschaftliche Aspekte der Steuerung des technischen Fortschritts: Fortgeschrittene Mikro (WS42V01)\/ Markt und Staat (WS43V05)\/ \u00d6konomik des Marktes I &amp; II (<abbr title=\"Betriebswirtschaftslehre\">BWL<\/abbr>, <abbr title=\"Wirtschaftsingenieurwesen\">WI<\/abbr>: WS23V51\/52)<br>23.1138 Master-Thesis\/ Master- Kolloquium (WS44V07)<br>23.1218 Master-Thesis\/ Master- Kolloquium (WS44V07)<\/p>\n\n\n\n<p>2019<br>23.200 Mikro\u00f6konomik&nbsp; (WS32V02.1)<br>23.203 \u00dcbung zur Mikro\u00f6konomik (WS32V02.2)<br>23.1130 MA-Thesis-Kolloquium (WS44V07)<br>23.637 Wissenschaftliche Projekte II: Thesis-Kolloquium (WS37V18)<br>23.1223 MA-Thesis-Kolloquium (WS44V07)<br>23.104&nbsp;&nbsp; Grundlagen der Volkswirtschaftslehre (WS51V01)<br>23.105&nbsp;&nbsp; \u00dcbung Grundlagen der Volkswirtschaftslehre<br>23.106&nbsp;&nbsp; \u00dcbung Grundlagen der Volkswirtschaftslehre<br>97.402&nbsp;&nbsp; Einf\u00fchrung <abbr title=\"Volkswirtschaftslehre\">VWL<\/abbr> Teil I: Wirtschaftstheorie ISA 00410.1<br>23.716&nbsp;&nbsp; Wissenschaftliche Projekte II: Thesis-Kolloquium (WS37V-18)<br>23.1029 Volkswirtschaftliche Aspekte der Steuerung des technischen Fortschritts&nbsp; (WS42V02\/WS43V05\/WS23V51\/52)<br>23.1030 \u00dcbung zu Volkswirtschaftliche Aspekte der Steuerung des technischen Fortschritts<\/p>\n\n\n\n<p>2018<br>23.102 Grundlagen der Volkswirtschaftslehre (WS 31V01)<br>23.438 Ordnungs\u00f6konomik (WS34V08)<br>23.439 \u00dcbung zur Ordnungs\u00f6konomik (WS34V08)<br>23.723 Wissenschaftliche Projekte II: Thesis-Kolloquium&nbsp; (WS37V18)<br>23.1028 Volkswirtschaftliche Aspekte der Steuerung des technischen Fortschritts (WS42V02\/WS43V\/WS23V51\/52)<br>23.1029 \u00dcbung zu Vwl. Aspekte der Steuerung des TF (WS42V02\/WS43V\/WS23V51\/52)<br>23.202 Mikro\u00f6konomik (WS32V02.1)<br>23.203 \u00dcbung zur Mikro\u00f6konomik (WS32V02.2)<br>23.1130 MA-Thesis-Kolloquium (WS44V07)<br>23.637&nbsp; Wissenschaftliche Projekte II: Thesis-Kolloquium (WS37V18)<br>23.1223 MA-Thesis-Kolloquium (WS44V)<br>97.402 Einf\u00fchrung <abbr title=\"Volkswirtschaftslehre\">VWL<\/abbr> Teil I: Wirtschaftstheorie ISA 00410.1 (ISA)<\/p>\n","protected":false},"excerpt":{"rendered":"<p>202523.1220 Master-Kolloquium \/ Master-Thesis (WS-64-V-03 (VWL))23.647 Bachelor-Kolloquium\/Bachelor-Thesis (Modul WS-57-V-01)23.203 Mikro\u00f6konomik (Modul WS52V01)23.1140 MA-Thesis-Kolloquium (Modul WS64V03) 202423.650 Bachelor-Kolloquium\/Bachelor-Thesis&nbsp;(Modul WS-57-V-01)&nbsp;&nbsp;&nbsp;&nbsp;&nbsp;&nbsp;&nbsp;&nbsp;&nbsp;&nbsp;&nbsp;&nbsp;&nbsp;&nbsp;&nbsp;&nbsp;&nbsp;&nbsp;&nbsp;&nbsp;&nbsp;&nbsp;&nbsp;&nbsp;&nbsp;&nbsp;&nbsp;&nbsp; 23.1219 Master-Kolloquium\/Master-Thesis (WS-64-V-03 (VWL))&nbsp;23.203 Mikro\u00f6konomik (WS52V01)23.1138 MA-Thesis-Kolloquium (WS64V03)23.105 Grundlagen der Volkswirtschaftslehre (Modul [&hellip;]<\/p>\n","protected":false},"author":37,"featured_media":0,"parent":0,"menu_order":0,"comment_status":"closed","ping_status":"closed","template":"","meta":{"footnotes":""},"categories":[4],"tags":[],"class_list":["post-2583","page","type-page","status-publish","hentry","category-forschung"],"_links":{"self":[{"href":"https:\/\/www.hsu-hh.de\/ordnung\/wp-json\/wp\/v2\/pages\/2583","targetHints":{"allow":["GET"]}}],"collection":[{"href":"https:\/\/www.hsu-hh.de\/ordnung\/wp-json\/wp\/v2\/pages"}],"about":[{"href":"https:\/\/www.hsu-hh.de\/ordnung\/wp-json\/wp\/v2\/types\/page"}],"author":[{"embeddable":true,"href":"https:\/\/www.hsu-hh.de\/ordnung\/wp-json\/wp\/v2\/users\/37"}],"replies":[{"embeddable":true,"href":"https:\/\/www.hsu-hh.de\/ordnung\/wp-json\/wp\/v2\/comments?post=2583"}],"version-history":[{"count":11,"href":"https:\/\/www.hsu-hh.de\/ordnung\/wp-json\/wp\/v2\/pages\/2583\/revisions"}],"predecessor-version":[{"id":3430,"href":"https:\/\/www.hsu-hh.de\/ordnung\/wp-json\/wp\/v2\/pages\/2583\/revisions\/3430"}],"wp:attachment":[{"href":"https:\/\/www.hsu-hh.de\/ordnung\/wp-json\/wp\/v2\/media?parent=2583"}],"wp:term":[{"taxonomy":"category","embeddable":true,"href":"https:\/\/www.hsu-hh.de\/ordnung\/wp-json\/wp\/v2\/categories?post=2583"},{"taxonomy":"post_tag","embeddable":true,"href":"https:\/\/www.hsu-hh.de\/ordnung\/wp-json\/wp\/v2\/tags?post=2583"}],"curies":[{"name":"wp","href":"https:\/\/api.w.org\/{rel}","templated":true}]}}