{"id":2538,"date":"2023-02-09T08:28:34","date_gmt":"2023-02-09T07:28:34","guid":{"rendered":"https:\/\/www.hsu-hh.de\/ordnung\/?page_id=2538"},"modified":"2025-05-02T08:13:05","modified_gmt":"2025-05-02T06:13:05","slug":"prof-meyer","status":"publish","type":"page","link":"https:\/\/www.hsu-hh.de\/ordnung\/prof-meyer","title":{"rendered":"Prof. Dr. Dirk Meyer"},"content":{"rendered":"<div class=\"wp-block-image is-style-default\">\n<figure class=\"alignright size-large is-resized\"><img loading=\"lazy\" decoding=\"async\" width=\"1024\" height=\"683\" src=\"https:\/\/www.hsu-hh.de\/ordnung\/wp-content\/uploads\/sites\/549\/2025\/05\/Meyer-Dirk-210928_2_Portraits_1215_CG_klein-1024x683.jpg\" data-credit=\"HSU\/Gelhausen\" alt=\"\" class=\"wp-image-3292\" style=\"width:370px;height:auto\" srcset=\"https:\/\/www.hsu-hh.de\/ordnung\/wp-content\/uploads\/sites\/549\/2025\/05\/Meyer-Dirk-210928_2_Portraits_1215_CG_klein-1024x683.jpg 1024w, https:\/\/www.hsu-hh.de\/ordnung\/wp-content\/uploads\/sites\/549\/2025\/05\/Meyer-Dirk-210928_2_Portraits_1215_CG_klein-300x200.jpg 300w, https:\/\/www.hsu-hh.de\/ordnung\/wp-content\/uploads\/sites\/549\/2025\/05\/Meyer-Dirk-210928_2_Portraits_1215_CG_klein-768x512.jpg 768w, https:\/\/www.hsu-hh.de\/ordnung\/wp-content\/uploads\/sites\/549\/2025\/05\/Meyer-Dirk-210928_2_Portraits_1215_CG_klein-1536x1024.jpg 1536w, https:\/\/www.hsu-hh.de\/ordnung\/wp-content\/uploads\/sites\/549\/2025\/05\/Meyer-Dirk-210928_2_Portraits_1215_CG_klein-2048x1365.jpg 2048w, https:\/\/www.hsu-hh.de\/ordnung\/wp-content\/uploads\/sites\/549\/2025\/05\/Meyer-Dirk-210928_2_Portraits_1215_CG_klein-1100x733.jpg 1100w\" sizes=\"auto, (max-width: 1024px) 100vw, 1024px\" \/><\/figure>\n<\/div>\n\n\n<p>Helmut-Schmidt-Universit\u00e4t Hamburg<br>Holstenhofweg 85, Geb. H1, R 2205<br>22043 Hamburg<br>Tel. (+49) 40 6541 2705<\/p>\n\n\n\n<p>EMail: dirk.meyer(at)hsu-hh.de<\/p>\n\n\n\n<p>Sprechstunde: nach Absprache. <br>Bitte vorher Anmeldung per E-Mail (mit Stichwort).<\/p>\n\n\n\n<p>Studium der Volkswirtschafts- und Betriebswirtschaftslehre<br>(Diplom-Volkswirt 1982, Diplom-Betriebswirt 1983)<br>Promotion 1987 in Kiel<br>Habilitation 1992 in Kiel<br>Vertretungsprofessuren in Bochum und Hamburg<br>Seit 1994 Professur f\u00fcr Volkswirtschaftslehre an der<br>Helmut-Schmidt-Universit\u00e4t, Universit\u00e4t der Bundeswehr Hamburg<\/p>\n\n\n\n<p>Forschungsschwerpunkte: Ordnungspolitik, Wettbewerbspolitik, Sozialpolitik, Europ\u00e4ische W\u00e4hrungsunion, Technischer Fortschritt, Arbeitsmarkt, Gesundheits\u00f6konomie, Non-Profit-Organisationen, Soziale Dienste<\/p>\n\n\n\n<p>verheiratet, vier Kinder<\/p>\n\n\n\n<p>&#8222;Hobby&#8220; und Lebenseinstellung: Aikido<\/p>\n\n\n\n<div style=\"height:42px\" aria-hidden=\"true\" class=\"wp-block-spacer\"><\/div>\n\n\n\n<p class=\"has-medium-font-size\"><strong>Publikationen<\/strong>:<\/p>\n\n\n\n<ul class=\"wp-block-list\">\n<li><a href=\"https:\/\/www.hsu-hh.de\/ordnung\/aktuelles\" target=\"_blank\" rel=\"noreferrer noopener\">Aktuelles<\/a><\/li>\n\n\n\n<li><a href=\"https:\/\/www.hsu-hh.de\/ordnung\/buecher\" target=\"_blank\" rel=\"noreferrer noopener\">B\u00fccher<\/a><\/li>\n\n\n\n<li><a href=\"https:\/\/www.hsu-hh.de\/ordnung\/aufsaetze\" target=\"_blank\" rel=\"noreferrer noopener\">Aufs\u00e4tze<\/a><\/li>\n\n\n\n<li><a href=\"https:\/\/www.hsu-hh.de\/ordnung\/zeitungsartikel\" target=\"_blank\" rel=\"noreferrer noopener\">Zeitungsartikel<\/a><\/li>\n\n\n\n<li><a href=\"https:\/\/www.hsu-hh.de\/ordnung\/verschiedenes\" target=\"_blank\" rel=\"noreferrer noopener\">Verschiedenes<\/a><\/li>\n<\/ul>\n","protected":false},"excerpt":{"rendered":"<p>Helmut-Schmidt-Universit\u00e4t HamburgHolstenhofweg 85, Geb. H1, R 220522043 HamburgTel. (+49) 40 6541 2705 EMail: dirk.meyer(at)hsu-hh.de Sprechstunde: nach Absprache. Bitte vorher Anmeldung per E-Mail (mit Stichwort). Studium der Volkswirtschafts- und Betriebswirtschaftslehre(Diplom-Volkswirt 1982, [&hellip;]<\/p>\n","protected":false},"author":37,"featured_media":0,"parent":0,"menu_order":0,"comment_status":"closed","ping_status":"closed","template":"","meta":{"footnotes":""},"categories":[8],"tags":[],"class_list":["post-2538","page","type-page","status-publish","hentry","category-team"],"_links":{"self":[{"href":"https:\/\/www.hsu-hh.de\/ordnung\/wp-json\/wp\/v2\/pages\/2538","targetHints":{"allow":["GET"]}}],"collection":[{"href":"https:\/\/www.hsu-hh.de\/ordnung\/wp-json\/wp\/v2\/pages"}],"about":[{"href":"https:\/\/www.hsu-hh.de\/ordnung\/wp-json\/wp\/v2\/types\/page"}],"author":[{"embeddable":true,"href":"https:\/\/www.hsu-hh.de\/ordnung\/wp-json\/wp\/v2\/users\/37"}],"replies":[{"embeddable":true,"href":"https:\/\/www.hsu-hh.de\/ordnung\/wp-json\/wp\/v2\/comments?post=2538"}],"version-history":[{"count":15,"href":"https:\/\/www.hsu-hh.de\/ordnung\/wp-json\/wp\/v2\/pages\/2538\/revisions"}],"predecessor-version":[{"id":3307,"href":"https:\/\/www.hsu-hh.de\/ordnung\/wp-json\/wp\/v2\/pages\/2538\/revisions\/3307"}],"wp:attachment":[{"href":"https:\/\/www.hsu-hh.de\/ordnung\/wp-json\/wp\/v2\/media?parent=2538"}],"wp:term":[{"taxonomy":"category","embeddable":true,"href":"https:\/\/www.hsu-hh.de\/ordnung\/wp-json\/wp\/v2\/categories?post=2538"},{"taxonomy":"post_tag","embeddable":true,"href":"https:\/\/www.hsu-hh.de\/ordnung\/wp-json\/wp\/v2\/tags?post=2538"}],"curies":[{"name":"wp","href":"https:\/\/api.w.org\/{rel}","templated":true}]}}