{"id":73,"date":"2017-07-03T15:52:08","date_gmt":"2017-07-03T13:52:08","guid":{"rendered":"https:\/\/www.hsu-hh.de\/vorlage\/?page_id=73"},"modified":"2026-01-19T10:01:53","modified_gmt":"2026-01-19T09:01:53","slug":"startseite","status":"publish","type":"page","link":"https:\/\/www.hsu-hh.de\/opal\/","title":{"rendered":""},"content":{"rendered":"<div>\n<div>\n<p>Die Transformationen unserer Gesellschaft, die sich auf der Grundlage einer voranschreitenden Digitalisierung und Globalisierung vollziehen, ver\u00e4ndern nicht nur die klassischen Institutionen, sondern dar\u00fcber hinaus die Organisations- und Arbeitsweisen in einer zunehmend entgrenzten Welt.<\/p>\n<p>Die sozialen, politischen und \u00f6konomischen Fragen, die sich im Zuge dieser Ver\u00e4nderungen f\u00fcr die Bereiche Organisation, Personal, Arbeit und Leadership stellen, werden in dem Disziplinen \u00fcbergreifenden Arbeitszusammenhang OPAL empirisch und theoretisch bearbeitet.<\/p>\n<p>Das Cluster OPAL befindet sich derzeit in der Aufbauphase. Ziel ist es, die vielf\u00e4ltigen Ans\u00e4tze und Forschungen, die an der Helmut Schmidt Universit\u00e4t zu diesem Themenfeld existieren, zu b\u00fcndeln, sichtbar zu machen und im Rahmen zuk\u00fcnftiger koordinierter gemeinsamer Projekte voranzutreiben.<\/p>\n<h3>WORKING PAPERS OPAL<\/h3>\n<p><a href=\"https:\/\/www.hsu-hh.de\/opal\/opal-working-papers\/\" target=\"_blank\" rel=\"noopener\"><img loading=\"lazy\" decoding=\"async\" class=\"alignnone wp-image-272 size-medium\" src=\"https:\/\/www.hsu-hh.de\/opal\/wp-content\/uploads\/sites\/810\/2018\/06\/OPAL_Working-Papers_R\u00fcckseite-212x300.jpg\" alt=\"Deckblatt Working Papers\" width=\"212\" height=\"300\" srcset=\"https:\/\/www.hsu-hh.de\/opal\/wp-content\/uploads\/sites\/810\/2018\/06\/OPAL_Working-Papers_R\u00fcckseite-212x300.jpg 212w, https:\/\/www.hsu-hh.de\/opal\/wp-content\/uploads\/sites\/810\/2018\/06\/OPAL_Working-Papers_R\u00fcckseite-768x1086.jpg 768w, https:\/\/www.hsu-hh.de\/opal\/wp-content\/uploads\/sites\/810\/2018\/06\/OPAL_Working-Papers_R\u00fcckseite-724x1024.jpg 724w\" sizes=\"auto, (max-width: 212px) 100vw, 212px\" \/><\/a><\/p>\n<p><a href=\"https:\/\/www.hsu-hh.de\/opal\/opal-working-papers\/\" target=\"_blank\" rel=\"noopener\">OPAL Working Papers No 1-20<\/a><\/p>\n<\/div>\n<\/div>\n<div>\n<div>\n<h3>PERIODIKA<\/h3>\n<p><a href=\"https:\/\/www.mrev.nomos.de\/#__utma=263112083.1391404032.1494496586.1494496586.1494921310.2&amp;__utmb=263112083.31.8.1494926788981&amp;__u\" rel='nofollow'>Management Revue<\/a><\/p>\n<p><a href=\"https:\/\/www.hogrefe.de\/produkte\/zeitschriften\/zeitschrift-fuer-arbeits-und-organisationspsychologie\" rel='nofollow'>Zeitschrift f\u00fcr Arbeits- und Organisationspsychologie<\/a><\/p>\n<p><a href=\"https:\/\/www.budrich-journals.de\/index.php\/indbez\" rel='nofollow'>Industrielle Beziehungen. Zeitschrift f\u00fcr Arbeit, Organisation und Management<\/a><\/p>\n<p><a href=\"http:\/\/hermes.hsu-hh.de\/sowifome\/\" rel='nofollow'>Sozialwissenschaftliche Forschungsmethoden<\/a><\/p>\n<p><a href=\"https:\/\/www.metropolis-verlag.de\/Reihen\/Jahrbuecher\/Oekonomie-und-Gesellschaft\/catalog.do\" rel='nofollow'>Jahrbuch \u00d6konomie und Gesellschaft<\/a><\/p>\n<p><a href=\"https:\/\/www.metropolis-verlag.de\/Reihen\/Jahrbuecher\/Oekonomie-und-Gesellschaft\/catalog.do\" rel='nofollow'><img loading=\"lazy\" decoding=\"async\" class=\"alignleft wp-image-850\" src=\"https:\/\/www.hsu-hh.de\/opal\/wp-content\/uploads\/sites\/810\/2019\/12\/Jahrbuch-187x300.jpeg\" alt=\"Jahrbuch\" width=\"180\" height=\"290\" data-credit=\"Metropolis\" srcset=\"https:\/\/www.hsu-hh.de\/opal\/wp-content\/uploads\/sites\/810\/2019\/12\/Jahrbuch-187x300.jpeg 187w, https:\/\/www.hsu-hh.de\/opal\/wp-content\/uploads\/sites\/810\/2019\/12\/Jahrbuch.jpeg 373w\" sizes=\"auto, (max-width: 180px) 100vw, 180px\" \/><\/a><\/p>\n<p><a href=\"http:\/\/hermes.hsu-hh.de\/sowifome\/\" rel='nofollow'><img loading=\"lazy\" decoding=\"async\" class=\"alignleft wp-image-835\" src=\"https:\/\/www.hsu-hh.de\/opal\/wp-content\/uploads\/sites\/810\/2019\/12\/Unbenannt-213x300.png\" alt=\"Sozialwissenschaftliche Forschungsmethoden\" width=\"180\" height=\"253\" data-credit=\"Rainer-Hampp-Verlag\" \/><\/a> <a href=\"https:\/\/www.mrev.nomos.de\/#__utma=263112083.1391404032.1494496586.1494496586.1494921310.2&amp;__utmb=263112083.31.8.1494926788981&amp;__u\" rel='nofollow'><img loading=\"lazy\" decoding=\"async\" class=\"alignleft wp-image-833\" src=\"https:\/\/www.hsu-hh.de\/opal\/wp-content\/uploads\/sites\/810\/2019\/12\/management-revue-e1575981750243.jpg\" alt=\"Management Revue\" width=\"180\" height=\"265\" data-credit=\"Nomos\" \/><\/a> <a href=\"https:\/\/www.budrich-journals.de\/index.php\/indbez\" rel='nofollow'><img loading=\"lazy\" decoding=\"async\" class=\"alignleft wp-image-832\" src=\"https:\/\/www.hsu-hh.de\/opal\/wp-content\/uploads\/sites\/810\/2019\/12\/homepageImage_de_DE-212x300.jpg\" alt=\"Industrielle Beziehungen. Zeitschrift f\u00fcr Arbeit, Organisation und Management\" width=\"180\" height=\"254\" data-credit=\"Budrich Journals\" \/><\/a> <a href=\"https:\/\/www.hogrefe.de\/produkte\/zeitschriften\/zeitschrift-fuer-arbeits-und-organisationspsychologie\" rel='nofollow'><img loading=\"lazy\" decoding=\"async\" class=\"alignleft wp-image-830\" src=\"https:\/\/www.hsu-hh.de\/opal\/wp-content\/uploads\/sites\/810\/2019\/12\/AO-225x300.png\" alt=\"Zeitschrift f\u00fcr Arbeits- und Organisationspsychologie\" width=\"180\" height=\"239\" data-credit=\"Hogrefe\" \/><\/a><\/p>\n<h3><\/h3>\n<h3><\/h3>\n<h3><\/h3>\n<h3><\/h3>\n<h3><\/h3>\n<h3><\/h3>\n<h3><\/h3>\n<h3><\/h3>\n<h3><\/h3>\n<h3><\/h3>\n<h3><\/h3>\n<h3>DTEC.Bw &#8211; Digitalisierungs- und Technologieforschung im Rahmen von OPAL<\/h3>\n<p>Organisation-Personal-Arbeit-Leadership (OPAL) untersucht die sozialen, politischen und \u00f6konomischen Fragen, die sich im Zuge der Globalisierung und Digitalisierung f\u00fcr die Bereiche Organisation, Personal, Arbeit und Leadership stellen.<\/p>\n<p><a href=\"https:\/\/www.hsu-hh.de\/opal\/forschung\/\">Crowdwork<\/a><\/p>\n<p>Projektleitung: <abbr title=\"Professor\">Prof.<\/abbr> <abbr title=\"Doktor\">Dr.<\/abbr> Karin B\u00fcchter, <abbr title=\"Professor\">Prof.<\/abbr> <abbr title=\"Doktor\">Dr.<\/abbr> Tobias Schl\u00f6mer<\/p>\n<p><a href=\"https:\/\/www.hsu-hh.de\/opal\/forschung\/\">PsyBeDig &#8211; Digitalisierung der psychosozialen Beratung im Feld der Familien- und Lebenshilfe<\/a><\/p>\n<p>Projektleitung: <abbr title=\"Professor\">Prof.<\/abbr> <abbr title=\"Doktor\">Dr.<\/abbr> Katharina Liebsch, <abbr title=\"Master of Science\">M.Sc.<\/abbr> Alexander Degel<\/p>\n<p><a href=\"https:\/\/www.hsu-hh.de\/opal\/forschung\/\">DigiTaKS* \u2013 Digitale Schl\u00fcsselkompetenzen f\u00fcr Studium und Beruf<\/a><\/p>\n<p>Projektleitung: <abbr title=\"Professor\">Prof.<\/abbr> <abbr title=\"Doktor\">Dr.<\/abbr> Sabine Schmidt\u00adLauff (Projektleitung) <abbr title=\"Doktor\">Dr.<\/abbr> J\u00f6rg Schwarz (Projektkoordination)<\/p>\n<p><a href=\"https:\/\/www.hsu-hh.de\/opal\/forschung\/\">Digital Leadership &amp; Health \u2013 Effektive und nachhaltige Nutzung von digitalen und virtuellen Arbeitsformen, Gesundheitsf\u00f6rderung und F\u00fchrung<\/a><\/p>\n<p>Projektleitung: <abbr title=\"Professor\">Prof.<\/abbr> <abbr title=\"Doktor\">Dr.<\/abbr> J\u00f6rg Felfe<\/p>\n<p><a href=\"https:\/\/www.hsu-hh.de\/opal\/forschung\/\">DiWoP- Digitalisierung in der freien Wohlfahrtspflege<\/a><\/p>\n<p>Projektleitung: <abbr title=\"Professor\">Prof.<\/abbr> <abbr title=\"Doktor\">Dr.<\/abbr> Tobias Scheytt, <abbr title=\"Doktor\">Dr.<\/abbr> Jaromir Junne<\/p>\n<p><a href=\"https:\/\/www.hsu-hh.de\/opal\/forschung\/\">SMASCH- Smarte Schulen<\/a><\/p>\n<p>Projektleitung: <abbr title=\"Professor\">Prof.<\/abbr> <abbr title=\"Doktor\">Dr.<\/abbr> Sigrid Hartong, <abbr title=\"Professor\">Prof.<\/abbr> <abbr title=\"Doktor\">Dr.<\/abbr> Tobias Scheytt<\/p>\n<p><a href=\"https:\/\/www.hsu-hh.de\/opal\/forschung\/\">Smarte Systeme &#8211; Smarte Systemarchitektur f\u00fcr kommunales E-Government<\/a><br \/>\nProjektleitung: <abbr title=\"Professor\">Prof.<\/abbr> <abbr title=\"Doktor\">Dr.<\/abbr> Gary Schaal, <abbr title=\"Professor\">Prof.<\/abbr> <abbr title=\"Doktor\">Dr.<\/abbr> Christina Schaefer<\/p>\n<p><a href=\"https:\/\/www.hsu-hh.de\/opal\/forschung\/\">Smart und agil, statt entleert und abgeh\u00e4ngt: Den digitalen Wandel im l\u00e4ndlichen Raum gestalten<\/a><br \/>\nProjektleitung: <abbr title=\"Professor\">Prof.<\/abbr> <abbr title=\"Doktor\">Dr.<\/abbr> Tanja Klenk, <abbr title=\"Professor\">Prof.<\/abbr> <abbr title=\"Doktor\">Dr.<\/abbr> Christina Schaefer<\/p>\n<p><a href=\"https:\/\/www.hsu-hh.de\/opal\/forschung\/\">SOEP-LEE2 &#8211; Die Betriebsbefragungen zum Sozio-oekonomischen Panel<\/a><\/p>\n<p>Projektleitung: <abbr title=\"Professor\">Prof.<\/abbr> <abbr title=\"Doktor\">Dr.<\/abbr> Wenzel Matiaske<\/p>\n<h3>EINE UNI &#8211; EIN BUCH<\/h3>\n<p>Ein Jahr haben wir gemeinsam im OPAL Netzwerk und der gesamten Universit\u00e4t das Buch &#8222;Das Unerwartete managen&#8220; von Karl E. Weick und Kathleen M. Sutcliffe gelesen. Eine \u00dcbersicht \u00fcber das Programm, Vortr\u00e4ge und weitere Informationen finden Sie <a href=\"https:\/\/www.hsu-hh.de\/opal\/eine-uni-ein-buch\/\">hier<\/a>.<\/p>\n<\/div>\n<\/div>\n","protected":false},"excerpt":{"rendered":"<p>Die Transformationen unserer Gesellschaft, die sich auf der Grundlage einer voranschreitenden Digitalisierung und Globalisierung vollziehen, ver\u00e4ndern nicht nur die klassischen Institutionen, sondern dar\u00fcber hinaus die Organisations- und Arbeitsweisen in einer [&hellip;]<\/p>\n","protected":false},"author":26,"featured_media":0,"parent":0,"menu_order":0,"comment_status":"closed","ping_status":"closed","template":"faculty.php","meta":{"footnotes":""},"categories":[35],"tags":[],"class_list":["post-73","page","type-page","status-publish","hentry","category-startseite"],"_links":{"self":[{"href":"https:\/\/www.hsu-hh.de\/opal\/wp-json\/wp\/v2\/pages\/73","targetHints":{"allow":["GET"]}}],"collection":[{"href":"https:\/\/www.hsu-hh.de\/opal\/wp-json\/wp\/v2\/pages"}],"about":[{"href":"https:\/\/www.hsu-hh.de\/opal\/wp-json\/wp\/v2\/types\/page"}],"author":[{"embeddable":true,"href":"https:\/\/www.hsu-hh.de\/opal\/wp-json\/wp\/v2\/users\/26"}],"replies":[{"embeddable":true,"href":"https:\/\/www.hsu-hh.de\/opal\/wp-json\/wp\/v2\/comments?post=73"}],"version-history":[{"count":161,"href":"https:\/\/www.hsu-hh.de\/opal\/wp-json\/wp\/v2\/pages\/73\/revisions"}],"predecessor-version":[{"id":1305,"href":"https:\/\/www.hsu-hh.de\/opal\/wp-json\/wp\/v2\/pages\/73\/revisions\/1305"}],"wp:attachment":[{"href":"https:\/\/www.hsu-hh.de\/opal\/wp-json\/wp\/v2\/media?parent=73"}],"wp:term":[{"taxonomy":"category","embeddable":true,"href":"https:\/\/www.hsu-hh.de\/opal\/wp-json\/wp\/v2\/categories?post=73"},{"taxonomy":"post_tag","embeddable":true,"href":"https:\/\/www.hsu-hh.de\/opal\/wp-json\/wp\/v2\/tags?post=73"}],"curies":[{"name":"wp","href":"https:\/\/api.w.org\/{rel}","templated":true}]}}