{"id":311,"date":"2021-10-06T13:24:15","date_gmt":"2021-10-06T11:24:15","guid":{"rendered":"https:\/\/www.hsu-hh.de\/oeffrecht\/?page_id=311"},"modified":"2026-03-27T12:13:16","modified_gmt":"2026-03-27T11:13:16","slug":"lehre","status":"publish","type":"page","link":"https:\/\/www.hsu-hh.de\/oeffrecht\/lehre\/","title":{"rendered":"Lehre"},"content":{"rendered":"\n<h2 class=\"wp-block-heading\"><strong>Fr\u00fchjahrstrimester 2026<\/strong><\/h2>\n\n\n\n<p><\/p>\n\n\n\n<p>Dozent: <abbr title=\"Professor\">Prof.<\/abbr> <abbr title=\"Doktor\">Dr.<\/abbr> Armin von Weschpfennig<\/p>\n\n\n\n<ul class=\"wp-block-list\">\n<li>Umweltrecht (WS22J32) \/ \u00d6ffentliches Umweltrecht (BWI0606)\n<ul class=\"wp-block-list\">\n<li>Dienstags: 14:00 &#8211; 15:30 Uhr (Hauptgeb\u00e4ude H01 &#8211; H\u00f6rsaal 2)<\/li>\n<\/ul>\n<\/li>\n<\/ul>\n\n\n\n<p><\/p>\n\n\n\n<ul class=\"wp-block-list\">\n<li>\u00d6ffentliches Wirtschaftsrecht: Vergaberecht, Beihilfenrecht und Recht der \u00f6ffentlichen Unternehmen (WS15J05)\n<ul class=\"wp-block-list\">\n<li>Dienstags: 17:30 &#8211; 19:00 Uhr (Hauptgeb\u00e4ude H01 &#8211; Seminarraum 0405\/0406)<br>&nbsp;<\/li>\n<\/ul>\n<\/li>\n<\/ul>\n\n\n\n<p>Weitergehende Informationen zu unseren Lehrveranstaltungen finden Sie im&nbsp;<a href=\"https:\/\/campus.hsu-hh.de\/qisserver\/rds?state=user&amp;type=0\" target=\"_blank\" rel=\"noreferrer noopener\">Campus-Management-System<\/a> (Anmeldung erforderlich).<\/p>\n\n\n\n<h5 class=\"wp-block-heading\">Wintertrimester 2026<\/h5>\n\n\n\n<div style=\"height:12px\" aria-hidden=\"true\" class=\"wp-block-spacer\"><\/div>\n\n\n\n<p>Dozent: <abbr title=\"Professor\">Prof.<\/abbr> <abbr title=\"Doktor\">Dr.<\/abbr> Armin von Weschpfennig<\/p>\n\n\n\n<ul class=\"wp-block-list\">\n<li>Beamtenrecht (WS12J06)\n<ul class=\"wp-block-list\">\n<li>Donnerstags: 11:30 \u2013 13:00 Uhr (Hauptgeb\u00e4ude H01 &#8211; Seminarraum 0101\/0103)<\/li>\n<\/ul>\n<\/li>\n<\/ul>\n\n\n\n<p><\/p>\n\n\n\n<div style=\"height:19px\" aria-hidden=\"true\" class=\"wp-block-spacer\"><\/div>\n\n\n\n<p class=\"has-medium-font-size\"><strong>Herbsttrimester 2025<\/strong><\/p>\n\n\n\n<div style=\"height:19px\" aria-hidden=\"true\" class=\"wp-block-spacer\"><\/div>\n\n\n\n<p>Dozent: <abbr title=\"Professor\">Prof.<\/abbr> <abbr title=\"Doktor\">Dr.<\/abbr> Armin von Weschpfennig<\/p>\n\n\n\n<ul class=\"wp-block-list\">\n<li>Vergaberecht, Beihilferecht, Recht der \u00f6ffentlichen Unternehmen (WS12J05)\n<ul class=\"wp-block-list\">\n<li>Mittwochs: 8:00 &#8211; 9:30 Uhr (Hauptgeb\u00e4ude H01 &#8211; Seminarraum 0301\/0303)<\/li>\n<\/ul>\n<\/li>\n<\/ul>\n\n\n\n<p><\/p>\n\n\n\n<ul class=\"wp-block-list\">\n<li>Staatsrecht I: Staatsorganisationrecht (WS11J10)\n<ul class=\"wp-block-list\">\n<li>Mittwochs: 9:45 &#8211; 11:15 Uhr (Hauptgeb\u00e4ude H01 &#8211; Seminarraum 0401\/0402)<\/li>\n\n\n\n<li>Mittwochs: 15:45 &#8211; 17:15 Uhr (Hauptgeb\u00e4ude H01 &#8211; Komplexraum 2006)<\/li>\n<\/ul>\n<\/li>\n<\/ul>\n\n\n\n<div style=\"height:26px\" aria-hidden=\"true\" class=\"wp-block-spacer\"><\/div>\n\n\n\n<p>Dozent: Ass. iur. Konstantin Scholz<\/p>\n\n\n\n<ul class=\"wp-block-list\">\n<li>\u00dcbung Staatsrecht I: Staatsorganisationrecht (WS11J10), Gruppe 2 \n<ul class=\"wp-block-list\">\n<li>Mittwochs: 17:30 &#8211; 19:00 Uhr (Hauptgeb\u00e4ude H01 &#8211; Komplexraum 2006)<\/li>\n<\/ul>\n<\/li>\n<\/ul>\n\n\n\n<div style=\"height:26px\" aria-hidden=\"true\" class=\"wp-block-spacer\"><\/div>\n\n\n\n<p>Dozentin: Ass. iur. Sophia Scholz<\/p>\n\n\n\n<ul class=\"wp-block-list\">\n<li>\u00dcbung Staatsrecht I: Staatsorganisationrecht (WS11J10), Gruppe 1\n<ul class=\"wp-block-list\">\n<li>Donnerstags: 9:45 &#8211; 11:15 Uhr (Hauptgeb\u00e4ude H01 &#8211; Seminarraum 0301\/0303)<\/li>\n<\/ul>\n<\/li>\n<\/ul>\n\n\n\n<div style=\"height:26px\" aria-hidden=\"true\" class=\"wp-block-spacer\"><\/div>\n\n\n\n<div style=\"height:19px\" aria-hidden=\"true\" class=\"wp-block-spacer\"><\/div>\n\n\n\n<p class=\"has-medium-font-size\"><strong>Fr\u00fchjahrstrimester 2025<\/strong><\/p>\n\n\n\n<div style=\"height:14px\" aria-hidden=\"true\" class=\"wp-block-spacer\"><\/div>\n\n\n\n<p>Dozent: <abbr title=\"Professor\">Prof.<\/abbr> <abbr title=\"Doktor\">Dr.<\/abbr> Armin von Weschpfennig<\/p>\n\n\n\n<div style=\"height:2px\" aria-hidden=\"true\" class=\"wp-block-spacer\"><\/div>\n\n\n\n<ul class=\"wp-block-list\">\n<li>Umweltrecht (WS22J32)\/\u00d6ffentliches Umweltrecht (BWI0606)\n<ul class=\"wp-block-list\">\n<li>Dienstags: 14:00 &#8211; 15:30 Uhr (Aulageb\u00e4ude &#8211; Aula Raum 2)<\/li>\n<\/ul>\n<\/li>\n<\/ul>\n\n\n\n<p><\/p>\n\n\n\n<ul class=\"wp-block-list\">\n<li>Staatshaftungsrecht (WS12J08)\n<ul class=\"wp-block-list\">\n<li>Mittwochs: 9:45 &#8211; 11:15 Uhr (Hauptgeb\u00e4ude H01 &#8211; Seminarraum 0105)<\/li>\n<\/ul>\n<\/li>\n<\/ul>\n\n\n\n<p><\/p>\n\n\n\n<ul class=\"wp-block-list\">\n<li>Finanzrecht in der \u00f6ffentlichen Verwaltung (WS13J07)\n<ul class=\"wp-block-list\">\n<li>Mittwochs: 11:30 &#8211; 13:00 Uhr (Hauptgeb\u00e4ude H01 &#8211; Seminarraum 0105)<\/li>\n<\/ul>\n<\/li>\n<\/ul>\n\n\n\n<div style=\"height:26px\" aria-hidden=\"true\" class=\"wp-block-spacer\"><\/div>\n\n\n\n<p>Dozent: Ass. iur. Sven Fischer<\/p>\n\n\n\n<ul class=\"wp-block-list\">\n<li>\u00d6ffentliches Wirtschaftsrecht: Allgemeines Verwaltungsrecht (WS15J05)\n<ul class=\"wp-block-list\">\n<li>Montags: 8:00 &#8211; 9:30 Uhr (Hauptgeb\u00e4ude H01 &#8211; H\u00f6rsaal 2)<\/li>\n<\/ul>\n<\/li>\n<\/ul>\n\n\n\n<div style=\"height:31px\" aria-hidden=\"true\" class=\"wp-block-spacer\"><\/div>\n\n\n\n<div style=\"height:0px\" aria-hidden=\"true\" class=\"wp-block-spacer\"><\/div>\n\n\n\n<p class=\"has-medium-font-size\"><strong>Wintertrimester 2025<\/strong><\/p>\n\n\n\n<ul class=\"wp-block-list\">\n<li>Vorlesung: Grundz\u00fcge des \u00d6ffentlichen Wirtschaftsrechts (WS15J02)\n<ul class=\"wp-block-list\">\n<li>Dienstags: 15:45 &#8211; 17:15 Uhr (Hauptgeb\u00e4ude H01 &#8211; H\u00f6rsaal 2)\n<ul class=\"wp-block-list\">\n<li>Dozent: Max Lang-Lajend\u00e4cker<\/li>\n<\/ul>\n<\/li>\n<\/ul>\n<\/li>\n<\/ul>\n\n\n\n<div style=\"height:19px\" aria-hidden=\"true\" class=\"wp-block-spacer\"><\/div>\n\n\n\n<ul class=\"wp-block-list\">\n<li>\u00dcbung (ab 17.02.25, ausgenommen: 10.03.25): Begleitkurs Grundz\u00fcge des \u00d6ffentlichen Wirtschaftsrechts (WS15J02)\n<ul class=\"wp-block-list\">\n<li>Montags: 17:30 &#8211; 19:00 Uhr (Hauptgeb\u00e4ude H01 &#8211; H\u00f6rsaal 1)\n<ul class=\"wp-block-list\">\n<li>Dozent: Sven Fischer<\/li>\n<\/ul>\n<\/li>\n<\/ul>\n<\/li>\n<\/ul>\n\n\n\n<div style=\"height:22px\" aria-hidden=\"true\" class=\"wp-block-spacer\"><\/div>\n\n\n\n<div style=\"height:11px\" aria-hidden=\"true\" class=\"wp-block-spacer\"><\/div>\n\n\n\n<p class=\"has-medium-font-size\"><strong>Herbsttrimester 2024<\/strong><\/p>\n\n\n\n<p>In diesem Trimester werden seitens unseres Lehrstuhls keine Lehrveranstaltungen angeboten.<\/p>\n\n\n\n<div style=\"height:17px\" aria-hidden=\"true\" class=\"wp-block-spacer\"><\/div>\n\n\n\n<p class=\"has-medium-font-size\"><strong>Fr\u00fchjahrstrimester 2024<\/strong><\/p>\n\n\n\n<div style=\"height:0px\" aria-hidden=\"true\" class=\"wp-block-spacer\"><\/div>\n\n\n\n<ul class=\"wp-block-list\">\n<li>Baurecht (WS12J11)\n<ul class=\"wp-block-list\">\n<li>Dienstag: 11:30 &#8211; 13:00 Uhr (Hauptgeb\u00e4ude H01 &#8211; Seminarraum 0301\/0303)<\/li>\n<\/ul>\n<\/li>\n<\/ul>\n\n\n\n<ul class=\"wp-block-list\">\n<li>\u00d6ffentliches Wirtschaftsrecht: Vergaberecht, Beihilfenrecht und Recht der \u00f6ffentlichen Unternehmen (WS15J05)\n<ul class=\"wp-block-list\">\n<li>Dienstag: 17:30 &#8211; 19:00 Uhr (Hauptgeb\u00e4ude H01 &#8211; Seminarraum 0101\/0103)<\/li>\n<\/ul>\n<\/li>\n<\/ul>\n\n\n\n<ul class=\"wp-block-list\">\n<li>Staatshaftungsrecht (WS12J08)\n<ul class=\"wp-block-list\">\n<li>Mittwoch: 09:45 &#8211; 11:15 Uhr (Hauptgeb\u00e4ude H01 &#8211; Seminarraum 0105)<\/li>\n<\/ul>\n<\/li>\n<\/ul>\n\n\n\n<ul class=\"wp-block-list\">\n<li>Finanzrecht in der \u00f6ffentlichen Verwaltung (WS13J07)\n<ul class=\"wp-block-list\">\n<li>Mittwoch: 11:30 &#8211; 13:00 Uhr (Hauptgeb\u00e4ude H01 &#8211; Seminarraum 0105)<\/li>\n<\/ul>\n<\/li>\n<\/ul>\n\n\n\n<div style=\"height:24px\" aria-hidden=\"true\" class=\"wp-block-spacer\"><\/div>\n\n\n\n<p class=\"has-medium-font-size\"><strong>Wintertrimester 2024<\/strong><\/p>\n\n\n\n<div style=\"height:0px\" aria-hidden=\"true\" class=\"wp-block-spacer\"><\/div>\n\n\n\n<ul class=\"wp-block-list\">\n<li>Wirtschaftsrecht: Grundz\u00fcge des \u00d6ffentlichen Wirtschaftsrechts (WS15J02)&nbsp;\n<ul class=\"wp-block-list\">\n<li>Dienstag: 15:45 &#8211; 17:15 Uhr (Hauptgeb\u00e4ude H01\/H\u00f6rsaal 2)<\/li>\n<\/ul>\n<\/li>\n<\/ul>\n\n\n\n<ul class=\"wp-block-list\">\n<li>Beamtenrecht (WS12J06)&nbsp;\n<ul class=\"wp-block-list\">\n<li>Mittwoch: 11:30 &#8211; 13:00 Uhr (Hauptgeb\u00e4ude H01\/Seminarraum 0110)<\/li>\n<\/ul>\n<\/li>\n<\/ul>\n\n\n\n<ul class=\"wp-block-list\">\n<li>Verwaltungsrecht Allgemeiner Teil II (WS12J04)\n<ul class=\"wp-block-list\">\n<li>Mittwoch: 15:45 &#8211; 17:15 Uhr (Hauptgeb\u00e4ude H01\/Seminarraum 0301\/0303)<\/li>\n<\/ul>\n<\/li>\n<\/ul>\n\n\n\n<div style=\"height:0px\" aria-hidden=\"true\" class=\"wp-block-spacer\"><\/div>\n\n\n\n<div style=\"height:27px\" aria-hidden=\"true\" class=\"wp-block-spacer\"><\/div>\n\n\n\n<p class=\"has-medium-font-size\"><strong>Herbsttrimester 2023<\/strong><\/p>\n\n\n\n<div style=\"height:7px\" aria-hidden=\"true\" class=\"wp-block-spacer\"><\/div>\n\n\n\n<div style=\"height:0px\" aria-hidden=\"true\" class=\"wp-block-spacer\"><\/div>\n\n\n\n<ul class=\"wp-block-list\">\n<li>Verwaltungsrecht Allgemeiner Teil I (WS12J04)\n<ul class=\"wp-block-list\">\n<li>Donnerstag: 11:30 &#8211; 13:00 Uhr (RV\/Seminarraum 1E130)<\/li>\n<\/ul>\n<\/li>\n<\/ul>\n\n\n\n<ul class=\"wp-block-list\">\n<li>Europ\u00e4isches Wirtschaftsrecht II: Vertiefung (WS22J04)&nbsp;\n<ul class=\"wp-block-list\">\n<li>Mittwoch: 11:30 &#8211; 13:00 Uhr (Hauptgeb\u00e4ude H01\/Seminarraum 0401\/0402)<\/li>\n<\/ul>\n<\/li>\n<\/ul>\n\n\n\n<ul class=\"wp-block-list\">\n<li>Grundz\u00fcge Staats- und Verfassungsrecht (Teil 1 des zweitrimestrigen ISA-Moduls 00530)&nbsp;\n<ul class=\"wp-block-list\">\n<li>Mittwoch: 15:45 &#8211; 17:15 Uhr<\/li>\n<\/ul>\n<\/li>\n<\/ul>\n\n\n\n<div style=\"height:0px\" aria-hidden=\"true\" class=\"wp-block-spacer\"><\/div>\n\n\n\n<div style=\"height:22px\" aria-hidden=\"true\" class=\"wp-block-spacer\"><\/div>\n\n\n\n<p class=\"has-medium-font-size\"><strong>Fr\u00fchjahrstrimester 2023<\/strong><\/p>\n\n\n\n<div style=\"height:0px\" aria-hidden=\"true\" class=\"wp-block-spacer\"><\/div>\n\n\n\n<ul class=\"wp-block-list\">\n<li>\u00d6ffentliches Wirtschaftsrecht: Vergaberecht, Beihilfenrecht und Recht der \u00f6ffentlichen Unternehmen (WS15J05)\n<ul class=\"wp-block-list\">\n<li>Dienstag: 15:45 &#8211; 17:15 Uhr (Hauptgeb\u00e4ude H01\/H\u00f6rsaal 2)<\/li>\n<\/ul>\n<\/li>\n<\/ul>\n\n\n\n<ul class=\"wp-block-list\">\n<li>\u00d6ffentliches Wirtschaftsrecht: Allgemeines Verwaltungsrecht (WS15J05)\n<ul class=\"wp-block-list\">\n<li>Dienstag: 17:30 &#8211; 19:00 Uhr (Hauptgeb\u00e4ude H01\/H\u00f6rsaal 2)<\/li>\n<\/ul>\n<\/li>\n<\/ul>\n\n\n\n<ul class=\"wp-block-list\">\n<li>Finanzrecht in der \u00f6ffentlichen Verwaltung (WS13J07)\n<ul class=\"wp-block-list\">\n<li>Mittwoch: 11:30 &#8211; 13:00 Uhr (Hauptgeb\u00e4ude H01\/Seminarraum 0108)<\/li>\n<\/ul>\n<\/li>\n<\/ul>\n\n\n\n<ul class=\"wp-block-list\">\n<li>Staatshaftungsrecht (WS12J08)&nbsp;\n<ul class=\"wp-block-list\">\n<li>Donnerstag: 11:30 &#8211; 13:00 Uhr (Hauptgeb\u00e4ude H01\/Seminarraum 0108)<\/li>\n<\/ul>\n<\/li>\n<\/ul>\n\n\n\n<div style=\"height:29px\" aria-hidden=\"true\" class=\"wp-block-spacer\"><\/div>\n\n\n\n<p class=\"has-medium-font-size\"><strong>Wintertrimester 2023<\/strong><\/p>\n\n\n\n<div style=\"height:0px\" aria-hidden=\"true\" class=\"wp-block-spacer\"><\/div>\n\n\n\n<ul class=\"wp-block-list\">\n<li>Wirtschaftsrecht: Grundz\u00fcge des \u00d6ffentlichen Wirtschaftsrechts (WS15J02)\n<ul class=\"wp-block-list\">\n<li>Dienstag: 15:45 &#8211; 17:15 Uhr (Hauptgeb\u00e4ude H01\/H\u00f6rsaal 2)<\/li>\n<\/ul>\n<\/li>\n<\/ul>\n\n\n\n<ul class=\"wp-block-list\">\n<li>Beamtenrecht (WS12J06)\n<ul class=\"wp-block-list\">\n<li>Mittwoch: 14:00 &#8211; 15:30 Uhr (Aulageb\u00e4ude\/Aula Raum 2)<\/li>\n<\/ul>\n<\/li>\n<\/ul>\n\n\n\n<ul class=\"wp-block-list\">\n<li>Verwaltungsrecht Allgemeiner Teil II (WS12J04)\n<ul class=\"wp-block-list\">\n<li>Donnerstag: 9:45 &#8211; 11:15 Uhr (Hauptgeb\u00e4ude H01\/Seminarraum 0401\/0402)<\/li>\n<\/ul>\n<\/li>\n<\/ul>\n\n\n\n<div style=\"height:23px\" aria-hidden=\"true\" class=\"wp-block-spacer\"><\/div>\n","protected":false},"excerpt":{"rendered":"<p>Fr\u00fchjahrstrimester 2026 Dozent: Prof. Dr. Armin von Weschpfennig Weitergehende Informationen zu unseren Lehrveranstaltungen finden Sie im&nbsp;Campus-Management-System (Anmeldung erforderlich). Wintertrimester 2026 Dozent: Prof. Dr. Armin von Weschpfennig Herbsttrimester 2025 Dozent: Prof. [&hellip;]<\/p>\n","protected":false},"author":2755,"featured_media":0,"parent":0,"menu_order":0,"comment_status":"closed","ping_status":"closed","template":"","meta":{"footnotes":""},"categories":[6],"tags":[],"class_list":["post-311","page","type-page","status-publish","hentry","category-lehre"],"_links":{"self":[{"href":"https:\/\/www.hsu-hh.de\/oeffrecht\/wp-json\/wp\/v2\/pages\/311","targetHints":{"allow":["GET"]}}],"collection":[{"href":"https:\/\/www.hsu-hh.de\/oeffrecht\/wp-json\/wp\/v2\/pages"}],"about":[{"href":"https:\/\/www.hsu-hh.de\/oeffrecht\/wp-json\/wp\/v2\/types\/page"}],"author":[{"embeddable":true,"href":"https:\/\/www.hsu-hh.de\/oeffrecht\/wp-json\/wp\/v2\/users\/2755"}],"replies":[{"embeddable":true,"href":"https:\/\/www.hsu-hh.de\/oeffrecht\/wp-json\/wp\/v2\/comments?post=311"}],"version-history":[{"count":49,"href":"https:\/\/www.hsu-hh.de\/oeffrecht\/wp-json\/wp\/v2\/pages\/311\/revisions"}],"predecessor-version":[{"id":1325,"href":"https:\/\/www.hsu-hh.de\/oeffrecht\/wp-json\/wp\/v2\/pages\/311\/revisions\/1325"}],"wp:attachment":[{"href":"https:\/\/www.hsu-hh.de\/oeffrecht\/wp-json\/wp\/v2\/media?parent=311"}],"wp:term":[{"taxonomy":"category","embeddable":true,"href":"https:\/\/www.hsu-hh.de\/oeffrecht\/wp-json\/wp\/v2\/categories?post=311"},{"taxonomy":"post_tag","embeddable":true,"href":"https:\/\/www.hsu-hh.de\/oeffrecht\/wp-json\/wp\/v2\/tags?post=311"}],"curies":[{"name":"wp","href":"https:\/\/api.w.org\/{rel}","templated":true}]}}