{"id":1058,"date":"2025-03-24T10:22:30","date_gmt":"2025-03-24T09:22:30","guid":{"rendered":"https:\/\/www.hsu-hh.de\/oeffrecht\/?page_id=1058"},"modified":"2025-03-24T11:14:41","modified_gmt":"2025-03-24T10:14:41","slug":"malte-joosten","status":"publish","type":"page","link":"https:\/\/www.hsu-hh.de\/oeffrecht\/mitarbeiter\/malte-joosten\/","title":{"rendered":"Malte Joosten"},"content":{"rendered":"\n<p><\/p>\n\n\n\n<figure class=\"wp-block-image size-large is-resized\"><img loading=\"lazy\" decoding=\"async\" width=\"1024\" height=\"1020\" src=\"https:\/\/www.hsu-hh.de\/oeffrecht\/wp-content\/uploads\/sites\/849\/2025\/01\/HSU_Bild_Malte-Joosten-1024x1020.jpg\" data-credit=\"Joosten\" alt=\"\" class=\"wp-image-927\" style=\"width:202px;height:auto\" srcset=\"https:\/\/www.hsu-hh.de\/oeffrecht\/wp-content\/uploads\/sites\/849\/2025\/01\/HSU_Bild_Malte-Joosten-1024x1020.jpg 1024w, https:\/\/www.hsu-hh.de\/oeffrecht\/wp-content\/uploads\/sites\/849\/2025\/01\/HSU_Bild_Malte-Joosten-300x300.jpg 300w, https:\/\/www.hsu-hh.de\/oeffrecht\/wp-content\/uploads\/sites\/849\/2025\/01\/HSU_Bild_Malte-Joosten-150x150.jpg 150w, https:\/\/www.hsu-hh.de\/oeffrecht\/wp-content\/uploads\/sites\/849\/2025\/01\/HSU_Bild_Malte-Joosten-768x765.jpg 768w, https:\/\/www.hsu-hh.de\/oeffrecht\/wp-content\/uploads\/sites\/849\/2025\/01\/HSU_Bild_Malte-Joosten-1536x1530.jpg 1536w, https:\/\/www.hsu-hh.de\/oeffrecht\/wp-content\/uploads\/sites\/849\/2025\/01\/HSU_Bild_Malte-Joosten-2048x2040.jpg 2048w, https:\/\/www.hsu-hh.de\/oeffrecht\/wp-content\/uploads\/sites\/849\/2025\/01\/HSU_Bild_Malte-Joosten-100x100.jpg 100w, https:\/\/www.hsu-hh.de\/oeffrecht\/wp-content\/uploads\/sites\/849\/2025\/01\/HSU_Bild_Malte-Joosten-1100x1096.jpg 1100w\" sizes=\"auto, (max-width: 1024px) 100vw, 1024px\" \/><\/figure>\n\n\n\n<p>Malte Joosten studiert Jura an der Bucerius Law School. Sein Auslandssemester verbrachte er an der TC Beirne School of Law der University of Queensland in Brisbane, Queensland, Australien.<\/p>\n\n\n\n<p>Neben seinem Studium nimmt er gerne an Moot Courts teil, insbesondere wirkte er am Soldan Moot Court (anwaltliches Berufs- und Zivilrecht) sowie&nbsp;am Hamburger Criminal Law Moot (Straf- und Strafprozessrecht) mit. Er ist au\u00dferdem Stipendiat der Studienstiftung des deutschen Volkes. <\/p>\n\n\n\n<p>In seiner Freizeit engagiert er sich als Fu\u00dfballschiedsrichter und trainiert sonst in jeder freien Minute f\u00fcr seinen n\u00e4chsten Marathon.<\/p>\n","protected":false},"excerpt":{"rendered":"<p>Malte Joosten studiert Jura an der Bucerius Law School. Sein Auslandssemester verbrachte er an der TC Beirne School of Law der University of Queensland in Brisbane, Queensland, Australien. Neben seinem [&hellip;]<\/p>\n","protected":false},"author":3439,"featured_media":0,"parent":417,"menu_order":0,"comment_status":"closed","ping_status":"closed","template":"","meta":{"footnotes":""},"categories":[8],"tags":[],"class_list":["post-1058","page","type-page","status-publish","hentry","category-team"],"_links":{"self":[{"href":"https:\/\/www.hsu-hh.de\/oeffrecht\/wp-json\/wp\/v2\/pages\/1058","targetHints":{"allow":["GET"]}}],"collection":[{"href":"https:\/\/www.hsu-hh.de\/oeffrecht\/wp-json\/wp\/v2\/pages"}],"about":[{"href":"https:\/\/www.hsu-hh.de\/oeffrecht\/wp-json\/wp\/v2\/types\/page"}],"author":[{"embeddable":true,"href":"https:\/\/www.hsu-hh.de\/oeffrecht\/wp-json\/wp\/v2\/users\/3439"}],"replies":[{"embeddable":true,"href":"https:\/\/www.hsu-hh.de\/oeffrecht\/wp-json\/wp\/v2\/comments?post=1058"}],"version-history":[{"count":4,"href":"https:\/\/www.hsu-hh.de\/oeffrecht\/wp-json\/wp\/v2\/pages\/1058\/revisions"}],"predecessor-version":[{"id":1090,"href":"https:\/\/www.hsu-hh.de\/oeffrecht\/wp-json\/wp\/v2\/pages\/1058\/revisions\/1090"}],"up":[{"embeddable":true,"href":"https:\/\/www.hsu-hh.de\/oeffrecht\/wp-json\/wp\/v2\/pages\/417"}],"wp:attachment":[{"href":"https:\/\/www.hsu-hh.de\/oeffrecht\/wp-json\/wp\/v2\/media?parent=1058"}],"wp:term":[{"taxonomy":"category","embeddable":true,"href":"https:\/\/www.hsu-hh.de\/oeffrecht\/wp-json\/wp\/v2\/categories?post=1058"},{"taxonomy":"post_tag","embeddable":true,"href":"https:\/\/www.hsu-hh.de\/oeffrecht\/wp-json\/wp\/v2\/tags?post=1058"}],"curies":[{"name":"wp","href":"https:\/\/api.w.org\/{rel}","templated":true}]}}