{"id":1055,"date":"2025-03-24T10:19:53","date_gmt":"2025-03-24T09:19:53","guid":{"rendered":"https:\/\/www.hsu-hh.de\/oeffrecht\/?page_id=1055"},"modified":"2025-03-24T10:59:00","modified_gmt":"2025-03-24T09:59:00","slug":"pia-frommer","status":"publish","type":"page","link":"https:\/\/www.hsu-hh.de\/oeffrecht\/mitarbeiter\/pia-frommer\/","title":{"rendered":"Pia Frommer"},"content":{"rendered":"\n<p>Pia Frommer hat 2021-2023 an der Universit\u00e4t Konstanz Rechtswissenschaft studiert und dort ihre Zwischenpr\u00fcfung abgelegt. <\/p>\n\n\n\n<p>Seit 2023 setzt sie ihr Studium der Rechtswissenschaft an der Universit\u00e4t Hamburg fort und belegt hier ihren Schwerpunkt im Europa- und V\u00f6lkerrecht. Im Rahmen des Erasmusprogramms verbrachte sie ein Semester an der Istanbul \u00dcniversitesi.<\/p>\n\n\n\n<p>Sie engagiert sich ehrenamtlich bei der Refugee Law Clinic, ihre Freizeit verbringt sie in Caf\u00e9s beim Lesen und beim Sport.<\/p>\n","protected":false},"excerpt":{"rendered":"<p>Pia Frommer hat 2021-2023 an der Universit\u00e4t Konstanz Rechtswissenschaft studiert und dort ihre Zwischenpr\u00fcfung abgelegt. Seit 2023 setzt sie ihr Studium der Rechtswissenschaft an der Universit\u00e4t Hamburg fort und belegt [&hellip;]<\/p>\n","protected":false},"author":3439,"featured_media":0,"parent":417,"menu_order":0,"comment_status":"closed","ping_status":"closed","template":"","meta":{"footnotes":""},"categories":[8],"tags":[],"class_list":["post-1055","page","type-page","status-publish","hentry","category-team"],"_links":{"self":[{"href":"https:\/\/www.hsu-hh.de\/oeffrecht\/wp-json\/wp\/v2\/pages\/1055","targetHints":{"allow":["GET"]}}],"collection":[{"href":"https:\/\/www.hsu-hh.de\/oeffrecht\/wp-json\/wp\/v2\/pages"}],"about":[{"href":"https:\/\/www.hsu-hh.de\/oeffrecht\/wp-json\/wp\/v2\/types\/page"}],"author":[{"embeddable":true,"href":"https:\/\/www.hsu-hh.de\/oeffrecht\/wp-json\/wp\/v2\/users\/3439"}],"replies":[{"embeddable":true,"href":"https:\/\/www.hsu-hh.de\/oeffrecht\/wp-json\/wp\/v2\/comments?post=1055"}],"version-history":[{"count":3,"href":"https:\/\/www.hsu-hh.de\/oeffrecht\/wp-json\/wp\/v2\/pages\/1055\/revisions"}],"predecessor-version":[{"id":1156,"href":"https:\/\/www.hsu-hh.de\/oeffrecht\/wp-json\/wp\/v2\/pages\/1055\/revisions\/1156"}],"up":[{"embeddable":true,"href":"https:\/\/www.hsu-hh.de\/oeffrecht\/wp-json\/wp\/v2\/pages\/417"}],"wp:attachment":[{"href":"https:\/\/www.hsu-hh.de\/oeffrecht\/wp-json\/wp\/v2\/media?parent=1055"}],"wp:term":[{"taxonomy":"category","embeddable":true,"href":"https:\/\/www.hsu-hh.de\/oeffrecht\/wp-json\/wp\/v2\/categories?post=1055"},{"taxonomy":"post_tag","embeddable":true,"href":"https:\/\/www.hsu-hh.de\/oeffrecht\/wp-json\/wp\/v2\/tags?post=1055"}],"curies":[{"name":"wp","href":"https:\/\/api.w.org\/{rel}","templated":true}]}}