{"id":1046,"date":"2025-03-24T10:12:51","date_gmt":"2025-03-24T09:12:51","guid":{"rendered":"https:\/\/www.hsu-hh.de\/oeffrecht\/?page_id=1046"},"modified":"2026-01-07T16:57:05","modified_gmt":"2026-01-07T15:57:05","slug":"sophia-scholz","status":"publish","type":"page","link":"https:\/\/www.hsu-hh.de\/oeffrecht\/mitarbeiter\/sophia-scholz\/","title":{"rendered":"Sophia Scholz"},"content":{"rendered":"\n<p>Professur f\u00fcr \u00d6ffentliches Recht<br>Campus Nord, Raum 2E 142<br>Friedrich-Ebert-Damm 245<br>22159&nbsp;Hamburg<br>T: +49 (0)40 6541 4586<br>E: <a href=\"mailto:scholzso@hsu-hh.de\" rel='nofollow'>scholzso@hsu-hh.de<\/a><\/p>\n\n\n\n<div style=\"height:10px\" aria-hidden=\"true\" class=\"wp-block-spacer\"><\/div>\n\n\n\n<p>Sophia Scholz studierte Rechtswissenschaft an der Universit\u00e4t Hamburg mit dem Schwerpunkt V\u00f6lker- und Europarecht, welchen sie mit einer Arbeit zur Telekommunikationsstandardisierung im Rahmen der europ\u00e4ischen Integration abschloss. Neben dem Studium war sie in einer internationalen Gro\u00dfkanzlei im Kartell- und Restrukturierungsrecht t\u00e4tig.<\/p>\n\n\n\n<p>Ihr zweites Staatsexamen absolvierte sie 2025 nach dem juristischen Vorbereitungsdienst am Hanseatischen Oberlandesgericht in Hamburg. In diesem Rahmen war sie unter anderem beim Verwaltungsgericht Hamburg sowie in einer Rechtsanwaltskanzlei mit Schwerpunkt im Immobilien- und Baurecht t\u00e4tig.<\/p>\n\n\n\n<p>Seit M\u00e4rz 2025 forscht sie\u00a0am Lehrstuhl von <abbr title=\"Professor\">Prof.<\/abbr> <abbr title=\"Doktor\">Dr.<\/abbr> von Weschpfennig zum Verfassungsprozessrecht in Schnittstelle zum Unionsrecht und der Rechtsprechung des EuGH. <\/p>\n\n\n\n<p>In ihrer Freizeit findet man sie beim Joggen und Wandern in der Natur oder in Jagdgebieten s\u00fcdlich der Elbe.<\/p>\n\n\n\n<p><\/p>\n","protected":false},"excerpt":{"rendered":"<p>Professur f\u00fcr \u00d6ffentliches RechtCampus Nord, Raum 2E 142Friedrich-Ebert-Damm 24522159&nbsp;HamburgT: +49 (0)40 6541 4586E: scholzso@hsu-hh.de Sophia Scholz studierte Rechtswissenschaft an der Universit\u00e4t Hamburg mit dem Schwerpunkt V\u00f6lker- und Europarecht, welchen sie [&hellip;]<\/p>\n","protected":false},"author":3439,"featured_media":0,"parent":417,"menu_order":0,"comment_status":"closed","ping_status":"closed","template":"","meta":{"footnotes":""},"categories":[8],"tags":[],"class_list":["post-1046","page","type-page","status-publish","hentry","category-team"],"_links":{"self":[{"href":"https:\/\/www.hsu-hh.de\/oeffrecht\/wp-json\/wp\/v2\/pages\/1046","targetHints":{"allow":["GET"]}}],"collection":[{"href":"https:\/\/www.hsu-hh.de\/oeffrecht\/wp-json\/wp\/v2\/pages"}],"about":[{"href":"https:\/\/www.hsu-hh.de\/oeffrecht\/wp-json\/wp\/v2\/types\/page"}],"author":[{"embeddable":true,"href":"https:\/\/www.hsu-hh.de\/oeffrecht\/wp-json\/wp\/v2\/users\/3439"}],"replies":[{"embeddable":true,"href":"https:\/\/www.hsu-hh.de\/oeffrecht\/wp-json\/wp\/v2\/comments?post=1046"}],"version-history":[{"count":8,"href":"https:\/\/www.hsu-hh.de\/oeffrecht\/wp-json\/wp\/v2\/pages\/1046\/revisions"}],"predecessor-version":[{"id":1310,"href":"https:\/\/www.hsu-hh.de\/oeffrecht\/wp-json\/wp\/v2\/pages\/1046\/revisions\/1310"}],"up":[{"embeddable":true,"href":"https:\/\/www.hsu-hh.de\/oeffrecht\/wp-json\/wp\/v2\/pages\/417"}],"wp:attachment":[{"href":"https:\/\/www.hsu-hh.de\/oeffrecht\/wp-json\/wp\/v2\/media?parent=1046"}],"wp:term":[{"taxonomy":"category","embeddable":true,"href":"https:\/\/www.hsu-hh.de\/oeffrecht\/wp-json\/wp\/v2\/categories?post=1046"},{"taxonomy":"post_tag","embeddable":true,"href":"https:\/\/www.hsu-hh.de\/oeffrecht\/wp-json\/wp\/v2\/tags?post=1046"}],"curies":[{"name":"wp","href":"https:\/\/api.w.org\/{rel}","templated":true}]}}