{"id":2937,"date":"2026-02-02T11:43:24","date_gmt":"2026-02-02T10:43:24","guid":{"rendered":"https:\/\/www.hsu-hh.de\/nng\/?page_id=2937"},"modified":"2026-02-20T10:44:59","modified_gmt":"2026-02-20T09:44:59","slug":"pope","status":"publish","type":"page","link":"https:\/\/www.hsu-hh.de\/nng\/team\/pope","title":{"rendered":""},"content":{"rendered":"<script type=\"application\/ld+json\">[{\"@context\": \"https:\/\/www.schema.org\",\"@type\": \"Person\",\"name\": \"Ruth Pope, M.A.\",\"worksFor\": [{\t\"@type\": \"Organization\",\t\"name\": \"Helmut-Schmidt-Universit\u00e4t\",\t\"url\": \"https:\/\/www.hsu-hh.de\"\t, \"department\": {\"@type\": \"Organization\",\t\t\t\t\t\"name\": \"Professur f\u00fcr Neuere und Neueste Geschichte\",\t\t\t\t\t\"location\": {\t\t\t\t\t\t\"@type\": \"PostalAddress\",\t\t\t\t\t\t\"addressLocality\": \"\",        \t\t\t\t\"postalCode\": \"22043\",        \t\t\t\t\"streetAddress\": \"Holstenhofweg 85 , Geb\u00e4ude H1\"\t\t\t\t\t}},\t\"location\": {\t\t\"@type\": \"PostalAddress\",    \t\"addressLocality\": \"\",    \t\"postalCode\": \"22008\",    \t\"postOfficeBoxNumber\": \"700822\"\t}   }],\"image\": \"https:\/\/www.hsu-hh.de\/nng\/wp-content\/uploads\/sites\/713\/2021\/01\/platzhaltergr_SV-150x150.gif\",\"telephone\": \"+49(0)40 6541-3157\",\"faxNumber\": \"+49(0)40 6541-2546\",\"email\": \"ruth.pope@hsu.hamburg\"}]<\/script><div class=\"clearfix\"><\/div><div class=\"ansprechparter-container \" style=\"margin-top:1em; \"><div class=\"row ansprechpartner-item ansprechparter-header\" ><div class=\"col-xs-8 col-lg-12\" style=\"margin-bottom: 30px;\"><h3 class=\"ansprechparter-headline\">Ruth Pope, M.A.<\/h3><\/div><\/div><div class=\"col-md-4 col-lg-3 col-xs-4 ansprechpartner-item floatright img-circle center-block\" style=\"margin-bottom: 30px;\"><div class=\"img-responsive-wrapper\"><img decoding=\"async\" src=\"https:\/\/www.hsu-hh.de\/nng\/wp-content\/uploads\/sites\/713\/2021\/01\/platzhaltergr_SV-150x150.gif\" alt=\"\" class=\"img-circle img-responsive center-block\" \/><\/div><\/div><div class=\"col-md-12 col-lg-3 col-xs-12 ansprechpartner-item kontakt floatright\" style=\"margin-bottom: 30px; \"><div class=\"row\"><div class=\"col-xs-12 col-sm-6 col-lg-12\"><div class=\"row\"><div class=\"col-xs-4 col-lg-4 row-text bold\" >Raum:<\/div><div class=\" row-text\">2214<\/div><\/div><\/div><div class=\"col-xs-12 col-sm-6 col-lg-12\"><div class=\"row\"><div class=\"col-xs-4 col-lg-4 row-text bold\">Telefon:<\/div><div class=\" row-text\">+49(0)40 6541-3157<\/div><\/div><\/div><div class=\"col-xs-12 col-sm-6 col-lg-12\"><div class=\"row\"><div class=\"col-xs-4 col-lg-4 row-text bold\">Fax:<\/div><div class=\"row-text\">+49(0)40 6541-2546<\/div><\/div><\/div><div class=\"col-xs-12 col-sm-6 col-lg-12\"><div class=\"row\"><div class=\"col-xs-4 col-lg-4 row-text bold\">E-Mail:<\/div><div class=\"row-text\" style=\"overflow:hidden; word-break: break-word\"><a href=\"mailto:ruth.pope@hsu.hamburg\" rel=\"nofollow\">ruth.pope@hsu.hamburg<\/a><\/div><\/div><\/div><\/div><\/div><div class=\"col-md-6 col-lg-3 col-xs-12 ansprechpartner-item anschrift floatright\" ><div class=\"row-headline\">Besucheranschrift<\/div><div class=\"dataBesucheranschrift\" style=\"\"><div class=\"row-text\">Helmut-Schmidt-Universit\u00e4t<\/div><div class=\"row-text\">Geb\u00e4ude H1<\/div><div class=\"row-text\">Holstenhofweg 85<\/div><div class=\"row-text\">22043 Hamburg<\/div><\/div><\/div><div class=\"col-md-6 col-lg-3 col-xs-12 ansprechpartner-item anschrift floatright\"><div class=\"row-headline\">Postanschrift<\/div><div class=\"dataPostanschrift\" style=\"\"><div class=\"row-text\">Helmut-Schmidt-Universit\u00e4t<\/div><div class=\"row-text\">Fakult\u00e4t f\u00fcr Geistes- und Sozialwissenschaften<\/div><div class=\"row-text\">Professur f\u00fcr Neuere und Neueste Geschichte<\/div><div class=\"row-text\">Postfach 70 08 22<\/div><div class=\"row-text\">22008 Hamburg<\/div><\/div><\/div><\/div><div class=\"clearfix\"><\/div>\n\n\n<p><\/p>\n\n\n\n<h3 class=\"wp-block-heading\">Curriculum Vitae<\/h3>\n\n\n\n<ul class=\"wp-block-list\">\n<li>Seit 02\/2026<br>Wissenschaftliche Mitarbeiterin an der Professur f\u00fcr Neuere und Neueste Geschichte, Helmut-Schmidt-Universit\u00e4t\/Universit\u00e4t der Bundeswehr Hamburg<\/li>\n\n\n\n<li>11\/2021\u201301\/2026<br>Wissenschaftliche Mitarbeiterin an der Forschungsstelle f\u00fcr Zeitgeschichte in Hamburg<\/li>\n\n\n\n<li>2019\u20132021<br>Guest Scholar, Deutsches Historisches Institut in Washington DC und Archivreise in den USA (Sep-Nov)<\/li>\n\n\n\n<li>2019\u20132021<br>Masterstudium der Geschichte an der Universit\u00e4t M\u00fcnster und der Universit\u00e4t Oslo<\/li>\n\n\n\n<li>2015\u20132019<br>Bachelorstudium der Geschichte und Politikwissenschaft an der Universit\u00e4t M\u00fcnster und Universit\u00e4t Wien<\/li>\n<\/ul>\n\n\n\n<h3 class=\"wp-block-heading\">Forschungsinteressen<\/h3>\n\n\n\n<ul class=\"wp-block-list\">\n<li>Zeitgeschichte der Bundesrepublik<\/li>\n\n\n\n<li>Gewaltgeschichte<\/li>\n\n\n\n<li>Frauen- und Geschlechtergeschichte<\/li>\n\n\n\n<li>Medizingeschichte<\/li>\n<\/ul>\n\n\n\n<h3 class=\"wp-block-heading\">Forschungsprojekte<\/h3>\n\n\n\n<ul class=\"wp-block-list\">\n<li><a href=\"https:\/\/www.hsu-hh.de\/nng\/forschung\/sexualisierte-gewalt-an-kindern-umkaempftes-wissen-in-der-bundesrepublik-der-1980er-und-1990er-jahre\">Sexualisierte Gewalt an Kindern. Umk\u00e4mpftes Wissen in der Bundesrepublik der 1980er und 1990er Jahre<\/a><\/li>\n\n\n\n<li><a href=\"https:\/\/www.hsu-hh.de\/nng\/forschung\/der-umgang-der-gew-hamburg-mit-sexualisierter-gewalt-an-kindern-und-jugendlichen-zwischen-den-1970er-und-1990er-jahren\">Der Umgang der GEW Hamburg mit sexualisierter Gewalt an Kindern und Jugendlichen zwischen den 1970er- und 1990er-Jahren<\/a><\/li>\n<\/ul>\n\n\n\n<h3 class=\"wp-block-heading\">Ver\u00f6ffentlichungen<\/h3>\n\n\n\n<ul class=\"wp-block-list\">\n<li>mit Anna Horstmann (Hg.), Expertise und Aktivismus. Wissensgeschichten sozialer Bewegungen seit den 1970er Jahren, Hamburg 2026 [im Erscheinen].<\/li>\n\n\n\n<li>Die Anf\u00e4nge der K\u00f6rperspende am Anatomischen Institut der Universit\u00e4t M\u00fcnster, in: Hans-Georg Hofer \/ Vina Zielonka (Hg.), Die Universit\u00e4tsmedizin M\u00fcnster im 20. Jahrhundert. Grundlagen und Entwicklungen, M\u00fcnster 2025, S. 371\u2013375.<\/li>\n\n\n\n<li>mit Klaus Gro\u00dfe Kracht, Emma gegen Kentler. Eine geplatzte Preisverleihung im Kontext der Deutungsk\u00e4mpfe um sexualisierte Gewalt an Kindern in den 1980er und 1990er Jahren, in: Zeitgeschichte in Hamburg. Jahrbuch der Forschungsstelle f\u00fcr Zeitgeschichte (2023), S. 100\u2013118.<\/li>\n\n\n\n<li>\u201eZartbitter\u201c und die feministische Auseinandersetzung mit sexualisierter Gewalt an Kindern in den 1980er und 1990er Jahren, in: Westf\u00e4lische Forschungen, 72 (2022), S. 347\u2013365.<\/li>\n\n\n\n<li>\u201eMein Angebot mache ich nur gegen H\u00f6chstgebot\u201c. Die Anf\u00e4nge des K\u00f6rperspendewesens am anatomischen Institut der Universit\u00e4t M\u00fcnster in den 1940er- und 1950er-Jahren, in: Westf\u00e4lische Zeitschrift, 170 (2020), S. 9\u201334.<\/li>\n<\/ul>\n\n\n\n<h3 class=\"wp-block-heading\">Vortr\u00e4ge (Auswahl)<\/h3>\n\n\n\n<ul class=\"wp-block-list\">\n<li>\u201eIm Dunkeln waren wir lange genug\u201c \u2013 \u00d6ffentlichkeit(en) und feministischer Aktivismus gegen sexualisierte Gewalt an Kindern in den 1980er und 1990er Jahren. 55. Deutscher Historikertag, Universit\u00e4t Bonn, 16.-19.9.2025.<\/li>\n\n\n\n<li>Sexualisierte Gewalt an Kindern. Umk\u00e4mpftes Wissen in der Bundesrepublik, 1980-2010. Kolloquium Neuere Forschungen zur Geschichte der Helmut-Schmidt-Universit\u00e4t, 22.1.2025.<\/li>\n\n\n\n<li>Sexualisierte Gewalt an Kindern. Umk\u00e4mpftes Wissen in der Bundesrepublik, 1980-2010. Forschungskolloquium Zeitgeschichte der Universit\u00e4t T\u00fcbingen, 14.1.2025.<\/li>\n\n\n\n<li>Sexueller Missbrauch an Kindern. Umk\u00e4mpftes Wissen in der Bundesrepublik, 1980-2010. Forschungskolloquium zur Neueren und Neuesten Geschichte der Georg August Universit\u00e4t G\u00f6ttingen, 5.12.2024.<\/li>\n\n\n\n<li>Feminist Activism Against Child Sexual Abuse Between Self Help, Counselling and Politics in the Federal Republic of Germany, 1980-2000.&nbsp; Vortrag auf der Konferenz \u201eOne hundred years since the Geneva Declaration\u201c \u2013 A historical perspective on childhood, children and their rights in the 20th century, Lithuanian Institute of History, Vilnius, 25.-27.9.2024.<\/li>\n\n\n\n<li>Child Sexual Abuse&nbsp;\u2013&nbsp;Contested Knowledge in the Federal Republic of Germany in the 1980s. Vortrag auf der German History Society Annual Conference, Manchester, 5.-7.9.2024.<\/li>\n\n\n\n<li>Betroffenheit, Parteilichkeit, Wissenschaftlichkeit \u2013 feministisches Wissen \u00fcber sexualisierte Gewalt an Kindern, 1980-2010. Vortrag im Kolloquium Wissensgeschichte, Universit\u00e4t Konstanz, Anne Kwaschik und Emeline Fourment, 15.6.2023.<\/li>\n\n\n\n<li>Die Grenzen der Liberalisierung: Die Schutzalterdebatte bei der Sexualstrafrechtsreform und feministischer Widerspruch. Vortrag auf der 4. Jahrestagung des Arbeitskreises Sexualit\u00e4ten in der Geschichte, Berlin 21.-22.4.2023.<\/li>\n<\/ul>\n","protected":false},"excerpt":{"rendered":"<p>Curriculum Vitae Forschungsinteressen Forschungsprojekte Ver\u00f6ffentlichungen Vortr\u00e4ge (Auswahl)<\/p>\n","protected":false},"author":147,"featured_media":0,"parent":1466,"menu_order":0,"comment_status":"closed","ping_status":"closed","template":"","meta":{"_EventAllDay":false,"_EventTimezone":"","_EventStartDate":"","_EventEndDate":"","_EventStartDateUTC":"","_EventEndDateUTC":"","_EventShowMap":false,"_EventShowMapLink":false,"_EventURL":"","_EventCost":"","_EventCostDescription":"","_EventCurrencySymbol":"","_EventCurrencyCode":"","_EventCurrencyPosition":"","_EventDateTimeSeparator":"","_EventTimeRangeSeparator":"","_EventOrganizerID":[],"_EventVenueID":[],"_OrganizerEmail":"","_OrganizerPhone":"","_OrganizerWebsite":"","_VenueAddress":"","_VenueCity":"","_VenueCountry":"","_VenueProvince":"","_VenueState":"","_VenueZip":"","_VenuePhone":"","_VenueURL":"","_VenueStateProvince":"","_VenueLat":"","_VenueLng":"","_VenueShowMap":false,"_VenueShowMapLink":false,"footnotes":""},"categories":[8],"tags":[],"class_list":["post-2937","page","type-page","status-publish","hentry","category-mitarbeiter"],"_links":{"self":[{"href":"https:\/\/www.hsu-hh.de\/nng\/wp-json\/wp\/v2\/pages\/2937","targetHints":{"allow":["GET"]}}],"collection":[{"href":"https:\/\/www.hsu-hh.de\/nng\/wp-json\/wp\/v2\/pages"}],"about":[{"href":"https:\/\/www.hsu-hh.de\/nng\/wp-json\/wp\/v2\/types\/page"}],"author":[{"embeddable":true,"href":"https:\/\/www.hsu-hh.de\/nng\/wp-json\/wp\/v2\/users\/147"}],"replies":[{"embeddable":true,"href":"https:\/\/www.hsu-hh.de\/nng\/wp-json\/wp\/v2\/comments?post=2937"}],"version-history":[{"count":8,"href":"https:\/\/www.hsu-hh.de\/nng\/wp-json\/wp\/v2\/pages\/2937\/revisions"}],"predecessor-version":[{"id":2993,"href":"https:\/\/www.hsu-hh.de\/nng\/wp-json\/wp\/v2\/pages\/2937\/revisions\/2993"}],"up":[{"embeddable":true,"href":"https:\/\/www.hsu-hh.de\/nng\/wp-json\/wp\/v2\/pages\/1466"}],"wp:attachment":[{"href":"https:\/\/www.hsu-hh.de\/nng\/wp-json\/wp\/v2\/media?parent=2937"}],"wp:term":[{"taxonomy":"category","embeddable":true,"href":"https:\/\/www.hsu-hh.de\/nng\/wp-json\/wp\/v2\/categories?post=2937"},{"taxonomy":"post_tag","embeddable":true,"href":"https:\/\/www.hsu-hh.de\/nng\/wp-json\/wp\/v2\/tags?post=2937"}],"curies":[{"name":"wp","href":"https:\/\/api.w.org\/{rel}","templated":true}]}}