{"id":2886,"date":"2025-12-02T12:58:34","date_gmt":"2025-12-02T11:58:34","guid":{"rendered":"https:\/\/www.hsu-hh.de\/nng\/?page_id=2886"},"modified":"2025-12-02T13:03:55","modified_gmt":"2025-12-02T12:03:55","slug":"lateinamerikanische-akteure-und-die-aushandlung-internationaler-rechtsnormen-im-19-und-fruehen-20-jahrhundert","status":"publish","type":"page","link":"https:\/\/www.hsu-hh.de\/nng\/forschung\/lateinamerikanische-akteure-und-die-aushandlung-internationaler-rechtsnormen-im-19-und-fruehen-20-jahrhundert","title":{"rendered":"Lateinamerikanische Akteure und die Aushandlung internationaler Rechtsnormen im 19. und fr\u00fchen 20. Jahrhundert"},"content":{"rendered":"\n<p><em>Verena Concha Vega, M.A. <\/em><a href=\"mailto:v.concha_vega@web.de\" rel='nofollow'>v.concha_vega@web.de<\/a><\/p>\n\n\n\n<p>Dissertation<\/p>\n\n\n\n<p>Der V\u00f6lkerbund war der erste Versuch, eine globale Friedensordnung auf Grundlage v\u00f6lkerrechtlicher Prinzipien zu etablieren. W\u00e4hrend die Rolle westlicher Akteure in diesem Prozess bereits vielfach untersucht wurde und auch die Organisation selbst eine Neubewertung erf\u00e4hrt, blieb die Beteiligung von Akteuren des globalen S\u00fcdens bislang weitestgehend unbeachtet.<\/p>\n\n\n\n<p>Daher liegt der der Fokus des Forschungsprojektes auf dem Beitrag lateinamerikanischer Rechtsexperten f\u00fcr die Herausbildung v\u00f6lkerrechtlicher Normen an der Schwelle vom 19. zum 20.&nbsp;Jahrhundert. Es fragt nach der Bedeutung divergierender Ordnungsvorstellungen und Konzepte im Rahmen globaler Aushandlungsprozesse und untersucht, inwiefern diese Ideen Einzug in die Strukturen des V\u00f6lkerbundes fanden und so die internationale Ordnung nach dem Ersten Weltkrieg (mit)pr\u00e4gten.<\/p>\n\n\n\n<p>Die Arbeit verdeutlicht, dass die Idee einer auf internationaler Kooperation beruhenden Friedensordnung auch f\u00fcr nicht-westliche Staaten von zentraler Bedeutung war. Woodrow Wilsons Vorstellung der friedlichen Koexistenz <em>kleiner<\/em> und <em>gro\u00dfer<\/em> Staaten auf Grundlage politischer Souver\u00e4nit\u00e4t und territorialer Integrit\u00e4t bot lateinamerikanischen Staaten angesichts herrschender Grenzkonflikte und US-amerikanischer Hegemonialbestrebungen die M\u00f6glichkeit, sich innerhalb des Neuordnungsprozesses zu positionieren und eigene Interessen einzufordern. So sind die einschl\u00e4gigen Debatten Ausdruck spezifischer regionaler Interessen, nahmen jedoch auch Einfluss auf die Ausgestaltung des internationalen Rechtssystems. Daher schlie\u00dft die Einbeziehung jener marginalisierten Akteure nicht nur bestehende Desiderate, sondern tr\u00e4gt auch zum Verst\u00e4ndnis der globalen Dimension des Entstehens einer neuen internationalen Ordnung bei.<\/p>\n","protected":false},"excerpt":{"rendered":"<p>Verena Concha Vega, M.A. v.concha_vega@web.de Dissertation Der V\u00f6lkerbund war der erste Versuch, eine globale Friedensordnung auf Grundlage v\u00f6lkerrechtlicher Prinzipien zu etablieren. W\u00e4hrend die Rolle westlicher Akteure in diesem Prozess bereits [&hellip;]<\/p>\n","protected":false},"author":147,"featured_media":0,"parent":618,"menu_order":0,"comment_status":"closed","ping_status":"closed","template":"","meta":{"_EventAllDay":false,"_EventTimezone":"","_EventStartDate":"","_EventEndDate":"","_EventStartDateUTC":"","_EventEndDateUTC":"","_EventShowMap":false,"_EventShowMapLink":false,"_EventURL":"","_EventCost":"","_EventCostDescription":"","_EventCurrencySymbol":"","_EventCurrencyCode":"","_EventCurrencyPosition":"","_EventDateTimeSeparator":"","_EventTimeRangeSeparator":"","_EventOrganizerID":[],"_EventVenueID":[],"_OrganizerEmail":"","_OrganizerPhone":"","_OrganizerWebsite":"","_VenueAddress":"","_VenueCity":"","_VenueCountry":"","_VenueProvince":"","_VenueState":"","_VenueZip":"","_VenuePhone":"","_VenueURL":"","_VenueStateProvince":"","_VenueLat":"","_VenueLng":"","_VenueShowMap":false,"_VenueShowMapLink":false,"footnotes":""},"categories":[4],"tags":[],"class_list":["post-2886","page","type-page","status-publish","hentry","category-forschung"],"_links":{"self":[{"href":"https:\/\/www.hsu-hh.de\/nng\/wp-json\/wp\/v2\/pages\/2886","targetHints":{"allow":["GET"]}}],"collection":[{"href":"https:\/\/www.hsu-hh.de\/nng\/wp-json\/wp\/v2\/pages"}],"about":[{"href":"https:\/\/www.hsu-hh.de\/nng\/wp-json\/wp\/v2\/types\/page"}],"author":[{"embeddable":true,"href":"https:\/\/www.hsu-hh.de\/nng\/wp-json\/wp\/v2\/users\/147"}],"replies":[{"embeddable":true,"href":"https:\/\/www.hsu-hh.de\/nng\/wp-json\/wp\/v2\/comments?post=2886"}],"version-history":[{"count":2,"href":"https:\/\/www.hsu-hh.de\/nng\/wp-json\/wp\/v2\/pages\/2886\/revisions"}],"predecessor-version":[{"id":2890,"href":"https:\/\/www.hsu-hh.de\/nng\/wp-json\/wp\/v2\/pages\/2886\/revisions\/2890"}],"up":[{"embeddable":true,"href":"https:\/\/www.hsu-hh.de\/nng\/wp-json\/wp\/v2\/pages\/618"}],"wp:attachment":[{"href":"https:\/\/www.hsu-hh.de\/nng\/wp-json\/wp\/v2\/media?parent=2886"}],"wp:term":[{"taxonomy":"category","embeddable":true,"href":"https:\/\/www.hsu-hh.de\/nng\/wp-json\/wp\/v2\/categories?post=2886"},{"taxonomy":"post_tag","embeddable":true,"href":"https:\/\/www.hsu-hh.de\/nng\/wp-json\/wp\/v2\/tags?post=2886"}],"curies":[{"name":"wp","href":"https:\/\/api.w.org\/{rel}","templated":true}]}}