{"id":2450,"date":"2024-08-08T12:54:00","date_gmt":"2024-08-08T10:54:00","guid":{"rendered":"https:\/\/www.hsu-hh.de\/nng\/?page_id=2450"},"modified":"2024-08-08T12:54:01","modified_gmt":"2024-08-08T10:54:01","slug":"politische-gefangene-in-der-weimarer-republik","status":"publish","type":"page","link":"https:\/\/www.hsu-hh.de\/nng\/forschung\/politische-gefangene-in-der-weimarer-republik","title":{"rendered":"Politische Gefangene in der Weimarer Republik"},"content":{"rendered":"\n<p><em>Timo Walz, M.A.<\/em><\/p>\n\n\n\n<p>Dissertation<\/p>\n\n\n\n<p>Das Dissertationsprojekt untersucht die Situation und Bedeutung politischer Gefangener in der Weimarer Republik von 1918 bis 1933, einer Zeit gepr\u00e4gt von politischen Ersch\u00fctterungen und K\u00e4mpfen. Die Justiz reagierte darauf laut herrschender Forschungsmeinung einseitig, mit zahlreichen politischen Prozessen gegen Linke und nachl\u00e4ssiger Strafverfolgung rechter Akteure. Das Projekt konzentriert sich auf den Umgang mit inhaftierten Personen aus verschiedenen politischen Lagern und untersucht die zeitgen\u00f6ssischen kriminologischen und staatlichen Konzepte der Haft f\u00fcr politische Gefangene sowie deren Umsetzung. Es beleuchtet anhand ausgew\u00e4hlter Fallstudien das Leben prominenter sowie kaum bekannter politischer Gefangener in Zuchth\u00e4usern, Gef\u00e4ngnissen und Festungshaftanstalten und analysiert den Umgang mit der Inhaftierung und deren Auswirkungen. Zudem wird erforscht, wie Organisationen wie die Rote Hilfe sowie informelle solidarische und famili\u00e4re Netzwerke die Gefangenen unterst\u00fctzten. Ein besonderer Schwerpunkt liegt auf den (gegen-)\u00f6ffentlichen politischen Kampagnen und Debatten, die f\u00fcr Fragen zur Situation der Gefangenen und deren Amnestierung zentral waren. Die Arbeit soll damit einen Beitrag leisten zur Politik- und Rechtsgeschichte der Weimarer Republik.<\/p>\n","protected":false},"excerpt":{"rendered":"<p>Timo Walz, M.A. Dissertation Das Dissertationsprojekt untersucht die Situation und Bedeutung politischer Gefangener in der Weimarer Republik von 1918 bis 1933, einer Zeit gepr\u00e4gt von politischen Ersch\u00fctterungen und K\u00e4mpfen. Die [&hellip;]<\/p>\n","protected":false},"author":147,"featured_media":0,"parent":618,"menu_order":0,"comment_status":"closed","ping_status":"closed","template":"","meta":{"_EventAllDay":false,"_EventTimezone":"","_EventStartDate":"","_EventEndDate":"","_EventStartDateUTC":"","_EventEndDateUTC":"","_EventShowMap":false,"_EventShowMapLink":false,"_EventURL":"","_EventCost":"","_EventCostDescription":"","_EventCurrencySymbol":"","_EventCurrencyCode":"","_EventCurrencyPosition":"","_EventDateTimeSeparator":"","_EventTimeRangeSeparator":"","_EventOrganizerID":[],"_EventVenueID":[],"_OrganizerEmail":"","_OrganizerPhone":"","_OrganizerWebsite":"","_VenueAddress":"","_VenueCity":"","_VenueCountry":"","_VenueProvince":"","_VenueState":"","_VenueZip":"","_VenuePhone":"","_VenueURL":"","_VenueStateProvince":"","_VenueLat":"","_VenueLng":"","_VenueShowMap":false,"_VenueShowMapLink":false,"footnotes":""},"categories":[4],"tags":[],"class_list":["post-2450","page","type-page","status-publish","hentry","category-forschung"],"_links":{"self":[{"href":"https:\/\/www.hsu-hh.de\/nng\/wp-json\/wp\/v2\/pages\/2450","targetHints":{"allow":["GET"]}}],"collection":[{"href":"https:\/\/www.hsu-hh.de\/nng\/wp-json\/wp\/v2\/pages"}],"about":[{"href":"https:\/\/www.hsu-hh.de\/nng\/wp-json\/wp\/v2\/types\/page"}],"author":[{"embeddable":true,"href":"https:\/\/www.hsu-hh.de\/nng\/wp-json\/wp\/v2\/users\/147"}],"replies":[{"embeddable":true,"href":"https:\/\/www.hsu-hh.de\/nng\/wp-json\/wp\/v2\/comments?post=2450"}],"version-history":[{"count":1,"href":"https:\/\/www.hsu-hh.de\/nng\/wp-json\/wp\/v2\/pages\/2450\/revisions"}],"predecessor-version":[{"id":2451,"href":"https:\/\/www.hsu-hh.de\/nng\/wp-json\/wp\/v2\/pages\/2450\/revisions\/2451"}],"up":[{"embeddable":true,"href":"https:\/\/www.hsu-hh.de\/nng\/wp-json\/wp\/v2\/pages\/618"}],"wp:attachment":[{"href":"https:\/\/www.hsu-hh.de\/nng\/wp-json\/wp\/v2\/media?parent=2450"}],"wp:term":[{"taxonomy":"category","embeddable":true,"href":"https:\/\/www.hsu-hh.de\/nng\/wp-json\/wp\/v2\/categories?post=2450"},{"taxonomy":"post_tag","embeddable":true,"href":"https:\/\/www.hsu-hh.de\/nng\/wp-json\/wp\/v2\/tags?post=2450"}],"curies":[{"name":"wp","href":"https:\/\/api.w.org\/{rel}","templated":true}]}}