{"id":2129,"date":"2023-11-17T10:52:59","date_gmt":"2023-11-17T09:52:59","guid":{"rendered":"https:\/\/www.hsu-hh.de\/nng\/?page_id=2129"},"modified":"2026-03-24T15:09:08","modified_gmt":"2026-03-24T14:09:08","slug":"das-reichskonkordat-ein-staatskirchenvertrag-zwischen-diktatur-und-demokratie-1933-1957","status":"publish","type":"page","link":"https:\/\/www.hsu-hh.de\/nng\/forschung\/das-reichskonkordat-ein-staatskirchenvertrag-zwischen-diktatur-und-demokratie-1933-1957","title":{"rendered":"Das Reichskonkordat. Ein Staatskirchenvertrag zwischen Diktatur und Demokratie, 1933-1957 (abgeschlossen)"},"content":{"rendered":"\n<p><em><abbr title=\"Doktor\">Dr.<\/abbr> Jan H. Wille<\/em><\/p>\n\n\n\n<p>Betreuer:&nbsp;<abbr title=\"Professor\">Prof.<\/abbr>&nbsp;<abbr title=\"Doktor\">Dr.<\/abbr>&nbsp;Thomas Gro\u00dfb\u00f6lting, apl.&nbsp;<abbr title=\"Professor\">Prof.<\/abbr>&nbsp;<abbr title=\"Doktor\">Dr.<\/abbr>&nbsp;Klaus Gro\u00dfe Kracht<\/p>\n\n\n\n<p>In der Geschichte von Staat und Kirche in Deutschland hat wohl kaum ein Dokument so viele Kontroversen ausgel\u00f6st wie das Reichskonkordat. Bis heute bildet der am 20. Juli 1933 zwischen dem Heiligen Stuhl und dem nationalsozialistischen Deutschen Reich geschlossene V\u00f6lkerrechtsvertrag die Grundlage der Beziehungen. Der Vertrag war allerdings schon unter den Zeitgenossen umstritten, galt er vielen doch als \u201aTeufelspakt\u2018. Im Zentrum der Studie steht die Frage, welche Diskurse um die Abgrenzung der Einfluss- und Machtsph\u00e4ren von Staat und Kirche sich am Reichskonkordat entz\u00fcndeten. Auf Grundlage neuer Quellen wirft die Untersuchung erstmals einen umfassenden Blick auf die Geschichte des Reichskonkordates von der Weimarer Republik bis ins geteilte Deutschland. Sie leistet damit einen wesentlichen Beitrag zur kirchlichen Zeitgeschichte, ist diese doch ohne die Diskussionen um das Konkordat kaum zu verstehen.<\/p>\n\n\n\n<p><a href=\"https:\/\/metropol-verlag.de\/wp-content\/uploads\/2024\/10\/inhalt_zfg-10_2024.pdf\" target=\"_blank\" rel=\"noreferrer noopener\">Rezension von Ralf Retter in der Zeitschrift f\u00fcr Geschichtswissenschaft \u2013 72 (2024) 10<br><\/a><a href=\"https:\/\/theologie-geschichte.de\/ojs2\/index.php\/tg\/article\/view\/1353\/1825\" target=\"_blank\" rel=\"noreferrer noopener\">Rezension von Olaf Blaschke in Theologie.Geschichte \u2013 20 (2025)<\/a><br><a href=\"https:\/\/contemporarychurchhistory.org\/2026\/01\/review-of-jan-h-wille-das-reichskonkordat-ein-staatskirchenvertrag-zwischen-diktatur-und-demokratie-1933-1957\/#more-3606\" target=\"_blank\" rel=\"noreferrer noopener\">Rezension von Martin Menke in Contemporary Church History Quarterly 31 (2025) No. 4<br><\/a><a href=\"https:\/\/www.katholisch.de\/artikel\/54136-das-reichskonkordat-kontroversen-um-einen-teufelspakt\" target=\"_blank\" rel=\"noreferrer noopener\">Das Reichskonkordat: Kontroversen um einen Teufelspakt, KNA-Meldung von Christoph Arens<\/a><br><a href=\"https:\/\/www.katholisch.de\/artikel\/46112-90-jahre-reichskonkordat-ein-ewig-gueltiger-teufelspakt\" target=\"_blank\" rel=\"noreferrer noopener\">Gastbeitrag katholisch.de: 90 Jahre Reichskonkordat: Ein ewig g\u00fcltiger \u201eTeufelspakt\u201c? Jubil\u00e4um eines umstrittenen Staatskirchenvertrags<\/a><br><a href=\"https:\/\/www.domradio.de\/artikel\/reichskonkordat-besteht-seit-90-jahren\" target=\"_blank\" rel=\"noreferrer noopener\">Interview mit Michael Althaus (KNA)<\/a><br><a href=\"https:\/\/www.br.de\/radio\/bayern2\/sendungen\/katholische-welt\/das-reichskonkordat-von-1933_x-100.html\" target=\"_blank\" rel=\"noreferrer noopener\">Interview mit Simon Berninger (Bayrischer Rundfunk) f\u00fcr den Podcast Katholische Welt. Das Reichskonkordat von 1933<\/a><br><a href=\"https:\/\/geschichteeuropas.podigee.io\/417-417\" target=\"_blank\" rel=\"noreferrer noopener\">Interview mit Tobias Jakobi f\u00fcr den Podcast Geschichte Europas<\/a><\/p>\n\n\n\n<p><\/p>\n","protected":false},"excerpt":{"rendered":"<p>Dr. Jan H. Wille Betreuer:&nbsp;Prof.&nbsp;Dr.&nbsp;Thomas Gro\u00dfb\u00f6lting, apl.&nbsp;Prof.&nbsp;Dr.&nbsp;Klaus Gro\u00dfe Kracht In der Geschichte von Staat und Kirche in Deutschland hat wohl kaum ein Dokument so viele Kontroversen ausgel\u00f6st wie das Reichskonkordat. [&hellip;]<\/p>\n","protected":false},"author":147,"featured_media":0,"parent":618,"menu_order":0,"comment_status":"closed","ping_status":"closed","template":"","meta":{"_EventAllDay":false,"_EventTimezone":"","_EventStartDate":"","_EventEndDate":"","_EventStartDateUTC":"","_EventEndDateUTC":"","_EventShowMap":false,"_EventShowMapLink":false,"_EventURL":"","_EventCost":"","_EventCostDescription":"","_EventCurrencySymbol":"","_EventCurrencyCode":"","_EventCurrencyPosition":"","_EventDateTimeSeparator":"","_EventTimeRangeSeparator":"","_EventOrganizerID":[],"_EventVenueID":[],"_OrganizerEmail":"","_OrganizerPhone":"","_OrganizerWebsite":"","_VenueAddress":"","_VenueCity":"","_VenueCountry":"","_VenueProvince":"","_VenueState":"","_VenueZip":"","_VenuePhone":"","_VenueURL":"","_VenueStateProvince":"","_VenueLat":"","_VenueLng":"","_VenueShowMap":false,"_VenueShowMapLink":false,"footnotes":""},"categories":[4],"tags":[],"class_list":["post-2129","page","type-page","status-publish","hentry","category-forschung"],"_links":{"self":[{"href":"https:\/\/www.hsu-hh.de\/nng\/wp-json\/wp\/v2\/pages\/2129","targetHints":{"allow":["GET"]}}],"collection":[{"href":"https:\/\/www.hsu-hh.de\/nng\/wp-json\/wp\/v2\/pages"}],"about":[{"href":"https:\/\/www.hsu-hh.de\/nng\/wp-json\/wp\/v2\/types\/page"}],"author":[{"embeddable":true,"href":"https:\/\/www.hsu-hh.de\/nng\/wp-json\/wp\/v2\/users\/147"}],"replies":[{"embeddable":true,"href":"https:\/\/www.hsu-hh.de\/nng\/wp-json\/wp\/v2\/comments?post=2129"}],"version-history":[{"count":10,"href":"https:\/\/www.hsu-hh.de\/nng\/wp-json\/wp\/v2\/pages\/2129\/revisions"}],"predecessor-version":[{"id":3040,"href":"https:\/\/www.hsu-hh.de\/nng\/wp-json\/wp\/v2\/pages\/2129\/revisions\/3040"}],"up":[{"embeddable":true,"href":"https:\/\/www.hsu-hh.de\/nng\/wp-json\/wp\/v2\/pages\/618"}],"wp:attachment":[{"href":"https:\/\/www.hsu-hh.de\/nng\/wp-json\/wp\/v2\/media?parent=2129"}],"wp:term":[{"taxonomy":"category","embeddable":true,"href":"https:\/\/www.hsu-hh.de\/nng\/wp-json\/wp\/v2\/categories?post=2129"},{"taxonomy":"post_tag","embeddable":true,"href":"https:\/\/www.hsu-hh.de\/nng\/wp-json\/wp\/v2\/tags?post=2129"}],"curies":[{"name":"wp","href":"https:\/\/api.w.org\/{rel}","templated":true}]}}