{"id":1133,"date":"2021-01-21T13:54:01","date_gmt":"2021-01-21T12:54:01","guid":{"rendered":"https:\/\/www.hsu-hh.de\/hiswes\/?page_id=1133"},"modified":"2026-03-18T16:51:54","modified_gmt":"2026-03-18T15:51:54","slug":"research","status":"publish","type":"page","link":"https:\/\/www.hsu-hh.de\/nng\/en\/research","title":{"rendered":"Research"},"content":{"rendered":"\n\n\n<h3>Overview<\/h3>\n\n\n\n<div style=\"height:25px\" aria-hidden=\"true\" class=\"wp-block-spacer\"><\/div>\n\n\n\n<p>Our research covers topics from German and European history as well as transatlantic and global history since the 18th century. We engage with topics and themes from the Age of Revolutions and the rise of nationalism to the genesis of the modern state system, imperialism, nationalism, and internationalism, including the two world wars, the Cold War, and their enduring legacies. Our methodological approaches draw from a wide and interdisciplinary range with a focus on political, legal, intellectual, and cultural history.<\/p>\n\n\n\n\n\n<h3>Current Projects and Collaborations<\/h3>\n\n\n\n<div style=\"height:25px\" aria-hidden=\"true\" class=\"wp-block-spacer\"><\/div>\n\n\n\n<h3 class=\"wp-block-heading\" id=\"ftn2\"><abbr title=\"Professor\">Prof.<\/abbr> <abbr title=\"Doktor\">Dr.<\/abbr> Marcus M. Payk<\/h3>\n\n\n\n<ul class=\"wp-block-list\">\n<li><a href=\"https:\/\/www.hsu-hh.de\/nng\/forschung\/demokratische-verfasstheit-in-europa-zur-verflechtung-europaischer-und-nationaler-demokratiegeschichte-von-den-1970er-bis-zu-den-1990er-jahren\">\u201eDemokratische Verfasstheit\u201c in Europa. Zur Verflechtung europ\u00e4ischer und nationaler Demokratiegeschichte von den 1970er bis zu den 1990er Jahren<\/a><\/li>\n\n\n\n<li><a href=\"https:\/\/www.hsu-hh.de\/nng\/forschung\/grundgesetz-voelkerrecht-und-globaler-konstitutionalismus-eine-internationale-verfassungsgeschichte-der-bundesrepublik\">Grundgesetz, V\u00f6lkerrecht und globaler Konstitutionalismus: Eine internationale Verfassungsgeschichte der Bundesrepublik<\/a><\/li>\n\n\n\n<li><a href=\"https:\/\/www.hsu-hh.de\/nng\/forschung\/an-den-grenzen-der-souveraenitaet-die-pariser-vorortvertraege-von-1919-20-und-das-voelkerrecht-des-fruehen-20-jahrhunderts\">An den Grenzen der Souver\u00e4nit\u00e4t. Die Pariser Vorortvertr\u00e4ge von 1919\/20 und das V\u00f6lkerrecht des fr\u00fchen 20. Jahrhunderts<\/a><\/li>\n\n\n\n<li><a href=\"https:\/\/www.hsu-hh.de\/nng\/forschung\/arbeitskreis-geschichte-recht-und-rechtsgeschichte\">Arbeitskreis Geschichte, Recht und Rechtsgeschichte<\/a><\/li>\n\n\n\n<li><a href=\"https:\/\/www.hsu-hh.de\/nng\/juristen-in-der-internationalen-politik-praxis-und-praktiker-des-voelkerrechts-im-19-und-20-jahrhundert\">Juristen in der internationalen Politik. Praxis und Praktiker des V\u00f6lkerrechts im 19. und 20. Jahrhundert<\/a><\/li>\n<\/ul>\n\n\n\n<h3 class=\"wp-block-heading\"><abbr title=\"Doktor\">Dr.<\/abbr> Jan H. Wille<\/h3>\n\n\n\n<ul class=\"wp-block-list\">\n<li><a href=\"https:\/\/www.hsu-hh.de\/nng\/forschung\/fuer-den-frieden-gewappnet-zivil-und-katastrophenschutz-in-deutschland-1979-2001\">F\u00fcr den Frieden gewappnet? Zivil- und Katastrophenschutz in Deutschland 1979\u20132001&nbsp;<\/a><\/li>\n\n\n\n<li><a href=\"https:\/\/www.hsu-hh.de\/nng\/forschung\/das-reichskonkordat-ein-staatskirchenvertrag-zwischen-diktatur-und-demokratie-1933-1957\">Das Reichskonkordat. Ein Staatskirchenvertrag zwischen Diktatur und Demokratie, 1933-1957<\/a><\/li>\n<\/ul>\n\n\n\n<h3 class=\"wp-block-heading\">Stefan Messingschlager, M.A.<\/h3>\n\n\n\n<ul class=\"wp-block-list\">\n<li><a href=\"https:\/\/www.hsu-hh.de\/nng\/en\/research\/china-experts-in-the-federal-republic-of-the-1970s\">China Experts in the Federal Republic of the 1970s (Dissertation)<\/a><\/li>\n<\/ul>\n\n\n\n<h3 class=\"wp-block-heading\">Timo Walz, M.A.<\/h3>\n\n\n\n<ul class=\"wp-block-list\">\n<li><a href=\"https:\/\/www.hsu-hh.de\/nng\/forschung\/politische-gefangene-in-der-weimarer-republik\" data-type=\"link\" data-id=\"https:\/\/www.hsu-hh.de\/nng\/forschung\/politische-gefangene-in-der-weimarer-republik\">&nbsp;&nbsp;Political Prisoners in the Weimar Republic (Dissertation)<\/a><\/li>\n<\/ul>\n\n\n\n<h1 class=\"wp-block-heading\">External doctoral students<\/h1>\n\n\n\n<h3 class=\"wp-block-heading\">Dorothee Alberts<\/h3>\n\n\n\n<ul class=\"wp-block-list\">\n<li>Skandinavisches Verteidigungsb\u00fcndnis oder Nordatlantikpakt? Der britische Diplomat Sir Laurence Collier und die sicherheitspolitische Westausrichtung Norwegens, 1945-1949 (Dissertation)<\/li>\n<\/ul>\n\n\n\n<h3 class=\"wp-block-heading\">Linus Birrel, M.A.<\/h3>\n\n\n\n<ul class=\"wp-block-list\">\n<li><a href=\"https:\/\/www.hsu-hh.de\/nng\/forschung\/kampf-erfahren-die-deutung-der-kampferfahrungen-deutscher-soldaten-in-afghanistan-in-bundeswehr-und-gesellschaft\">Kampf erfahren. Die Deutung der Kampferfahrungen deutscher Soldaten in Afghanistan in Bundeswehr und Gesellschaft (Dissertation)<\/a><\/li>\n<\/ul>\n\n\n\n<h3 class=\"wp-block-heading\">Eva B\u00fcrger, M.A.<\/h3>\n\n\n\n<ul class=\"wp-block-list\">\n<li><a href=\"https:\/\/www.hsu-hh.de\/nng\/forschung\/die-habermas-luhmann-debatte-in-wissenschaft-und-gesellschaft-der-bun-desrepublik-der-1970er-jahre\">Die Habermas-Luhmann-Debatte in Wissenschaft und Gesellschaft der Bundesrepublik der 1970er Jahre (Dissertation)<\/a><\/li>\n<\/ul>\n\n\n\n<h3 class=\"wp-block-heading\">Verena Concha Vega, M.A.<\/h3>\n\n\n\n<ul class=\"wp-block-list\">\n<li><a href=\"https:\/\/www.hsu-hh.de\/nng\/forschung\/lateinamerikanische-akteure-und-die-aushandlung-internationaler-rechtsnormen-im-19-und-fruehen-20-jahrhundert\">Lateinamerikanische Akteure und die Aushandlung internationaler Rechtsnormen im 19. und fr\u00fchen 20. Jahrhundert (Dissertation)<\/a><\/li>\n<\/ul>\n\n\n\n<h3 class=\"wp-block-heading\">Miriam Finkeldey, M.A.<\/h3>\n\n\n\n<ul class=\"wp-block-list\">\n<li><a href=\"https:\/\/www.hsu-hh.de\/nng\/forschung\/armin-mohler-als-grenzgaenger-rechtskonservative-netzwerke-zwischen-frankreich-und-deutschland-in-den-1950er-bis-1970er-jahren\">Armin Mohler als Grenzg\u00e4nger. Rechtskonservative Netzwerke zwischen Frankreich und Deutschland in den 1950er bis 1970er Jahren (Dissertation)<\/a><\/li>\n<\/ul>\n\n\n\n<h3 class=\"wp-block-heading\"><abbr title=\"Doktor\">Dr.<\/abbr>&nbsp;Pierre K\u00f6ckert<\/h3>\n\n\n\n<ul class=\"wp-block-list\">\n<li><a href=\"https:\/\/www.hsu-hh.de\/nng\/forschung\/militaerische-gewalt-in-inneren-konfliktsituationen-im-deutschen-reich-1871-1923\">\u201eMilit\u00e4rische Gewalt\u201c in inneren Konfliktsituationen im Deutschen Reich 1871-1923 (Dissertation)<\/a><\/li>\n<\/ul>\n\n\n\n<h3 class=\"wp-block-heading\"><abbr title=\"Doktor\">Dr.<\/abbr>&nbsp;Werner Sch\u00f6nleber<\/h3>\n\n\n\n<ul class=\"wp-block-list\">\n<li><a href=\"https:\/\/www.hsu-hh.de\/nng\/forschung\/kanadische-garnisonen-in-der-bundesrepublik-deutschland-1953-1994\">Kanadische Garnisonen in der Bundesrepublik Deutschland 1953-1994 (Dissertation)<\/a><\/li>\n<\/ul>\n\n\n\n<h3 class=\"wp-block-heading\">Karin Trieloff, M.A. (Humboldt-Universit\u00e4t zu Berlin)<\/h3>\n\n\n\n<ul class=\"wp-block-list\">\n<li><a href=\"https:\/\/www.hsu-hh.de\/nng\/forschung\/gerichtsprozesse-im-rheinland-unter-alliierter-besatzung-1918-1930\">Gerichtsprozesse im Rheinland unter alliierter Besatzung 1918-1930 (Dissertation)<\/a><\/li>\n<\/ul>\n\n\n\n<h3 class=\"wp-block-heading\">Anika Zimmermann, M.A.<\/h3>\n\n\n\n<ul class=\"wp-block-list\">\n<li>folgt<\/li>\n<\/ul>\n\n\n\n\n","protected":false},"excerpt":{"rendered":"<p>Overview Our research covers topics from German and European history as well as transatlantic and global history since the 18th century. We engage with topics and themes from the Age [&hellip;]<\/p>\n","protected":false},"author":147,"featured_media":0,"parent":0,"menu_order":0,"comment_status":"closed","ping_status":"closed","template":"","meta":{"_EventAllDay":false,"_EventTimezone":"","_EventStartDate":"","_EventEndDate":"","_EventStartDateUTC":"","_EventEndDateUTC":"","_EventShowMap":false,"_EventShowMapLink":false,"_EventURL":"","_EventCost":"","_EventCostDescription":"","_EventCurrencySymbol":"","_EventCurrencyCode":"","_EventCurrencyPosition":"","_EventDateTimeSeparator":"","_EventTimeRangeSeparator":"","_EventOrganizerID":[],"_EventVenueID":[],"_OrganizerEmail":"","_OrganizerPhone":"","_OrganizerWebsite":"","_VenueAddress":"","_VenueCity":"","_VenueCountry":"","_VenueProvince":"","_VenueState":"","_VenueZip":"","_VenuePhone":"","_VenueURL":"","_VenueStateProvince":"","_VenueLat":"","_VenueLng":"","_VenueShowMap":false,"_VenueShowMapLink":false,"footnotes":""},"categories":[7],"tags":[],"class_list":["post-1133","page","type-page","status-publish","hentry","category-research"],"_links":{"self":[{"href":"https:\/\/www.hsu-hh.de\/nng\/wp-json\/wp\/v2\/pages\/1133","targetHints":{"allow":["GET"]}}],"collection":[{"href":"https:\/\/www.hsu-hh.de\/nng\/wp-json\/wp\/v2\/pages"}],"about":[{"href":"https:\/\/www.hsu-hh.de\/nng\/wp-json\/wp\/v2\/types\/page"}],"author":[{"embeddable":true,"href":"https:\/\/www.hsu-hh.de\/nng\/wp-json\/wp\/v2\/users\/147"}],"replies":[{"embeddable":true,"href":"https:\/\/www.hsu-hh.de\/nng\/wp-json\/wp\/v2\/comments?post=1133"}],"version-history":[{"count":19,"href":"https:\/\/www.hsu-hh.de\/nng\/wp-json\/wp\/v2\/pages\/1133\/revisions"}],"predecessor-version":[{"id":3022,"href":"https:\/\/www.hsu-hh.de\/nng\/wp-json\/wp\/v2\/pages\/1133\/revisions\/3022"}],"wp:attachment":[{"href":"https:\/\/www.hsu-hh.de\/nng\/wp-json\/wp\/v2\/media?parent=1133"}],"wp:term":[{"taxonomy":"category","embeddable":true,"href":"https:\/\/www.hsu-hh.de\/nng\/wp-json\/wp\/v2\/categories?post=1133"},{"taxonomy":"post_tag","embeddable":true,"href":"https:\/\/www.hsu-hh.de\/nng\/wp-json\/wp\/v2\/tags?post=1133"}],"curies":[{"name":"wp","href":"https:\/\/api.w.org\/{rel}","templated":true}]}}