{"id":178,"date":"2017-11-09T17:29:15","date_gmt":"2017-11-09T16:29:15","guid":{"rendered":"https:\/\/www.hsu-hh.de\/mtl\/?page_id=178"},"modified":"2017-11-14T10:10:42","modified_gmt":"2017-11-14T09:10:42","slug":"labor","status":"publish","type":"page","link":"https:\/\/www.hsu-hh.de\/mtl\/labor","title":{"rendered":"Labor"},"content":{"rendered":"<p><img loading=\"lazy\" decoding=\"async\" class=\"alignnone size-full wp-image-229\" src=\"https:\/\/www.hsu-hh.de\/mtl\/wp-content\/uploads\/sites\/689\/2017\/11\/4OWUj454YAvewu52.jpg\" alt=\"Labor des MTL\" width=\"1722\" height=\"1007\" srcset=\"https:\/\/www.hsu-hh.de\/mtl\/wp-content\/uploads\/sites\/689\/2017\/11\/4OWUj454YAvewu52.jpg 1722w, https:\/\/www.hsu-hh.de\/mtl\/wp-content\/uploads\/sites\/689\/2017\/11\/4OWUj454YAvewu52-300x175.jpg 300w, https:\/\/www.hsu-hh.de\/mtl\/wp-content\/uploads\/sites\/689\/2017\/11\/4OWUj454YAvewu52-768x449.jpg 768w, https:\/\/www.hsu-hh.de\/mtl\/wp-content\/uploads\/sites\/689\/2017\/11\/4OWUj454YAvewu52-1024x599.jpg 1024w\" sizes=\"auto, (max-width: 1722px) 100vw, 1722px\" \/><\/p>\n<p>Der Lehrstuhl f\u00fcr Maschinenelemente und Technische Logistik verf\u00fcgt \u00fcber umfangreich ausgestattete Labore, inklusive integrierter Werkstattbereiche, mit einer Grundfl\u00e4che von insgesamt ca. 1000 qm. Dar\u00fcber hinaus existieren Freifl\u00e4chen f\u00fcr die Durchf\u00fchrung von Fahrversuchen. Neben mehreren Flurf\u00f6rderzeugen als Versuchsfahrzeuge und einem Hochregallager stehen diverse Versuchsst\u00e4nde zur Verf\u00fcgung. Eine Auswahl finden Sie nachfolgend:<\/p>\n<h3>Reifenpr\u00fcfstand f\u00fcr Industriereifen<\/h3>\n<p>Der Reifenpr\u00fcfstand des <abbr title=\"Lehrstuhl f\u00fcr Maschinenelemente und Technische Logistik\">MTL<\/abbr> erm\u00f6glicht vielseitige experimentelle Untersuchungen von Industriereifen. Radlasten, Schr\u00e4glauf, Sturzwinkel und Rollgeschwindigkeit k\u00f6nnen in einem gro\u00dfen Wertebereich ver\u00e4ndert werden. Mit dem Reifenpr\u00fcfstand k\u00f6nnen auch Verschlei\u00df- und Lebensdaueruntersuchungen durchgef\u00fchrt sowie das vertikaldynamische \u00dcbertragungsverhalten der R\u00e4der ermittelt werden.<br \/>\n<img loading=\"lazy\" decoding=\"async\" class=\"alignnone size-full wp-image-248\" src=\"https:\/\/www.hsu-hh.de\/mtl\/wp-content\/uploads\/sites\/689\/2017\/11\/Reifenpr\u00fcfstand.png\" alt=\"Aufbau des Reifenpr\u00fcfstands\" width=\"1691\" height=\"1012\" srcset=\"https:\/\/www.hsu-hh.de\/mtl\/wp-content\/uploads\/sites\/689\/2017\/11\/Reifenpr\u00fcfstand.png 1691w, https:\/\/www.hsu-hh.de\/mtl\/wp-content\/uploads\/sites\/689\/2017\/11\/Reifenpr\u00fcfstand-300x180.png 300w, https:\/\/www.hsu-hh.de\/mtl\/wp-content\/uploads\/sites\/689\/2017\/11\/Reifenpr\u00fcfstand-768x460.png 768w, https:\/\/www.hsu-hh.de\/mtl\/wp-content\/uploads\/sites\/689\/2017\/11\/Reifenpr\u00fcfstand-1024x613.png 1024w\" sizes=\"auto, (max-width: 1691px) 100vw, 1691px\" \/><\/p>\n<h3>Elektromechanische Universalpr\u00fcfmaschine<\/h3>\n<p>Mit der Zwick-Pr\u00fcfmaschine kann das mechanische Verhalten von Werkstoffen und Bauteilen untersucht werden. Es k\u00f6nnen statische und dynamische Kr\u00e4fte bis 100 kN in einem Temperaturbereich von -20\u00b0C bis +80\u00b0C aufgebracht werden. Die hier gewonnen statischen und dynamischen Materialkenndaten sind oftmals Grundlage f\u00fcr computergest\u00fctzte Simulationen und Optimierungen.<\/p>\n<p><img loading=\"lazy\" decoding=\"async\" class=\"wp-image-257 aligncenter\" src=\"https:\/\/www.hsu-hh.de\/mtl\/wp-content\/uploads\/sites\/689\/2017\/11\/Zwick.jpg\" alt=\"Zwick-Pr\u00fcfmaschine\" width=\"377\" height=\"294\" srcset=\"https:\/\/www.hsu-hh.de\/mtl\/wp-content\/uploads\/sites\/689\/2017\/11\/Zwick.jpg 2545w, https:\/\/www.hsu-hh.de\/mtl\/wp-content\/uploads\/sites\/689\/2017\/11\/Zwick-300x234.jpg 300w, https:\/\/www.hsu-hh.de\/mtl\/wp-content\/uploads\/sites\/689\/2017\/11\/Zwick-768x599.jpg 768w, https:\/\/www.hsu-hh.de\/mtl\/wp-content\/uploads\/sites\/689\/2017\/11\/Zwick-1024x799.jpg 1024w\" sizes=\"auto, (max-width: 377px) 100vw, 377px\" \/><\/p>\n<h3>Servohydraulische Belastungseinheit und elektrodynamischer Schwingungsanreger<\/h3>\n<p>F\u00fcr Festigkeits- und Schwingungsuntersuchungen k\u00f6nnen Bauteile oder Baugruppen mit diesen Systemen statisch und hochdynamisch belastet werden.<\/p>\n<p><img loading=\"lazy\" decoding=\"async\" class=\"wp-image-259 alignleft\" src=\"https:\/\/www.hsu-hh.de\/mtl\/wp-content\/uploads\/sites\/689\/2017\/11\/Hydropulstest-2-e1510310312363.jpg\" alt=\"Hydropulser\" width=\"450\" height=\"600\" \/><img loading=\"lazy\" decoding=\"async\" class=\"wp-image-258 alignright\" src=\"https:\/\/www.hsu-hh.de\/mtl\/wp-content\/uploads\/sites\/689\/2017\/11\/elektroshaker-e1510310396773.jpg\" alt=\"Elektro-Shaker\" width=\"399\" height=\"599\" \/><\/p>\n<p>&nbsp;<\/p>\n<p>&nbsp;<\/p>\n<p>&nbsp;<\/p>\n<p>&nbsp;<\/p>\n<p>&nbsp;<\/p>\n<p>&nbsp;<\/p>\n<p>&nbsp;<\/p>\n<p>&nbsp;<\/p>\n<p>&nbsp;<\/p>\n<p>&nbsp;<\/p>\n<p>&nbsp;<\/p>\n<p>&nbsp;<\/p>\n<p>&nbsp;<\/p>\n<p>&nbsp;<\/p>\n<h3>Kippb\u00fchne<\/h3>\n<p>Mit Hilfe der Kippb\u00fchne werden Standsicherheitsuntersuchungen und Schwerpunktbestimmungen an Flurf\u00f6rderzeugen durchgef\u00fchrt.<\/p>\n<p><img loading=\"lazy\" decoding=\"async\" class=\"alignnone size-full wp-image-250\" src=\"https:\/\/www.hsu-hh.de\/mtl\/wp-content\/uploads\/sites\/689\/2017\/11\/Stapler-Schwerpunktermittlung-auf-der-Kippb\u00fchne-e1510309137256.jpg\" alt=\"Stapler auf der Kippb\u00fchne\" width=\"1042\" height=\"799\" \/><\/p>\n<h3>Industrieroboter<\/h3>\n<p>F\u00fcr die Entwicklung von Greifern stehen folgende Industrieroboter zur Verf\u00fcgung:<br \/>\n\u2022 Knickarmroboter<br \/>\n\u2022 Portalroboter<\/p>\n<h3>Pr\u00fcfstand f\u00fcr elektrorheologische Fluide<\/h3>\n<p>Mit den am <abbr title=\"Lehrstuhl f\u00fcr Maschinenelemente und Technische Logistik\">MTL<\/abbr> entwickelten Hydraulikpr\u00fcfst\u00e4nden k\u00f6nnen die statischen und dynamischen Eigenschaften von elektrorheologischen Fluiden bis in den Mikrobereich hinein bestimmt werden. Auch die Eigenschaften von ERVentilen und Aktoren k\u00f6nnen ermittelt werden. Die spezielle Anordnung der Ventile erm\u00f6glicht dabei eine besonders genaue Messung des hochdynamischen Schaltverhaltens der ER-Systeme. Die Ergebnisse dieser Untersuchungen k\u00f6nnen sowohl f\u00fcr die Auslegung neuer Systeme, als auch f\u00fcr die Optimierung bestehender ER-Systeme verwendet werden.<\/p>\n<h3>Laser-Scanning-Vibrometer<\/h3>\n<p>Mit dem Laservibrometer k\u00f6nnen kontaklos punktuelle oder fl\u00e4chige Schwingungen gemessen werden. Die Ergebnisse dienen zur Analyse des Schwingverhaltens von Bauteilen.<\/p>\n<h3>Hochgeschwindigkeitskamera<\/h3>\n<p>Die Kamera erm\u00f6glicht Aufnahmen schneller Bewegungsabl\u00e4ufe mit bis zu 100.000 Bildern in der Sekunde. Mit einer speziellen Software k\u00f6nnen Weg-Zeit-Verl\u00e4ufe von Objekten aus den Aufnahmen identifiziert werden.<\/p>\n<h3>Echtzeitmess- und Entwicklungssystem<\/h3>\n<p>Mit der AutoBox der Firma DSpace werden Messsignale in Echtzeit aufgenommen und verarbeitet. Sie wird f\u00fcr die Erstellung und Optimierung von Reglern im Versuch (Rapid Control Prototyping, Software in the Loop) verwendet.<\/p>\n<h3>Rapid-Prototyping<\/h3>\n<p>Die Rapid-Prototypinganlage, welche nach dem Polyjet-Verfahren arbeitet, erm\u00f6glicht das Herstellen von Prototypen und Kleinserien aus <abbr title=\"Computer-aided design\">CAD<\/abbr>-Daten. Dabei k\u00f6nnen in einem Druckvorgang sehr viele verschiedene Materialien, unter anderem auch Elastomere, in einem Bauteil oder einer Baugruppe kombiniert werden. Die herstellbaren Teile, mit einer Maximalgr\u00f6\u00dfe von 260x260x200mm\u00b3 werden dabei mit einer Schichtst\u00e4rke von bis zu 16 \u03bcm gedruckt, sodass ein extrem hoher Detailierungsgrad und eine sehr feine Oberfl\u00e4chenstruktur vorliegt.<\/p>\n<p><img loading=\"lazy\" decoding=\"async\" class=\"alignnone size-full wp-image-255\" src=\"https:\/\/www.hsu-hh.de\/mtl\/wp-content\/uploads\/sites\/689\/2017\/11\/RP-Anlage_Seite-19.jpg\" alt=\"Rapid-Prototyping-Anlage mit Beispielhaften Objekten\" width=\"3072\" height=\"2048\" srcset=\"https:\/\/www.hsu-hh.de\/mtl\/wp-content\/uploads\/sites\/689\/2017\/11\/RP-Anlage_Seite-19.jpg 3072w, https:\/\/www.hsu-hh.de\/mtl\/wp-content\/uploads\/sites\/689\/2017\/11\/RP-Anlage_Seite-19-300x200.jpg 300w, https:\/\/www.hsu-hh.de\/mtl\/wp-content\/uploads\/sites\/689\/2017\/11\/RP-Anlage_Seite-19-768x512.jpg 768w, https:\/\/www.hsu-hh.de\/mtl\/wp-content\/uploads\/sites\/689\/2017\/11\/RP-Anlage_Seite-19-1024x683.jpg 1024w\" sizes=\"auto, (max-width: 3072px) 100vw, 3072px\" \/><\/p>\n<h3>GPS-gest\u00fctztes inertiales Messsystem f\u00fcr Fahrzeuge<\/h3>\n<p>F\u00fcr Fahrversuche und dynamische Kippteste mit Gabelstaplern wird ein inertiales Messsystem mit Laser-Faserkreiseln eingesetzt.<\/p>\n<p><img loading=\"lazy\" decoding=\"async\" class=\"wp-image-256 aligncenter\" src=\"https:\/\/www.hsu-hh.de\/mtl\/wp-content\/uploads\/sites\/689\/2017\/11\/IMG_2696.jpg\" alt=\"Inertiales Messsystem montiert am Gabelstapler\" width=\"350\" height=\"525\" srcset=\"https:\/\/www.hsu-hh.de\/mtl\/wp-content\/uploads\/sites\/689\/2017\/11\/IMG_2696.jpg 2048w, https:\/\/www.hsu-hh.de\/mtl\/wp-content\/uploads\/sites\/689\/2017\/11\/IMG_2696-200x300.jpg 200w, https:\/\/www.hsu-hh.de\/mtl\/wp-content\/uploads\/sites\/689\/2017\/11\/IMG_2696-768x1152.jpg 768w, https:\/\/www.hsu-hh.de\/mtl\/wp-content\/uploads\/sites\/689\/2017\/11\/IMG_2696-683x1024.jpg 683w\" sizes=\"auto, (max-width: 350px) 100vw, 350px\" \/><\/p>\n<h3>Versuchsfahrzeuge<\/h3>\n<p>F\u00fcr Fahrversuche und dynamische Standsicherheitstest stehen unterschiedliche Flurf\u00f6rderzeuge zur Verf\u00fcgung:<br \/>\n\u2022 Elektro-Gegengewichtsstapler<br \/>\n\u2022 Diesel-Gegengewichtsstapler<br \/>\n\u2022 Hochhubwagen<br \/>\n\u2022 Niederhubwagen<br \/>\n\u2022 Routenzug<\/p>\n<h3>Software<\/h3>\n<p>F\u00fcr die Analyse, Simulation und Konstruktion werden folgende Tools eingesetzt:<br \/>\n\u2022 Matlab \/ Simulink<br \/>\n\u2022 MSC Adams<br \/>\n\u2022 Ansys<br \/>\n\u2022 SolidWorks<br \/>\n\u2022 COMSOL<br \/>\n\u2022 Halcon<br \/>\n\u2022 AutoMod<br \/>\n\u2022 Plant Simulation<\/p>\n","protected":false},"excerpt":{"rendered":"<p>Der Lehrstuhl f\u00fcr Maschinenelemente und Technische Logistik verf\u00fcgt \u00fcber umfangreich ausgestattete Labore, inklusive integrierter Werkstattbereiche, mit einer Grundfl\u00e4che von insgesamt ca. 1000 qm. Dar\u00fcber hinaus existieren Freifl\u00e4chen f\u00fcr die Durchf\u00fchrung [&hellip;]<\/p>\n","protected":false},"author":132,"featured_media":0,"parent":0,"menu_order":0,"comment_status":"closed","ping_status":"closed","template":"","meta":{"footnotes":""},"categories":[],"tags":[],"class_list":["post-178","page","type-page","status-publish","hentry"],"_links":{"self":[{"href":"https:\/\/www.hsu-hh.de\/mtl\/wp-json\/wp\/v2\/pages\/178","targetHints":{"allow":["GET"]}}],"collection":[{"href":"https:\/\/www.hsu-hh.de\/mtl\/wp-json\/wp\/v2\/pages"}],"about":[{"href":"https:\/\/www.hsu-hh.de\/mtl\/wp-json\/wp\/v2\/types\/page"}],"author":[{"embeddable":true,"href":"https:\/\/www.hsu-hh.de\/mtl\/wp-json\/wp\/v2\/users\/132"}],"replies":[{"embeddable":true,"href":"https:\/\/www.hsu-hh.de\/mtl\/wp-json\/wp\/v2\/comments?post=178"}],"version-history":[{"count":21,"href":"https:\/\/www.hsu-hh.de\/mtl\/wp-json\/wp\/v2\/pages\/178\/revisions"}],"predecessor-version":[{"id":343,"href":"https:\/\/www.hsu-hh.de\/mtl\/wp-json\/wp\/v2\/pages\/178\/revisions\/343"}],"wp:attachment":[{"href":"https:\/\/www.hsu-hh.de\/mtl\/wp-json\/wp\/v2\/media?parent=178"}],"wp:term":[{"taxonomy":"category","embeddable":true,"href":"https:\/\/www.hsu-hh.de\/mtl\/wp-json\/wp\/v2\/categories?post=178"},{"taxonomy":"post_tag","embeddable":true,"href":"https:\/\/www.hsu-hh.de\/mtl\/wp-json\/wp\/v2\/tags?post=178"}],"curies":[{"name":"wp","href":"https:\/\/api.w.org\/{rel}","templated":true}]}}