{"id":176,"date":"2017-11-09T17:29:15","date_gmt":"2017-11-09T16:29:15","guid":{"rendered":"https:\/\/www.hsu-hh.de\/mtl\/?page_id=176"},"modified":"2017-11-10T12:50:01","modified_gmt":"2017-11-10T11:50:01","slug":"mitgliedschaften","status":"publish","type":"page","link":"https:\/\/www.hsu-hh.de\/mtl\/mitgliedschaften","title":{"rendered":"Mitgliedschaften"},"content":{"rendered":"<p>Der Lehrstuhl f\u00fcr Maschinenelemente und Technische Logistik arbeitet in folgenden Hochschulgremien und Fachverb\u00e4nden<\/p>\n<p>&nbsp;<\/p>\n<p><img loading=\"lazy\" decoding=\"async\" class=\"alignnone wp-image-296\" src=\"https:\/\/www.hsu-hh.de\/mtl\/wp-content\/uploads\/sites\/689\/2017\/11\/asim.gif\" alt=\"asim Logo\" width=\"80\" height=\"80\" \/><img loading=\"lazy\" decoding=\"async\" class=\"alignnone wp-image-298\" src=\"https:\/\/www.hsu-hh.de\/mtl\/wp-content\/uploads\/sites\/689\/2017\/11\/bvl.gif\" alt=\"bvl logo\" width=\"100\" height=\"80\" \/><a href=\"http:\/\/www.ehi.org\/ak_logistik.html\" rel='nofollow'><img loading=\"lazy\" decoding=\"async\" class=\"alignnone wp-image-299\" src=\"https:\/\/www.hsu-hh.de\/mtl\/wp-content\/uploads\/sites\/689\/2017\/11\/ehi.gif\" alt=\"ehi logo\" width=\"127\" height=\"80\" \/><\/a><a href=\"http:\/\/www.fglnet.de\/index.php?id=414\" rel='nofollow'><img loading=\"lazy\" decoding=\"async\" class=\"alignnone wp-image-300\" src=\"https:\/\/www.hsu-hh.de\/mtl\/wp-content\/uploads\/sites\/689\/2017\/11\/fgl.gif\" alt=\"fql logo\" width=\"87\" height=\"80\" \/><\/a><a href=\"http:\/\/www.ftmv.de\/\" rel='nofollow'><img loading=\"lazy\" decoding=\"async\" class=\"alignnone wp-image-301\" src=\"https:\/\/www.hsu-hh.de\/mtl\/wp-content\/uploads\/sites\/689\/2017\/11\/ftmv.gif\" alt=\"ftmv logo\" width=\"134\" height=\"80\" \/><\/a><a href=\"http:\/\/www.vdi.de\" rel='nofollow'><img loading=\"lazy\" decoding=\"async\" class=\"alignnone wp-image-302\" src=\"https:\/\/www.hsu-hh.de\/mtl\/wp-content\/uploads\/sites\/689\/2017\/11\/vdi.gif\" alt=\"vdi Logo\" width=\"81\" height=\"80\" \/><\/a><a href=\"http:\/\/www.wgtl.de\/\" rel='nofollow'><img loading=\"lazy\" decoding=\"async\" class=\"alignnone wp-image-303\" src=\"https:\/\/www.hsu-hh.de\/mtl\/wp-content\/uploads\/sites\/689\/2017\/11\/wgtl.gif\" alt=\"wgtl Logo\" width=\"175\" height=\"80\" \/><\/a><a href=\"http:\/\/www.biokon.de\/\" rel='nofollow'><img loading=\"lazy\" decoding=\"async\" class=\"alignnone wp-image-297\" src=\"https:\/\/www.hsu-hh.de\/mtl\/wp-content\/uploads\/sites\/689\/2017\/11\/biokon.jpg\" alt=\"biokon logo\" width=\"254\" height=\"80\" srcset=\"https:\/\/www.hsu-hh.de\/mtl\/wp-content\/uploads\/sites\/689\/2017\/11\/biokon.jpg 1600w, https:\/\/www.hsu-hh.de\/mtl\/wp-content\/uploads\/sites\/689\/2017\/11\/biokon-300x95.jpg 300w, https:\/\/www.hsu-hh.de\/mtl\/wp-content\/uploads\/sites\/689\/2017\/11\/biokon-768x242.jpg 768w, https:\/\/www.hsu-hh.de\/mtl\/wp-content\/uploads\/sites\/689\/2017\/11\/biokon-1024x323.jpg 1024w\" sizes=\"auto, (max-width: 254px) 100vw, 254px\" \/><\/a><\/p>\n<p>&nbsp;<\/p>\n<ul>\n<li><a href=\"http:\/\/www.asim-gi.org\/\" rel='nofollow'>Arbeitsgemeinschaft Simulation (ASIM)<\/a><\/li>\n<li><a href=\"http:\/\/www.bvl.de\/\" rel='nofollow'>Bundesvereinigung Logistik (BVL)<\/a><\/li>\n<li><a href=\"http:\/\/www.ehi.org\/ak_logistik.html\" rel='nofollow'>EuroHandelsinstitut, Arbeitskreis Logistik (EHI)<\/a><\/li>\n<li><a href=\"http:\/\/www.fglnet.de\/index.php?id=414\" rel='nofollow'>Forschungsgemeinschaft f\u00fcr Logistik (FGL)<\/a><\/li>\n<li><a href=\"http:\/\/www.ftmv.de\/\" rel='nofollow'>Fakult\u00e4tentag Maschinenbau (FTMV)<\/a><\/li>\n<li><a href=\"http:\/\/www.vdi.de\/\" rel='nofollow'>Verein Deutscher Ingenieure (VDI), Gesellschaft f\u00fcr F\u00f6rdertechnik, Materialflu\u00df, Logistik<\/a><\/li>\n<li><a href=\"http:\/\/www.vdi.de\" rel='nofollow'>VDI Hamburger Bezirksverband, Arbeitskreis FML<\/a><\/li>\n<li><a href=\"http:\/\/www.wgtl.de\/\" rel='nofollow'>Wissenschaftliche Gesellschaft f\u00fcr Technische Logistik (WGTL)<\/a><\/li>\n<li><a href=\"http:\/\/www.biokon.de\/\" rel='nofollow'>BIOKON &#8211; Das Bionik-Kompetenznetz<\/a><\/li>\n<\/ul>\n<p>&nbsp;<\/p>\n","protected":false},"excerpt":{"rendered":"<p>Der Lehrstuhl f\u00fcr Maschinenelemente und Technische Logistik arbeitet in folgenden Hochschulgremien und Fachverb\u00e4nden &nbsp; &nbsp; Arbeitsgemeinschaft Simulation (ASIM) Bundesvereinigung Logistik (BVL) EuroHandelsinstitut, Arbeitskreis Logistik (EHI) Forschungsgemeinschaft f\u00fcr Logistik (FGL) Fakult\u00e4tentag [&hellip;]<\/p>\n","protected":false},"author":132,"featured_media":0,"parent":0,"menu_order":0,"comment_status":"closed","ping_status":"closed","template":"","meta":{"footnotes":""},"categories":[],"tags":[],"class_list":["post-176","page","type-page","status-publish","hentry"],"_links":{"self":[{"href":"https:\/\/www.hsu-hh.de\/mtl\/wp-json\/wp\/v2\/pages\/176","targetHints":{"allow":["GET"]}}],"collection":[{"href":"https:\/\/www.hsu-hh.de\/mtl\/wp-json\/wp\/v2\/pages"}],"about":[{"href":"https:\/\/www.hsu-hh.de\/mtl\/wp-json\/wp\/v2\/types\/page"}],"author":[{"embeddable":true,"href":"https:\/\/www.hsu-hh.de\/mtl\/wp-json\/wp\/v2\/users\/132"}],"replies":[{"embeddable":true,"href":"https:\/\/www.hsu-hh.de\/mtl\/wp-json\/wp\/v2\/comments?post=176"}],"version-history":[{"count":9,"href":"https:\/\/www.hsu-hh.de\/mtl\/wp-json\/wp\/v2\/pages\/176\/revisions"}],"predecessor-version":[{"id":312,"href":"https:\/\/www.hsu-hh.de\/mtl\/wp-json\/wp\/v2\/pages\/176\/revisions\/312"}],"wp:attachment":[{"href":"https:\/\/www.hsu-hh.de\/mtl\/wp-json\/wp\/v2\/media?parent=176"}],"wp:term":[{"taxonomy":"category","embeddable":true,"href":"https:\/\/www.hsu-hh.de\/mtl\/wp-json\/wp\/v2\/categories?post=176"},{"taxonomy":"post_tag","embeddable":true,"href":"https:\/\/www.hsu-hh.de\/mtl\/wp-json\/wp\/v2\/tags?post=176"}],"curies":[{"name":"wp","href":"https:\/\/api.w.org\/{rel}","templated":true}]}}