{"id":124,"date":"2017-11-08T16:11:35","date_gmt":"2017-11-08T15:11:35","guid":{"rendered":"https:\/\/www.hsu-hh.de\/mtl\/?page_id=124"},"modified":"2017-11-10T08:45:36","modified_gmt":"2017-11-10T07:45:36","slug":"lehre","status":"publish","type":"page","link":"https:\/\/www.hsu-hh.de\/mtl\/lehre","title":{"rendered":"Lehre"},"content":{"rendered":"<h3>Technische Logistik I und II<\/h3>\n<p>Die Lehrveranstaltung Technische Logistik wird in den Masterstudieng\u00e4ngen Maschinenbau und Wirtschaftsingenieurwesen gelesen. Im ersten Teil wird der aktuelle Stand der Materialflusstechnik behandelt. Die Studierenden lernen die wesentlichen Randbedingungen, die wirtschaftlichen Aspekte sowie die Vor- und Nachteile der technischen Elemente von Materialflusssystemen kennen. Sie lernen die Komponenten f\u00fcr die Planung von Materialflusssystemen sinnvoll auszuw\u00e4hlen, zu berechnen und auszulegen. Im zweiten Teil werden Materialflusssysteme als Teile von Logistiksystemen mit den darin ablaufenden Prozessen untersucht. Es werden die relevanten Begriffe, die Kenngr\u00f6\u00dfen und Modellierungsans\u00e4tze f\u00fcr Materialflusssysteme vermittelt. Die Studierenden lernen abgegrenzte Logistiksysteme theoretisch fundiert und systematisch zu analysieren und zu berechnen.<\/p>\n<h3>Rechnergest\u00fctzt Planung von Materialflusssystemen<\/h3>\n<p>In dieser Lehrveranstaltung mit 4 ECTS werden die Grundlagen f\u00fcr Planung und Simulation von Materialflusssystemen vermittelt. Unter Verwendung eines modernen und in der Industrie eingesetzten Simulationsprogramms werden anhand praktischer Beispiele alle f\u00fcr die Planung, Simulation und Analyse logistischer Systeme notwendigen Schritte erlernt. Hierzu z\u00e4hlen die Grundlagen der Statistik und Wahrscheinlichkeitsrechnung; Algorithmen zur Optimierung; Methoden f\u00fcr den Prozess von der Grob- zur Feinplanung; Datenerhebung, -analyse und -aufbereitung sowie die Planung, Durchf\u00fchrung und Auswertung von Simulationsstudien.<\/p>\n<h3>Maschinenelemente I und II<\/h3>\n<p>Das Fach Maschinenelemente ist ein Pflichtfach in den Bachelorstudieng\u00e4ngen Maschinenbau und Wirtschaftsingenieurwesen. Es werden grundlegende Kenntnisse zum Verst\u00e4ndnis der im Maschinenbau eingesetzten Konstruktionselemente wie zum Beispiel Wellen, Lager, Federn, Schrauben und Getriebe vermittelt. Neben der Funktion und der konstruktiven Gestaltung der Maschinenelemente werden insbesondere ihre Berechnung und Anwendung behandelt. Die Grundlagen der Konstruktionstechnik sind ebenfalls Gegenstand des Faches. Neben der Vorlesung werden Saal\u00fcbungen und Konstruktionslabore zur Erarbeitung und Vertiefung des Stoffes angeboten. Die Lehrveranstaltung erstreckt sich \u00fcber zwei Trimester.<\/p>\n<h3>Technisches Zeichnen<\/h3>\n<p>Hier sollte der Inhalt stehen<\/p>\n<h3>Bachelor-, Seminar- und Masterarbeiten<\/h3>\n<p>Wir bieten laufend Bachelor- Seminar- und Masterarbeiten begleitend zu Forschungsprojekten an. Sprechen Sie uns gern an.<\/p>\n","protected":false},"excerpt":{"rendered":"<p>Technische Logistik I und II Die Lehrveranstaltung Technische Logistik wird in den Masterstudieng\u00e4ngen Maschinenbau und Wirtschaftsingenieurwesen gelesen. Im ersten Teil wird der aktuelle Stand der Materialflusstechnik behandelt. Die Studierenden lernen [&hellip;]<\/p>\n","protected":false},"author":133,"featured_media":0,"parent":0,"menu_order":0,"comment_status":"closed","ping_status":"closed","template":"","meta":{"footnotes":""},"categories":[],"tags":[],"class_list":["post-124","page","type-page","status-publish","hentry"],"_links":{"self":[{"href":"https:\/\/www.hsu-hh.de\/mtl\/wp-json\/wp\/v2\/pages\/124","targetHints":{"allow":["GET"]}}],"collection":[{"href":"https:\/\/www.hsu-hh.de\/mtl\/wp-json\/wp\/v2\/pages"}],"about":[{"href":"https:\/\/www.hsu-hh.de\/mtl\/wp-json\/wp\/v2\/types\/page"}],"author":[{"embeddable":true,"href":"https:\/\/www.hsu-hh.de\/mtl\/wp-json\/wp\/v2\/users\/133"}],"replies":[{"embeddable":true,"href":"https:\/\/www.hsu-hh.de\/mtl\/wp-json\/wp\/v2\/comments?post=124"}],"version-history":[{"count":6,"href":"https:\/\/www.hsu-hh.de\/mtl\/wp-json\/wp\/v2\/pages\/124\/revisions"}],"predecessor-version":[{"id":205,"href":"https:\/\/www.hsu-hh.de\/mtl\/wp-json\/wp\/v2\/pages\/124\/revisions\/205"}],"wp:attachment":[{"href":"https:\/\/www.hsu-hh.de\/mtl\/wp-json\/wp\/v2\/media?parent=124"}],"wp:term":[{"taxonomy":"category","embeddable":true,"href":"https:\/\/www.hsu-hh.de\/mtl\/wp-json\/wp\/v2\/categories?post=124"},{"taxonomy":"post_tag","embeddable":true,"href":"https:\/\/www.hsu-hh.de\/mtl\/wp-json\/wp\/v2\/tags?post=124"}],"curies":[{"name":"wp","href":"https:\/\/api.w.org\/{rel}","templated":true}]}}