{"id":946,"date":"2019-09-24T06:37:09","date_gmt":"2019-09-24T04:37:09","guid":{"rendered":"https:\/\/www.hsu-hh.de\/mrp\/?page_id=946"},"modified":"2021-08-02T18:14:05","modified_gmt":"2021-08-02T16:14:05","slug":"forschungsfelder_old","status":"publish","type":"page","link":"https:\/\/www.hsu-hh.de\/mrp\/forschungsfelder_old","title":{"rendered":"Forschungsfelder-old"},"content":{"rendered":"<hr>\n<div><img loading=\"lazy\" decoding=\"async\" class=\"aligncenter  wp-image-1433\" src=\"https:\/\/www.hsu-hh.de\/mrp\/wp-content\/uploads\/sites\/505\/2020\/01\/Forschungsfelder.jpg\" alt=\"bbka\" data-credit=\"dd\" width=\"931\" height=\"450\" srcset=\"https:\/\/www.hsu-hh.de\/mrp\/wp-content\/uploads\/sites\/505\/2020\/01\/Forschungsfelder.jpg 1244w, https:\/\/www.hsu-hh.de\/mrp\/wp-content\/uploads\/sites\/505\/2020\/01\/Forschungsfelder-300x145.jpg 300w, https:\/\/www.hsu-hh.de\/mrp\/wp-content\/uploads\/sites\/505\/2020\/01\/Forschungsfelder-1024x495.jpg 1024w, https:\/\/www.hsu-hh.de\/mrp\/wp-content\/uploads\/sites\/505\/2020\/01\/Forschungsfelder-768x371.jpg 768w\" sizes=\"auto, (max-width: 931px) 100vw, 931px\" \/><\/p>\n<hr>\n<\/div>\n<p style=\"text-align: justify\">Das Leistungsspektrum der Professur Maschinenelemente und Rechnergest\u00fctzte Produktentwicklung umfasst Forschung und Lehre entlang des gesamten Produktlebenszyklus in den Dom\u00e4nen Automobilindustrie, Luftfahrtindustrie, Medizintechnik und Maschinenbau. Nachfolgend finden Sie eine detailliertere Beschreibung der einzelnen Forschungsfelder, um Ihnen einen besseren \u00dcberblick zu erm\u00f6glichen.<\/p>\n<h3>Kollaboration &amp; Arbeitsorganisation:<\/h3>\n<p style=\"text-align: justify\">Komplexe Industrie- und Entwicklungsprozesse leben von dem effektiven Zusammenwirken unterschiedlicher Personen und deren Beitr\u00e4ge. In diesem Forschungsfeld werden erweiterte Methoden zur Steuerung der Ablauforganisation in der Entwicklung und der Fertigung, insbesondere dem Systems Engineering, der agilen Produktentwicklung und der Koordinationsmechanismen erprobt.<\/p>\n<h3>Fr\u00fchzeitige Produktbeeinflussung:<\/h3>\n<p style=\"text-align: justify\">Die fr\u00fchzeitige Produktbeeinflussung besch\u00e4ftigt sich mit neuartigen Ans\u00e4tzen, um unterschiedliche Belange und Sichtweisen auf das Produkt fr\u00fchzeitig und systematisch im Produktentstehungsprozess zusammenzuf\u00fchren. Aufgrund der Interdisziplinarit\u00e4t zwischen den Dimensionen Mensch, Technik und Organisation, stellt dieses Forschungsfeld einen zentralen Schwerpunkt am MRP dar.<\/p>\n<h3>Human Centered Interactive Design:<\/h3>\n<p style=\"text-align: justify\">Die Schnittstelle zwischen dem Menschen und der Maschine gewinnt in Zeiten der Digitalen Transformation zunehmend an Bedeutung. Mit Schwerpunkt auf Interface- und Experience-Design, Virtual Reality und rechnergest\u00fctzter Prozessassistenzen, forscht das MRP an performanten, intelligenten und nutzerorientierten Interaktionsformen und Dialogen.<\/p>\n<h3>Datengetriebene Produktbeschreibung:<\/h3>\n<p style=\"text-align: justify\">Die datengetriebene Produktbeschreibung stellt die analytische Grundlage zur Optimierung der digitalen Wertsch\u00f6pfungskette der Produktentwicklung dar. Regelbasierte Komplexst\u00fccklisten, PDM, PLM und CAD bilden die relevanten Abh\u00e4ngigkeiten innerhalb und zwischen den drei Abbildungsebenen (Produktebene, technische Ebene, geometrische Ebene) ab.<\/p>\n<h3>Prozessanalytik:<\/h3>\n<p style=\"text-align: justify\">Die Bereitstellung entscheidungsrelevanter Informationen zur qualitativen, zeitlichen und wirtschaftlichen Optimierung von Gesch\u00e4ftsprozessen ist eine Zielsetzung der Prozessanalytik. Methoden des Data Science und des Process Minings erg\u00e4nzen das Prozesswissen hinsichtlich der datengest\u00fctzten Analyse von Gesch\u00e4ftsprozessen.<\/p>\n<h3>Produktanalytik:<\/h3>\n<p style=\"text-align: justify\">Zielsetzung der Produktanalytik ist die Beschreibung von Produkten und deren Einfluss auf ein Gesamtsystem. Dabei stehen die technischen Merkmale des Produktes und seine Abh\u00e4ngigkeiten im Vordergrund.<\/p>\n<h3>Verfahren und Anwendungen der K\u00fcnstlichen Intelligenz:<\/h3>\n<p style=\"text-align: justify\">Verfahren der K\u00fcnstlichen Intelligenz f\u00fchren zu Anwendungen im Bereich der Prozessanalyse sowie der Maschinen\u00fcberwachung. Diese gestatten neben einer verschlei\u00dfgesteuerten Instandhaltungsplanung auch zuk\u00fcnftige vernetzte Systeme zur autonomen Selbst\u00fcberwachung und -steuerung von Maschinen und Anlagen.<\/p>\n<h3>Maschinenbau und Versuchstechnik:<\/h3>\n<p style=\"text-align: justify\">Im Bereich des Maschinenbaus werden Maschinenelemente als Grundlage der Optimierung von Komponenten und Systemen analysiert. Dabei werden zerst\u00f6rende und nicht zerst\u00f6rende Verfahren in der Versuchstechnik eingesetzt, um Lebensdaueruntersuchungen durchzuf\u00fchren.<\/p>\n<p>&nbsp;<\/p>\n","protected":false},"excerpt":{"rendered":"<p>Das Leistungsspektrum der Professur Maschinenelemente und Rechnergest\u00fctzte Produktentwicklung umfasst Forschung und Lehre entlang des gesamten Produktlebenszyklus in den Dom\u00e4nen Automobilindustrie, Luftfahrtindustrie, Medizintechnik und Maschinenbau. Nachfolgend finden Sie eine detailliertere Beschreibung [&hellip;]<\/p>\n","protected":false},"author":33,"featured_media":0,"parent":0,"menu_order":0,"comment_status":"closed","ping_status":"closed","template":"","meta":{"footnotes":""},"categories":[4],"tags":[],"class_list":["post-946","page","type-page","status-publish","hentry","category-forschung"],"_links":{"self":[{"href":"https:\/\/www.hsu-hh.de\/mrp\/wp-json\/wp\/v2\/pages\/946","targetHints":{"allow":["GET"]}}],"collection":[{"href":"https:\/\/www.hsu-hh.de\/mrp\/wp-json\/wp\/v2\/pages"}],"about":[{"href":"https:\/\/www.hsu-hh.de\/mrp\/wp-json\/wp\/v2\/types\/page"}],"author":[{"embeddable":true,"href":"https:\/\/www.hsu-hh.de\/mrp\/wp-json\/wp\/v2\/users\/33"}],"replies":[{"embeddable":true,"href":"https:\/\/www.hsu-hh.de\/mrp\/wp-json\/wp\/v2\/comments?post=946"}],"version-history":[{"count":19,"href":"https:\/\/www.hsu-hh.de\/mrp\/wp-json\/wp\/v2\/pages\/946\/revisions"}],"predecessor-version":[{"id":2607,"href":"https:\/\/www.hsu-hh.de\/mrp\/wp-json\/wp\/v2\/pages\/946\/revisions\/2607"}],"wp:attachment":[{"href":"https:\/\/www.hsu-hh.de\/mrp\/wp-json\/wp\/v2\/media?parent=946"}],"wp:term":[{"taxonomy":"category","embeddable":true,"href":"https:\/\/www.hsu-hh.de\/mrp\/wp-json\/wp\/v2\/categories?post=946"},{"taxonomy":"post_tag","embeddable":true,"href":"https:\/\/www.hsu-hh.de\/mrp\/wp-json\/wp\/v2\/tags?post=946"}],"curies":[{"name":"wp","href":"https:\/\/api.w.org\/{rel}","templated":true}]}}