{"id":73,"date":"2017-07-03T15:52:08","date_gmt":"2017-07-03T13:52:08","guid":{"rendered":"https:\/\/www.hsu-hh.de\/vorlage\/?page_id=73"},"modified":"2020-03-18T19:56:03","modified_gmt":"2020-03-18T18:56:03","slug":"startseite","status":"publish","type":"page","link":"https:\/\/www.hsu-hh.de\/mrp\/","title":{"rendered":""},"content":{"rendered":"<div class=\"content-block3\" style=\"text-align: center\"><img decoding=\"async\" src=\"https:\/\/www.hsu-hh.de\/mrp\/wp-content\/uploads\/sites\/505\/2019\/09\/Werkstatt.jpg\" \/><\/div>\n<div class=\"content-block3\" style=\"text-align: center\"><img decoding=\"async\" src=\"https:\/\/www.hsu-hh.de\/mrp\/wp-content\/uploads\/sites\/505\/2019\/09\/CAD-Labor-klein.jpg\" \/><\/div>\n<div class=\"content-block3\" style=\"text-align: center\"><img decoding=\"async\" src=\"https:\/\/www.hsu-hh.de\/mrp\/wp-content\/uploads\/sites\/505\/2019\/09\/VR-Labor.jpg\" \/><\/div>\n<p>&nbsp;<\/p>\n<h2 style=\"text-align: center\">Willkommen an der Professur f\u00fcr Maschinenelemente und Rechnergest\u00fctzte Produktentwicklung<\/h2>\n<p>&nbsp;<\/p>\n<p style=\"text-align: center\"><b>Professor <abbr title=\"Doktor der Ingenieurwissenschaften\">Dr.-Ing.<\/abbr> Frank Mantwill<\/b><\/p>\n<p>&nbsp;<\/p>\n<p style=\"text-align: justify\">K\u00fcnstliche Intelligenz (KI) &#8211; oder im englischen AI &#8211; regt viele Fantasien an, wie sich unsere Zukunft ver\u00e4ndern kann. Denkbar sind beispielsweise disruptive Innovationen von Prozessen, Produkten oder Dienstleistungen. Bis diese Fantasien Realit\u00e4t werden, bedarf es noch umfangreicher Forschungst\u00e4tigkeiten.<\/p>\n<p style=\"text-align: justify\">Das MRP forscht auf dem Gebiet der fr\u00fchzeitigen Produktbeeinflussung. Assistierende oder autonome Systeme sollen in der fr\u00fchen Phase der Produktentwicklung einerseits rationalisieren, andererseits bei der Bew\u00e4ltigung zuk\u00fcnftig komplexer werdender Aufgaben unterst\u00fctzen k\u00f6nnen. Grundlage bilden hier physische oder statistische Modelle, die systematisch erforscht, weiterentwickelt und in realen Anwendungen umgesetzt werden. Diese neu entstehenden Anwendungen werden Auswirkungen auf die Organisation und den Menschen haben, weshalb wir in unseren Forschungsprojekten stets den MTO-Ansatz verfolgen. Gerade bei KI-basierten Anwendungen ergibt sich auf diesem Gebiet noch ein gro\u00dfer Forschungsbedarf. Die Anwendungen kommen vor allem von Automobilherstellern  und deren Zulieferern. Aber auch in der Prothetik aus der Medizintechnik verfolgen wir \u00e4hnliche Ziele.<\/p>\n<p style=\"text-align: justify\">Wir forschen bevorzugt in industriegef\u00f6rderten Projekten. Jedes Forschungsprojekt verfolgt eine Win-win-Situation f\u00fcr den Doktoranden\/innen und den Projektpartner. Studierende qualifizieren sich durch die Mitarbeit im Sinne des lernenden Forschens.  Das hat aus unserer Erfahrung einen mehrfachen Gewinn f\u00fcr alle Beteiligten. Machen Sie sich auf unserer Internetseite ein eigenes Bild von den Angeboten, die wir an Sie als Unternehmen, als Studierender oder als potenzieller Promovierender machen k\u00f6nnen.<\/p>\n<p>&nbsp;<\/p>\n<p>&nbsp;<\/p>\n","protected":false},"excerpt":{"rendered":"<p>&nbsp; Willkommen an der Professur f\u00fcr Maschinenelemente und Rechnergest\u00fctzte Produktentwicklung &nbsp; Professor Dr.-Ing. Frank Mantwill &nbsp; K\u00fcnstliche Intelligenz (KI) &#8211; oder im englischen AI &#8211; regt viele Fantasien an, wie [&hellip;]<\/p>\n","protected":false},"author":1,"featured_media":0,"parent":0,"menu_order":0,"comment_status":"closed","ping_status":"closed","template":"faculty.php","meta":{"footnotes":""},"categories":[35],"tags":[],"class_list":["post-73","page","type-page","status-publish","hentry","category-startseite"],"_links":{"self":[{"href":"https:\/\/www.hsu-hh.de\/mrp\/wp-json\/wp\/v2\/pages\/73","targetHints":{"allow":["GET"]}}],"collection":[{"href":"https:\/\/www.hsu-hh.de\/mrp\/wp-json\/wp\/v2\/pages"}],"about":[{"href":"https:\/\/www.hsu-hh.de\/mrp\/wp-json\/wp\/v2\/types\/page"}],"author":[{"embeddable":true,"href":"https:\/\/www.hsu-hh.de\/mrp\/wp-json\/wp\/v2\/users\/1"}],"replies":[{"embeddable":true,"href":"https:\/\/www.hsu-hh.de\/mrp\/wp-json\/wp\/v2\/comments?post=73"}],"version-history":[{"count":43,"href":"https:\/\/www.hsu-hh.de\/mrp\/wp-json\/wp\/v2\/pages\/73\/revisions"}],"predecessor-version":[{"id":1507,"href":"https:\/\/www.hsu-hh.de\/mrp\/wp-json\/wp\/v2\/pages\/73\/revisions\/1507"}],"wp:attachment":[{"href":"https:\/\/www.hsu-hh.de\/mrp\/wp-json\/wp\/v2\/media?parent=73"}],"wp:term":[{"taxonomy":"category","embeddable":true,"href":"https:\/\/www.hsu-hh.de\/mrp\/wp-json\/wp\/v2\/categories?post=73"},{"taxonomy":"post_tag","embeddable":true,"href":"https:\/\/www.hsu-hh.de\/mrp\/wp-json\/wp\/v2\/tags?post=73"}],"curies":[{"name":"wp","href":"https:\/\/api.w.org\/{rel}","templated":true}]}}