{"id":2586,"date":"2021-08-02T17:39:10","date_gmt":"2021-08-02T15:39:10","guid":{"rendered":"https:\/\/www.hsu-hh.de\/mrp\/?page_id=2586"},"modified":"2021-08-02T18:16:34","modified_gmt":"2021-08-02T16:16:34","slug":"ff-process-intelligence","status":"publish","type":"page","link":"https:\/\/www.hsu-hh.de\/mrp\/ff-process-intelligence","title":{"rendered":"Process Intelligence"},"content":{"rendered":"<p style=\"text-align: justify\">Durch den technologischen Fortschritt nimmt der Einsatz von Informationssystemen zur computergest\u00fctzten und automatisierten Verarbeitung von Prozessabl\u00e4ufen zu. H\u00e4ufig sind diese Prozesse im Zuge des digitalen Wandels vielfach ver\u00e4ndert, miteinander vernetzt und komplex. Hierbei stehen prim\u00e4re und sekund\u00e4re Wertsch\u00f6pfungsprozesse, wie Entwicklungsprozesse aber auch Fertigungs- und Logistikprozesse vor gro\u00dfen Herausforderungen. Die Professur f\u00fcr Maschinenelemente und Rechnergest\u00fctzte Produktentwicklung forscht im Schwerpunkt Process Intelligence, um diesen Herausforderungen entgegenzuwirken.<\/p>\n<p style=\"text-align: justify\">Im Process Intelligence werden Prozessdaten mit Hilfe der Methoden des Data Science ausgewertet. Relevante Daten, die im Zuge einzelner Prozessausf\u00fchrungen generiert werden, liegen hierbei im Fokus und werden systematisch gesammelt, strukturiert und analysiert. Process Intelligence umfasst neben Process Analytics die F\u00e4higkeit Daten von Betriebsmitteln auszuwerten. Durch die Anwendung der Methoden des Data Science wird im Process Intelligence eine Auswertung von Daten auf verschiedenen Abstraktionsebnen realisiert, die zur Optimierung der Wertsch\u00f6pfungsprozesse beitragen.<\/p>\n<p style=\"text-align: justify\">Process Mining als Werkzeug der Process Analytics erm\u00f6glicht genaue Informationen \u00fcber den Ist-Zustand von Prozessen, wie beispielsweise die Prozessdauer, den Prozessverantwortlichen und die Prozesselemente, zu liefern. Diese Informationen erm\u00f6glichen Prozessabbildungen, Konformit\u00e4tspr\u00fcfungen, um Abweichungen im Prozess zu identifizieren und Prozessoptimierungen.<\/p>\n<p style=\"text-align: justify\">Um Betriebsmitteldaten zur Auswertung bereitstellen zu k\u00f6nnen, forschen wir an Kommunikationsprotokollen und Architekturen. Dadurch wird die Anwendung von Methoden des Data Science, wie Predictive Analytics, Qualit\u00e4tsanalysen von Fertigungsprozessen und weitere erm\u00f6glicht. Die Aggregation der Betriebsmitteldaten in \u00fcbergeordneten Produktionssystemen und Unternehmensplanungssystemen bildet die Grundlage f\u00fcr ganzheitliche Kostenoptimierungen.<\/p>\n<p style=\"text-align: justify\">Industriekooperationen, insbesondere im Bereich der Luftfahrt und der Automobilbranche, erm\u00f6glichen der Professur eine Implementierung und Evaluation von Process Intelligence im realen Umfeld. Aus der Motivation heraus einen Beitrag zur Optimierung von Wertsch\u00f6pfungsprozessen in Unternehmen zu liefern, verfolgen wir am MRP im Zusammenspiel mit dem Forschungsfeld Product Intelligence eine ganzheitliche Betrachtungsweise, die das Produkt, den Prozess und die Ressource umfasst.<\/p>\n<h3>Projekte (laufend)<\/h3>\n<ul>\n<li>Mavraj: Koordinierung von Multi-Agenten-Systemen bedingt durch die Optimierung von raum-zeitlichen Ablaufvorg\u00e4ngen mit den Techniken des Process Mining (Lehrstuhl)<\/li>\n<li>Hage: Durchg\u00e4ngigkeit im Produktentstehungsprozess durchmodelbasierte Wissensintegration (Audi)<\/li>\n<\/ul>\n<h3>Kontakt<\/h3>\n<p><a href=\"https:\/\/www.hsu-hh.de\/mrp\/m-sc-hassan-hage\">Hassan Hage<\/a><\/p>\n","protected":false},"excerpt":{"rendered":"<p>Durch den technologischen Fortschritt nimmt der Einsatz von Informationssystemen zur computergest\u00fctzten und automatisierten Verarbeitung von Prozessabl\u00e4ufen zu. H\u00e4ufig sind diese Prozesse im Zuge des digitalen Wandels vielfach ver\u00e4ndert, miteinander vernetzt [&hellip;]<\/p>\n","protected":false},"author":33,"featured_media":0,"parent":0,"menu_order":0,"comment_status":"closed","ping_status":"closed","template":"","meta":{"footnotes":""},"categories":[4,225],"tags":[],"class_list":["post-2586","page","type-page","status-publish","hentry","category-forschung","category-forschungsfelder"],"_links":{"self":[{"href":"https:\/\/www.hsu-hh.de\/mrp\/wp-json\/wp\/v2\/pages\/2586","targetHints":{"allow":["GET"]}}],"collection":[{"href":"https:\/\/www.hsu-hh.de\/mrp\/wp-json\/wp\/v2\/pages"}],"about":[{"href":"https:\/\/www.hsu-hh.de\/mrp\/wp-json\/wp\/v2\/types\/page"}],"author":[{"embeddable":true,"href":"https:\/\/www.hsu-hh.de\/mrp\/wp-json\/wp\/v2\/users\/33"}],"replies":[{"embeddable":true,"href":"https:\/\/www.hsu-hh.de\/mrp\/wp-json\/wp\/v2\/comments?post=2586"}],"version-history":[{"count":3,"href":"https:\/\/www.hsu-hh.de\/mrp\/wp-json\/wp\/v2\/pages\/2586\/revisions"}],"predecessor-version":[{"id":2592,"href":"https:\/\/www.hsu-hh.de\/mrp\/wp-json\/wp\/v2\/pages\/2586\/revisions\/2592"}],"wp:attachment":[{"href":"https:\/\/www.hsu-hh.de\/mrp\/wp-json\/wp\/v2\/media?parent=2586"}],"wp:term":[{"taxonomy":"category","embeddable":true,"href":"https:\/\/www.hsu-hh.de\/mrp\/wp-json\/wp\/v2\/categories?post=2586"},{"taxonomy":"post_tag","embeddable":true,"href":"https:\/\/www.hsu-hh.de\/mrp\/wp-json\/wp\/v2\/tags?post=2586"}],"curies":[{"name":"wp","href":"https:\/\/api.w.org\/{rel}","templated":true}]}}