{"id":1317,"date":"2019-12-12T19:08:33","date_gmt":"2019-12-12T18:08:33","guid":{"rendered":"https:\/\/www.hsu-hh.de\/mrp\/?page_id=1317"},"modified":"2021-03-23T16:11:47","modified_gmt":"2021-03-23T15:11:47","slug":"m-eng-tanja-wonerow","status":"publish","type":"page","link":"https:\/\/www.hsu-hh.de\/mrp\/m-eng-tanja-wonerow","title":{"rendered":"M.Eng. Tanja Wonerow"},"content":{"rendered":"<div class=\"clearfix\"><\/div>\n<div class=\"ansprechparter-container\">\n<div class=\"row ansprechpartner-item ansprechparter-header\">\n<div class=\"col-xs-8 col-lg-12\" style=\"margin-bottom: 30px\">\n<div class=\"mobile-small\"><\/div>\n<\/div>\n<div class=\"col-md-4 col-lg-3 col-xs-4 ansprechpartner-item floatright img-circle center-block\" style=\"margin-bottom: 30px\">\n<div class=\"img-responsive-wrapper\">\n<p><img loading=\"lazy\" decoding=\"async\" class=\"wp-image-632 \" src=\"https:\/\/www.hsu-hh.de\/mrp\/wp-content\/uploads\/sites\/505\/2019\/12\/DSC_0011.jpg\" alt=\"Christian Vorwerk\" width=\"163\" height=\"206\" data-credit=\"Christian Vorwerk\"><\/p>\n<\/div>\n<\/div>\n<div class=\"col-md-12 col-lg-3 col-xs-12 ansprechpartner-item kontakt floatright\" style=\"margin-bottom: 30px\">\n<div class=\"row\">\n<div class=\"col-xs-12 col-sm-6 col-lg-12\">\n<div class=\"row\">\n<div class=\"col-xs-12 col-lg-4 row-text bold\">Raum:<\/div>\n<div class=\"col-xs-12 col-lg-8 row-text\">1363<\/div>\n<\/div>\n<\/div>\n<div class=\"col-xs-12 col-sm-6 col-lg-12\">\n<div class=\"row\">\n<div class=\"col-xs-12 col-lg-4 row-text bold\">Telefon:<\/div>\n<div class=\"col-xs-12 col-lg-8 row-text\">(040) 6541-2473<\/div>\n<\/div>\n<\/div>\n<div class=\"col-xs-12 col-sm-6 col-lg-12\">\n<div class=\"row\">\n<div class=\"col-xs-12 col-lg-4 row-text bold\">Fax:<\/div>\n<div class=\"col-xs-12 col-lg-8 row-text\">(040) 6541-3745<\/div>\n<\/div>\n<\/div>\n<div class=\"col-xs-12 col-sm-6 col-lg-12\">\n<div class=\"row\">\n<div class=\"col-xs-12 col-lg-20 row-text\">tanja.wonerow@hsu-hh.de<\/div>\n<\/div>\n<\/div>\n<\/div>\n<\/div>\n<div class=\"col-md-6 col-lg-3 col-xs-12 ansprechpartner-item anschrift floatright\">\n<div class=\"row-headline\">Besucheranschrift<\/div>\n<div class=\"row-text\">Helmut-Schmidt-Universit\u00e4t<\/div>\n<div class=\"row-text\">Geb\u00e4ude H1<\/div>\n<div class=\"row-text\">Holstenhofweg 85<\/div>\n<div class=\"row-text\">22043 Hamburg<\/div>\n<\/div>\n<div class=\"col-md-6 col-lg-3 col-xs-12 ansprechpartner-item anschrift floatright\">\n<div class=\"row-headline\">Postanschrift<\/div>\n<div class=\"row-text\">Helmut-Schmidt-Universit\u00e4t<\/div>\n<div class=\"row-text\">Fakult\u00e4t f\u00fcr Maschinenbau<\/div>\n<div class=\"row-text\">Postfach 70 08 22<\/div>\n<div class=\"row-text\">22008 Hamburg<\/div>\n<\/div>\n<\/div>\n<\/div>\n<div class=\"clearfix\"><\/div>\n<p>&nbsp;<\/p>\n<h3>T\u00e4tigkeiten<\/h3>\n<p>Frau Wonerow ist wissenschaftliche Mitarbeiterin am MRP.<\/p>\n<p>Im Rahmen ihrer Forschung besch\u00e4ftigt sie sich mit der rechnergest\u00fctzen Analyse der Auswirkungen eines k\u00fcnstlichen Gelenkersatzes auf die umliegende Knochenstruktur sowie der Optimierung des Tribokontaktes k\u00fcnstlicher Gelenke mittels Oberfl\u00e4chenstrukturierung zur Verbesserung des Schmierfilmaufbaus.<\/p>\n<p>Im Gegensatz zu technischen Materialien passen sich Knochen in ihrer Struktur der mechanischen Beanspruchung an. Der Einbau eines k\u00fcnstlichen Gelenks ver\u00e4ndert die physiologische Beanspruchung des Knochens aufgrund der unterschiedlichen elastischen Materialeigenschaften. Durch die ver\u00e4nderte Beanspruchung setzen Knochenumbauprozesse ein, die zur Lockerung der Prothese f\u00fchren k\u00f6nnen. Die Finite-Elemente-Methode erm\u00f6glicht eine rechnergest\u00fctzte Analyse der mechanischen Beanspruchung von Festk\u00f6rpern geometrisch komplexer Form. Die Auswirkungen auf die kn\u00f6cherne Struktur (in Form der Knochendichteverteilung) l\u00e4sst sich mittels einer Topologieoptimierung nachbilden.<\/p>\n<p>Auch die Gleiteigenschaften der Gelenkpaarung beinflussen die Beanspruchung am Knochen-Implantat-Interface. Bei den meisten anatomischen Gelenken handelt es sich um niedrig-kongruente Gleitpaarungen mit multiaxialen Belastungszust\u00e4nden, so dass nicht mit der Bildung eines hydrodynamischen Schmierfilms gerechnet werden kann. Vielmehr sind hier Grenz- und Mischreibungseffekte vorherrschend, die im Allgemeinen zu einer h\u00f6heren Reibung und einen h\u00f6heren Verschlei\u00df f\u00fchren. Hier k\u00f6nnen strukturierte Oberfl\u00e4chen einer Reibungs- und Verschlei\u00dfminderung dienen. Dank des zus\u00e4tzlichen Schmierstoffes in den Oberfl\u00e4chenvertiefungen f\u00f6rdern sie den Aufbau eines tragf\u00e4higen Schmierfilms. Zus\u00e4tzlich kommen sie einer Reduzierung des Dreik\u00f6rpersverschlei\u00dfes zugute, da die Vertiefungen Verschlei\u00dfpartikel aufnehmen. Mittels numerischer Methoden sollen die Zusammenh\u00e4nge zwischen Oberfl\u00e4chentopographie und den Schmier- und Reibverh\u00e4ltnissen niedrig-kongruenter Gleitpaarungen analysiert und optimiert werden.<\/p>\n<p>Lehre:<br \/>\n&#8211; Maschinenelemente (Kurzfragen)<\/p>\n<h3>Projekte<\/h3>\n<p>Im Rahmen von Forschungskooperationen wurden nachfolgende Forschungsprojekte bearbeitet.<\/p>\n<ul>\n<li>rechnergest\u00fctzte Analyse der kn\u00f6chernen Beanspruchung am Knochen-Implantat-Interface durch den k\u00fcnstlichen Gelenkersatz.<\/li>\n<li>numerische Analyse der Wirkzusammenh\u00e4nge zwischen Oberfl\u00e4chentopographie und den Schmier- und Reibverh\u00e4ltnissen niedrig-kongruenter Gleitpaarungen<\/li>\n<\/ul>\n<h3>Ver\u00f6ffentlichungen<\/h3>\n<div id=\"category_content_n7iZJXEG\" class=\"hsu_category archive-page\"><div class=\"clearfix\"><\/div><div class=\"entry-content\"><p><strong> Schroeder,S., Uhler, M., Schonhoff, M., Nees, T.A., Wonerow, T., Nuppnau, J., Mantwill, F., Kretzer, J.P. <\/strong> (2023) In vitro wear behavior of knee implants at different load levels: The Impact of the <abbr title=\"fssdfdfs\">test<\/abbr> fluid. Lubricants 2023, 11, 474. (doi.org\/10.3390\/lubricants11110474)<\/p>\n<\/div><div class=\"clearfix\"><\/div><div class=\"entry-content\"><p><strong> Uhler, M.; Schonhoff, M.; Nees, T.A.; Wonerow, T.;  Nuppnau, J.; Mantwill, F.; Kretzer, J.P.; Schroeder, S. <\/strong> Rheological Behavior of Different Bovine Calf Sera before, during and after Biomechanical Testing. Lubricants 2022, 10, 224. (https:\/\/doi.org\/10.3390\/lubricants10090224)<\/p>\n<\/div><div class=\"clearfix\"><\/div><div class=\"entry-content\"><p><strong> Wonerow, T.; Uhler, M.; Nuppnau, J.; Kretzer, J.P.; Mantwill, F.<\/strong> Rheological Behavior of Bovine Calf Serum. Materials 2021, 14, 2538. (https:\/\/doi.org\/10.3390\/ma14102538)<\/p>\n<\/div><div class=\"clearfix\"><\/div><div class=\"entry-content\"><p><strong>Wonerow, T.; Uhler, M.<\/strong>  Oberfl\u00e4chenstrukturierung niedrigkongruenter Keramikgleitpaarungen zur Verringerung von Reibung und Verschlei\u00df, Beitrag zur Hamburger Studierendentagung 2019, Konferenz Hamburg.<\/p>\n<\/div><div class=\"clearfix\"><\/div><div class=\"entry-content\"><p><strong>Bl\u00f6\u00df, T.; Welsch M.<\/strong> Symposium: Biomechanics of Bones and Joints, RVE procedure for estimating the elastic properties of inhomogeneous microstrcutures such as bone tissue, Hannover, 22.11.2013.<\/p>\n<\/div><div class=\"clearfix\"><\/div><div class=\"entry-content\"><p><strong>Bl\u00f6\u00df, T.; Welsch, M.<\/strong> 8. Norddeutsches Simulationsforum, Effektive mechanische Materialeigenschaften von Werkstoffen mit stochastischen verteilten Agglomeratren, Hamburg, 31.10.2013.<\/p>\n<\/div><\/div>\n<h3>Studentische Arbeiten&#8220; class=&#8220;out<\/h3>\n<p>&nbsp;<\/p>\n<div id=\"category_content_iMInve9A\" class=\"hsu_category archive-page\"><div class=\"clearfix\"><\/div><div class=\"entry-content\"><p><strong> Schroeder,S., Uhler, M., Schonhoff, M., Nees, T.A., Wonerow, T., Nuppnau, J., Mantwill, F., Kretzer, J.P. <\/strong> (2023) In vitro wear behavior of knee implants at different load levels: The Impact of the <abbr title=\"fssdfdfs\">test<\/abbr> fluid. Lubricants 2023, 11, 474. (doi.org\/10.3390\/lubricants11110474)<\/p>\n<\/div><div class=\"clearfix\"><\/div><div class=\"entry-content\"><p><strong> Uhler, M.; Schonhoff, M.; Nees, T.A.; Wonerow, T.;  Nuppnau, J.; Mantwill, F.; Kretzer, J.P.; Schroeder, S. <\/strong> Rheological Behavior of Different Bovine Calf Sera before, during and after Biomechanical Testing. Lubricants 2022, 10, 224. (https:\/\/doi.org\/10.3390\/lubricants10090224)<\/p>\n<\/div><div class=\"clearfix\"><\/div><div class=\"entry-content\"><p><strong> Wonerow, T.; Uhler, M.; Nuppnau, J.; Kretzer, J.P.; Mantwill, F.<\/strong> Rheological Behavior of Bovine Calf Serum. Materials 2021, 14, 2538. (https:\/\/doi.org\/10.3390\/ma14102538)<\/p>\n<\/div><div class=\"clearfix\"><\/div><div class=\"entry-content\"><p><strong>Wonerow, T.; Uhler, M.<\/strong>  Oberfl\u00e4chenstrukturierung niedrigkongruenter Keramikgleitpaarungen zur Verringerung von Reibung und Verschlei\u00df, Beitrag zur Hamburger Studierendentagung 2019, Konferenz Hamburg.<\/p>\n<\/div><div class=\"clearfix\"><\/div><div class=\"entry-content\"><p><strong>Bl\u00f6\u00df, T.; Welsch M.<\/strong> Symposium: Biomechanics of Bones and Joints, RVE procedure for estimating the elastic properties of inhomogeneous microstrcutures such as bone tissue, Hannover, 22.11.2013.<\/p>\n<\/div><div class=\"clearfix\"><\/div><div class=\"entry-content\"><p><strong>Bl\u00f6\u00df, T.; Welsch, M.<\/strong> 8. Norddeutsches Simulationsforum, Effektive mechanische Materialeigenschaften von Werkstoffen mit stochastischen verteilten Agglomeratren, Hamburg, 31.10.2013.<\/p>\n<\/div><\/div>\n<p>&nbsp;<\/p>\n","protected":false},"excerpt":{"rendered":"<p>Raum: 1363 Telefon: (040) 6541-2473 Fax: (040) 6541-3745 tanja.wonerow@hsu-hh.de Besucheranschrift Helmut-Schmidt-Universit\u00e4t Geb\u00e4ude H1 Holstenhofweg 85 22043 Hamburg Postanschrift Helmut-Schmidt-Universit\u00e4t Fakult\u00e4t f\u00fcr Maschinenbau Postfach 70 08 22 22008 Hamburg &nbsp; T\u00e4tigkeiten [&hellip;]<\/p>\n","protected":false},"author":1199,"featured_media":0,"parent":0,"menu_order":0,"comment_status":"closed","ping_status":"closed","template":"","meta":{"footnotes":""},"categories":[4],"tags":[],"class_list":["post-1317","page","type-page","status-publish","hentry","category-forschung"],"_links":{"self":[{"href":"https:\/\/www.hsu-hh.de\/mrp\/wp-json\/wp\/v2\/pages\/1317","targetHints":{"allow":["GET"]}}],"collection":[{"href":"https:\/\/www.hsu-hh.de\/mrp\/wp-json\/wp\/v2\/pages"}],"about":[{"href":"https:\/\/www.hsu-hh.de\/mrp\/wp-json\/wp\/v2\/types\/page"}],"author":[{"embeddable":true,"href":"https:\/\/www.hsu-hh.de\/mrp\/wp-json\/wp\/v2\/users\/1199"}],"replies":[{"embeddable":true,"href":"https:\/\/www.hsu-hh.de\/mrp\/wp-json\/wp\/v2\/comments?post=1317"}],"version-history":[{"count":6,"href":"https:\/\/www.hsu-hh.de\/mrp\/wp-json\/wp\/v2\/pages\/1317\/revisions"}],"predecessor-version":[{"id":1564,"href":"https:\/\/www.hsu-hh.de\/mrp\/wp-json\/wp\/v2\/pages\/1317\/revisions\/1564"}],"wp:attachment":[{"href":"https:\/\/www.hsu-hh.de\/mrp\/wp-json\/wp\/v2\/media?parent=1317"}],"wp:term":[{"taxonomy":"category","embeddable":true,"href":"https:\/\/www.hsu-hh.de\/mrp\/wp-json\/wp\/v2\/categories?post=1317"},{"taxonomy":"post_tag","embeddable":true,"href":"https:\/\/www.hsu-hh.de\/mrp\/wp-json\/wp\/v2\/tags?post=1317"}],"curies":[{"name":"wp","href":"https:\/\/api.w.org\/{rel}","templated":true}]}}