{"id":213,"date":"2017-11-13T14:24:47","date_gmt":"2017-11-13T13:24:47","guid":{"rendered":"https:\/\/www.hsu-hh.de\/mit\/?page_id=213"},"modified":"2019-02-14T10:46:37","modified_gmt":"2019-02-14T09:46:37","slug":"edv-labor-pc-pool","status":"publish","type":"page","link":"https:\/\/www.hsu-hh.de\/mit\/edv-labor-pc-pool","title":{"rendered":"EDV-Labor (PC-Pool)"},"content":{"rendered":"<hr \/>\n<p>Das EDV-Labor der Fakult\u00e4t f\u00fcr Maschinenbau dient der Ausbildung der Studenten der Fakult\u00e4t in F\u00e4chern die mit elektronischer Datenverarbeitung zu tun haben. Es ist im Raum 1392 im Geb\u00e4ude H1 eingerichtet und besteht aus 46 Computer-Arbeitspl\u00e4tzen.\u00a0 <a href=\"https:\/\/webbox.hsu-hh.de\/mit\/index_ZNKRQHU46D2O0W8i.html\" rel='nofollow'>\u2192 Weitere Information im Intranet der <abbr title=\"Helmut-Schmidt-Universit\u00e4t\">HSU<\/abbr> \u2192<\/a><\/p>\n<hr \/>\n<p>&nbsp;<\/p>\n","protected":false},"excerpt":{"rendered":"<p>Das EDV-Labor der Fakult\u00e4t f\u00fcr Maschinenbau dient der Ausbildung der Studenten der Fakult\u00e4t in F\u00e4chern die mit elektronischer Datenverarbeitung zu tun haben. Es ist im Raum 1392 im Geb\u00e4ude H1 [&hellip;]<\/p>\n","protected":false},"author":172,"featured_media":0,"parent":0,"menu_order":0,"comment_status":"closed","ping_status":"closed","template":"","meta":{"footnotes":""},"categories":[],"tags":[],"class_list":["post-213","page","type-page","status-publish","hentry"],"_links":{"self":[{"href":"https:\/\/www.hsu-hh.de\/mit\/wp-json\/wp\/v2\/pages\/213","targetHints":{"allow":["GET"]}}],"collection":[{"href":"https:\/\/www.hsu-hh.de\/mit\/wp-json\/wp\/v2\/pages"}],"about":[{"href":"https:\/\/www.hsu-hh.de\/mit\/wp-json\/wp\/v2\/types\/page"}],"author":[{"embeddable":true,"href":"https:\/\/www.hsu-hh.de\/mit\/wp-json\/wp\/v2\/users\/172"}],"replies":[{"embeddable":true,"href":"https:\/\/www.hsu-hh.de\/mit\/wp-json\/wp\/v2\/comments?post=213"}],"version-history":[{"count":29,"href":"https:\/\/www.hsu-hh.de\/mit\/wp-json\/wp\/v2\/pages\/213\/revisions"}],"predecessor-version":[{"id":614,"href":"https:\/\/www.hsu-hh.de\/mit\/wp-json\/wp\/v2\/pages\/213\/revisions\/614"}],"wp:attachment":[{"href":"https:\/\/www.hsu-hh.de\/mit\/wp-json\/wp\/v2\/media?parent=213"}],"wp:term":[{"taxonomy":"category","embeddable":true,"href":"https:\/\/www.hsu-hh.de\/mit\/wp-json\/wp\/v2\/categories?post=213"},{"taxonomy":"post_tag","embeddable":true,"href":"https:\/\/www.hsu-hh.de\/mit\/wp-json\/wp\/v2\/tags?post=213"}],"curies":[{"name":"wp","href":"https:\/\/api.w.org\/{rel}","templated":true}]}}