{"id":163,"date":"2020-02-12T13:34:44","date_gmt":"2020-02-12T12:34:44","guid":{"rendered":"https:\/\/www.hsu-hh.de\/mikrosoz\/?page_id=163"},"modified":"2022-10-18T12:13:09","modified_gmt":"2022-10-18T10:13:09","slug":"prof-dr-katharina-liebsch","status":"publish","type":"page","link":"https:\/\/www.hsu-hh.de\/mikrosoz\/mitarbeiter\/prof-dr-katharina-liebsch\/","title":{"rendered":"Prof. Dr. phil. habil. Katharina Liebsch"},"content":{"rendered":"<script type=\"application\/ld+json\">[{\"@context\": \"https:\/\/www.schema.org\",\"@type\": \"Person\",\"name\": \"   \",\"worksFor\": [{\t\"@type\": \"Organization\",\t\"name\": \"Helmut-Schmidt-Universit\u00e4t\",\t\"url\": \"https:\/\/www.hsu-hh.de\"\t, \"department\": {\"@type\": \"Organization\",\t\t\t\t\t\"name\": \"Mikrosoziologie\",\t\t\t\t\t\"location\": {\t\t\t\t\t\t\"@type\": \"PostalAddress\",\t\t\t\t\t\t\"addressLocality\": \"\",        \t\t\t\t\"postalCode\": \"22043\",        \t\t\t\t\"streetAddress\": \"Holstenhofweg 85 , Geb\u00e4ude H01\"\t\t\t\t\t}},\t\"location\": {\t\t\"@type\": \"PostalAddress\",    \t\"addressLocality\": \"\",    \t\"postalCode\": \"22008\",    \t\"postOfficeBoxNumber\": \"700822\"\t}   }],\"image\": \"https:\/\/www.hsu-hh.de\/mikrosoz\/wp-content\/uploads\/sites\/837\/2022\/05\/Katharina-Portrait-2022-150x150.jpg\",\"telephone\": \"+49406541-2810\",\"faxNumber\": \"\",\"email\": \"k.liebsch@hsu-hh.de\"}]<\/script><div class=\"clearfix\"><\/div><div class=\"ansprechparter-container \" style=\"margin-top:1em; \"><div class=\"row ansprechpartner-item ansprechparter-header\" ><div class=\"col-xs-8 col-lg-12\" style=\"margin-bottom: 30px;\"><h3 class=\"ansprechparter-headline\">   <\/h3><\/div><\/div><div class=\"col-md-4 col-lg-3 col-xs-4 ansprechpartner-item floatright img-circle center-block\" style=\"margin-bottom: 30px;\"><div class=\"img-responsive-wrapper\"><img decoding=\"async\" src=\"https:\/\/www.hsu-hh.de\/mikrosoz\/wp-content\/uploads\/sites\/837\/2022\/05\/Katharina-Portrait-2022-150x150.jpg\" alt=\"Bild Katharina\" class=\"img-circle img-responsive center-block\" \/><\/div><\/div><div class=\"col-md-12 col-lg-3 col-xs-12 ansprechpartner-item kontakt floatright\" style=\"margin-bottom: 30px; \"><div class=\"row\"><div class=\"col-xs-12 col-sm-6 col-lg-12\"><div class=\"row\"><div class=\"col-xs-4 col-lg-4 row-text bold\" >Raum:<\/div><div class=\" row-text\">2374<\/div><\/div><\/div><div class=\"col-xs-12 col-sm-6 col-lg-12\"><div class=\"row\"><div class=\"col-xs-4 col-lg-4 row-text bold\">Telefon:<\/div><div class=\" row-text\">+49406541-2810<\/div><\/div><\/div><div class=\"col-xs-12 col-sm-6 col-lg-12\"><div class=\"row\"><div class=\"col-xs-4 col-lg-4 row-text bold\">E-Mail:<\/div><div class=\"row-text\" style=\"overflow:hidden; word-break: break-word\"><a href=\"mailto:k.liebsch@hsu-hh.de\" rel=\"nofollow\">k.liebsch@hsu-hh.de<\/a><\/div><\/div><\/div><\/div><\/div><div class=\"col-md-6 col-lg-3 col-xs-12 ansprechpartner-item anschrift floatright\" ><div class=\"row-headline\">Besucheranschrift<\/div><div class=\"dataBesucheranschrift\" style=\"\"><div class=\"row-text\">Helmut-Schmidt-Universit\u00e4t<\/div><div class=\"row-text\">Geb\u00e4ude H01<\/div><div class=\"row-text\">Holstenhofweg 85<\/div><div class=\"row-text\">22043 Hamburg<\/div><\/div><\/div><div class=\"col-md-6 col-lg-3 col-xs-12 ansprechpartner-item anschrift floatright\"><div class=\"row-headline\">Postanschrift<\/div><div class=\"dataPostanschrift\" style=\"\"><div class=\"row-text\">Helmut-Schmidt-Universit\u00e4t<\/div><div class=\"row-text\">Mikrosoziologie<\/div><div class=\"row-text\">Postfach 70 08 22<\/div><div class=\"row-text\">22008 Hamburg<\/div><\/div><\/div><\/div><div class=\"clearfix\"><\/div>\n\n\n<div style=\"height:50px\" aria-hidden=\"true\" class=\"wp-block-spacer\"><\/div>\n\n\n<p>Katharina Liebsch ist seit 2010 Professorin f\u00fcr Soziologie unter besonderer Ber\u00fccksichtigung der Mikrosoziologie an der <abbr title=\"Helmut Schmidt Universit\u00e4t\">HSU<\/abbr>. Zuvor war sie Professorin f\u00fcr Soziologie mit Schwerpunkt Familien- und Jugendsoziologie an der Goethe Universit\u00e4t Frankfurt am Main (2004-2010) t\u00e4tig und als Professorin f\u00fcr Soziologie an der P\u00e4dagogischen Hochschule Weingarten (2001-2004).<\/p>\n<p>Sie arbeitet&nbsp;zu Wissenskulturen und ihren Infrastrukturen im Feld sozio-technischer Innovationen, <abbr title=\"zum Beispiel\">z.B.<\/abbr> Gen-und Reproduktionstechnologien; Digitalisierung.&nbsp;Dabei r\u00fccken&nbsp;kulturelle Praktiken,&nbsp;psychosoziale Effekte&nbsp;sowie Prozesse der Subjektivierung und Sozialisation in den Fokus von&nbsp;Analyse&nbsp;und Reflexion.&nbsp;<\/p>\n\n\n<div style=\"height:50px\" aria-hidden=\"true\" class=\"wp-block-spacer\"><\/div>\n\n\n<p><br \/><h3>Forschungsschwerpunkte<\/h3><\/p>\n<ul>\n<li>Wissenssoziologie und Normenanalyse<\/li>\n<li>K\u00f6rper- und Biopolitik<\/li>\n<li>Kulturen des Privaten und der Intimit\u00e4t: Familie und Verwandtschaft<\/li>\n<li>Neue Formen von Identit\u00e4t und Subjektivit\u00e4t<\/li>\n<li>Praxeologie von Kindheit, Jugend und Generationenverh\u00e4ltnissen<\/li>\n<li>Geschlechterforschung<\/li>\n<\/ul>\n<p><\/p>\n<p><h3>Publikationen<\/h3><br \/>(Auswahl)<\/p>\n<p>&#8211; Ferne K\u00f6rper. Ber\u00fchrung im digitalen Alltag. Reclam (Denraum): Ditzingen 2022 (zs mit Gabriele Klein).<\/p>\n<p>&#8211; Von Angesicht zu Angesicht. Begegnungen und Ber\u00fchrungen in der Pandemie. In: Leviathan. Zeitschrift f\u00fcr Sozialforschung 4\/2021, S. 560-576 (zs. mit Gabriele Klein).<\/p>\n<p>&#8211; <a href=\"https:\/\/www.hsu-hh.de\/mikrosoz\/wp-content\/uploads\/sites\/837\/2021\/07\/Liebsch2020_MedikalisierungAlsSpannungsfel.pdf\">Medikalisierung als Spannungsfeld<\/a> <a href=\"https:\/\/www.hsu-hh.de\/mikrosoz\/wp-content\/uploads\/sites\/837\/2021\/07\/Liebsch2020_MedikalisierungAlsSpannungsfel.pdf\">Medikalisierung als Spannungsfeld von sozialer Kontrolle und Problembearbeitung<\/a> von sozialer Kontrolle und Problembearbeitung: das Beispiel \u201aMedikalisierung des Kindesalters\u2018. In: Riedel A., Lehmeyer S. (Hg.) Ethik im Gesundheitswesen. Springer Reference Pflege \u2013 Therapie \u2013 Gesundheit. Berlin, Heidelberg: Springer 2020, S. 1-17.<\/p>\n<p>&#8211; <a href=\"https:\/\/www.hsu-hh.de\/mikrosoz\/wp-content\/uploads\/sites\/837\/2021\/07\/fs-2019-Liebsch.pdf\">Reproduktionstechnologien, Verwandtschaft Geschlecht<\/a>. Themenheft feministische Studien 1\/2019 (zs. mit Friederike Kuster).<\/p>\n<p>&#8211; Jugend in dynamischen Gesellschaften. Entwicklungsaufgaben und M\u00f6glichkeitshorizonte heute. In: Bundeskonferenz f\u00fcr Erziehungsberatung e.v. (Hg.): Stark. Verletzlich. Jugendliche in Beratung. F\u00fcrth 2019, S. 12-25.<\/p>\n<p>&#8211; Persistenz von Geschlechterdifferenz und Geschlechterhierarchie. In: Rendtorff, Barbara\/Riegraf, Birgit\/Mahs, Claudia (Hg.): Struktur und Dynamik \u2013 Un\/Gleichzeitigkeiten im Geschlechterverh\u00e4ltnis. Wiesbaden: Springer 2019, S. 11-25 (zs. mit Mechthild Bereswill).<\/p>\n<p>&#8211; \u201eBio-Art\u201c als imagin\u00e4re Institution? Zur kulturellen Produktivit\u00e4t k\u00fcnstlerischer Auseinandersetzungen mit Bio- und Gentechnologien (zs. mit Eric Sons). In: Poferl, Angelika\/Pfadenhauer, Michaela (Hg.): Wissensrelationen. Beitr\u00e4ge und Debatten zum 2. Sektionskongress der Wissenssoziologie. Weinheim\/Basel: BeltzJuventa 2018, S. 726-736.<\/p>\n<p>&#8211; Zwischen Sorge, Normierung und Expertise. Personal Health Knowledge in Feld der Gendiagnostik und die Bedeutung des Affektiven. In: Br\u00fcninghaus, Anne \/ Heyen, Nils \/ Dickel, Sascha (Hg.): Personal Health Science. Pers\u00f6nliches Gesundheitswissen zwischen Selbstsorge und B\u00fcrgerforschung, SpringerVS 2018, S. 155-171.<\/p>\n<p>&#8211; Generation. In: Staatslexikon Recht Wirtschaft Gesellschaft, hg. von der G\u00f6rres-Gesellschaft und dem Verlag Herder. 8.v\u00f6llig neu bearbeitete Auflage. Freiburg\/Basel\/Wien: Herder 2018, S. 1002-1004.<\/p>\n<p>&#8211; Verordnete Zusammenarbeit. Antinomien der (Rechts-)Norm &#8218;Kindeswohl&#8216;. In: Stehr, Johannes \/ Anhorn, Roland \/ Rathgeb, Kerstin (Hg.): Konflikt als Verh\u00e4ltnis &#8211; Konflikt als Verhalten &#8211; Konflikt als Widerstand. Widerspr\u00fcche der Gestaltung Sozialer Arbeit zwischen Alltag und Institution. Wiesbaden: SpringerVS 2018, S. 117-126.<\/p>\n<p>&#8211; Materialit\u00e4t, Interaktion und der Umgang mit der L\u00fccke. Von der Theorie der Assemblage zu einer Methode der Erforschung psycho-sozial-kultureller Gef\u00fcge. In: Lohl, Jan\/Schweder, Panja\/Augello, Erika (Hg.): Widerstand und F\u00fcrsorge. Zur Praxis psychoanalytischer Sozialpsychologie: Giessen:psychosozial 2018, S. 217-232.<\/p>\n<p>&#8211; Gemeinsame elterliche Sorge bei hochstrittigen Sorgerechtsf\u00e4llen \u2013 eine Technologie des Kindeswohls. In: Sutterluety, Ferdinand \/ Flick, Sabine (Hg.): Der Streit ums Kindeswohl. Weinheim: BeltzJuventa 2017, S. 189-205.<\/p>\n<p>&#8211; \u201eRitzen\u201c. \u00dcber die gesellschaftliche Bedeutung einer schmerzhaften K\u00f6rperpraxis. In: Sozialmagazin 42. <abbr title=\"Jahrgang\">Jg.<\/abbr> Heft 1-2, 2017: Themenheft \u201eHaut und Haare, hg. von Caroline Schmitt und Matthias D. Witte, S. 77-83.<\/p>\n<p>&#8211; Identit\u00e4t. In: Handbuch K\u00f6rpersoziologie hg. von Robert Gugutzer, Gabriele Klein und Michael Meuser. Wiesbaden Springer VS 2016, S. 39-43.<\/p>\n<p>&#8211; Konstruktivismus und Biographieforschung. In: Lutz, Helma\/Schiebel, Martina\/Tuider, Elisabeth (Hg.): Handbuch Biographieforschung. Wiesbaden: Springer 2016.<\/p>\n<p>&#8211; Kinder und Jugendliche mit AD[H]S In: Lange, Andreas\/Reiter, Herwig\/Schutter, Sabine\/Steiner, Christine (Hg.): Handbuch Kindheits- und Jugendsoziologie. Wiesbaden: Springer VS 2016 (zs. mit Rolf Haubl), S. 1-13. DOI 10.1007\/978-3-658-05676-6_45-1 <a><img decoding=\"async\" class=\"citavipicker\" style=\"border: 0px none!important;width: 16px!important;height: 16px!important;margin-left: 1px !important;margin-right: 1px !important\" title=\"Titel anhand dieser DOI in Citavi-Projekt \u00fcbernehmen\" src=\"image\/svg+xml;base64,PD94bWwgdmVyc2lvbj0iMS4wIiBlbmNvZGluZz0idXRmLTgiPz48IURPQ1RZUEUgc3ZnIFBVQkxJQyAiLS8vVzNDLy9EVEQgU1ZHIDEuMS8vRU4iICJodHRwOi8vd3d3LnczLm9yZy9HcmFwaGljcy9TVkcvMS4xL0RURC9zdmcxMS5kdGQiPjxzdmcgdmVyc2lvbj0iMS4xIiBpZD0iRWJlbmVfMSIgeG1sbnM9Imh0dHA6Ly93d3cudzMub3JnLzIwMDAvc3ZnIiB4bWxuczp4bGluaz0iaHR0cDovL3d3dy53My5vcmcvMTk5OS94bGluayIgeD0iMHB4IiB5PSIwcHgiIHdpZHRoPSIxNnB4IiBoZWlnaHQ9IjE2cHgiIHZpZXdCb3g9IjAgMCAxNiAxNiIgZW5hYmxlLWJhY2tncm91bmQ9Im5ldyAwIDAgMTYgMTYiIHhtbDpzcGFjZT0icHJlc2VydmUiPjxnPjxnPjxwYXRoIGZpbGw9IiNGRkZGRkYiIGQ9Ik04LjAwMSwxNS41QzMuODY0LDE1LjUsMC41LDEyLjEzNiwwLjUsOGMwLTQuMTM1LDMuMzY1LTcuNSw3LjUwMS03LjVTMTUuNSwzLjg2NCwxNS41LDhTMTIuMTM3LDE1LjUsOC4wMDEsMTUuNXoiLz48cGF0aCBmaWxsPSIjRDUyQjFFIiBkPSJNOC4wMDEsMUMxMS44NiwxLDE1LDQuMTQxLDE1LDhzLTMuMTM5LDctNi45OTksN0M0LjE0LDE1LDEsMTEuODU5LDEsOFM0LjE0LDEsOC4wMDEsMSBNOC4wMDEsMEMzLjU4MiwwLDAsMy41ODIsMCw4czMuNTgyLDgsOC4wMDEsOEMxMi40MTgsMTYsMTYsMTIuNDE4LDE2LDhTMTIuNDE4LDAsOC4wMDEsMEw4LjAwMSwweiIvPjwvZz48cGF0aCBmaWxsPSIjRDUyQjFFIiBkPSJNNi43NDUsMTIuNTg5Yy0wLjIyNywwLjEyMi0wLjQ5NywwLjI0Ny0wLjY4NCwwLjI0N2MtMC4zMTgsMC0wLjUwMS0wLjE2NC0wLjUwMS0wLjQ1MmMwLTAuMjA3LDAuMTQtMC4zNzUsMC41OTUtMC42MjJjMS41NDktMC45MDQsMi41OTQtMi4yNzIsMi41OTQtMy43MjFjMC0wLjgyNS0wLjIyNy0xLjExOS0wLjY4MS0xLjExOWMtMC4xMzUsMC0wLjMyLDAuMjE5LTAuNjM2LDAuMjE5SDcuMTU3QzYuMTAyLDcuMTQzLDUuMzMzLDYuMjY0LDUuMzMzLDUuMjNjMC0xLjE1MiwwLjk1OC0yLjAwNiwyLjI4LTIuMDA2YzEuNzc3LDAsMy4wNTMsMS4zNzMsMy4wNTMsMy40M0MxMC42NjYsOS4yMTUsOS4yMDMsMTEuMjcsNi43NDUsMTIuNTg5Ii8+PC9nPjwvc3ZnPg\" \/><\/a> <a><img decoding=\"async\" class=\"citavipicker\" style=\"border: 0px none!important;width: 16px!important;height: 16px!important;margin-left: 1px !important;margin-right: 1px !important\" title=\"Titel anhand dieser DOI in Citavi-Projekt \u00fcbernehmen\" src=\"image\/svg+xml;base64,PD94bWwgdmVyc2lvbj0iMS4wIiBlbmNvZGluZz0idXRmLTgiPz48IURPQ1RZUEUgc3ZnIFBVQkxJQyAiLS8vVzNDLy9EVEQgU1ZHIDEuMS8vRU4iICJodHRwOi8vd3d3LnczLm9yZy9HcmFwaGljcy9TVkcvMS4xL0RURC9zdmcxMS5kdGQiPjxzdmcgdmVyc2lvbj0iMS4xIiBpZD0iRWJlbmVfMSIgeG1sbnM9Imh0dHA6Ly93d3cudzMub3JnLzIwMDAvc3ZnIiB4bWxuczp4bGluaz0iaHR0cDovL3d3dy53My5vcmcvMTk5OS94bGluayIgeD0iMHB4IiB5PSIwcHgiIHdpZHRoPSIxNnB4IiBoZWlnaHQ9IjE2cHgiIHZpZXdCb3g9IjAgMCAxNiAxNiIgZW5hYmxlLWJhY2tncm91bmQ9Im5ldyAwIDAgMTYgMTYiIHhtbDpzcGFjZT0icHJlc2VydmUiPjxnPjxnPjxwYXRoIGZpbGw9IiNGRkZGRkYiIGQ9Ik04LjAwMSwxNS41QzMuODY0LDE1LjUsMC41LDEyLjEzNiwwLjUsOGMwLTQuMTM1LDMuMzY1LTcuNSw3LjUwMS03LjVTMTUuNSwzLjg2NCwxNS41LDhTMTIuMTM3LDE1LjUsOC4wMDEsMTUuNXoiLz48cGF0aCBmaWxsPSIjRDUyQjFFIiBkPSJNOC4wMDEsMUMxMS44NiwxLDE1LDQuMTQxLDE1LDhzLTMuMTM5LDctNi45OTksN0M0LjE0LDE1LDEsMTEuODU5LDEsOFM0LjE0LDEsOC4wMDEsMSBNOC4wMDEsMEMzLjU4MiwwLDAsMy41ODIsMCw4czMuNTgyLDgsOC4wMDEsOEMxMi40MTgsMTYsMTYsMTIuNDE4LDE2LDhTMTIuNDE4LDAsOC4wMDEsMEw4LjAwMSwweiIvPjwvZz48cGF0aCBmaWxsPSIjRDUyQjFFIiBkPSJNNi43NDUsMTIuNTg5Yy0wLjIyNywwLjEyMi0wLjQ5NywwLjI0Ny0wLjY4NCwwLjI0N2MtMC4zMTgsMC0wLjUwMS0wLjE2NC0wLjUwMS0wLjQ1MmMwLTAuMjA3LDAuMTQtMC4zNzUsMC41OTUtMC42MjJjMS41NDktMC45MDQsMi41OTQtMi4yNzIsMi41OTQtMy43MjFjMC0wLjgyNS0wLjIyNy0xLjExOS0wLjY4MS0xLjExOWMtMC4xMzUsMC0wLjMyLDAuMjE5LTAuNjM2LDAuMjE5SDcuMTU3QzYuMTAyLDcuMTQzLDUuMzMzLDYuMjY0LDUuMzMzLDUuMjNjMC0xLjE1MiwwLjk1OC0yLjAwNiwyLjI4LTIuMDA2YzEuNzc3LDAsMy4wNTMsMS4zNzMsMy4wNTMsMy40M0MxMC42NjYsOS4yMTUsOS4yMDMsMTEuMjcsNi43NDUsMTIuNTg5Ii8+PC9nPjwvc3ZnPg\" \/><\/a><\/p>\n<p>&#8211; <a href=\"https:\/\/www.hsu-hh.de\/mikrosoz\/wp-content\/uploads\/sites\/837\/2021\/07\/Genetische-Diskriminierung-Liebsch.pdf\">Regierung der Gene. Diskriminierung und Verantwortung im Kontext genetischen Wissens<\/a> (Frankfurter Beitr\u00e4ge zur Soziologie und Sozialpsychologie <abbr title=\"Band\">Bd.<\/abbr>57). Wiesbaden: VS Springer 2015 (herausgegeben zs. mit Thomas Lemke).<\/p>\n<p>&#8211; \u201eLieber nicht noch so ein Kind\u201c. Reproduktionsverantwortung im Umgang mit der Vererbung von Cystischer Fibrose. In: Lemke, Thomas\/Liebsch, Katharina (Hg.): Regierung der Gene. Diskriminierung und Verantwortung im Kontext genetischen Wissens (Frankfurter Beitr\u00e4ge zur Soziologie und Sozialpsychologie <abbr title=\"Band\">Bd.<\/abbr>57). Wiesbaden: VS Springer 2015, S. 109-138 (zs. mit Bettina Hoeltje).<\/p>\n<p>&#8211; Generative Genetik. Reflexionen zum methodischen Vorgehen der Erforschung von Sinn und Bedeutung genetischen Wissens. In: G\u00fcnther, Marga\/Kerschgens, Anke (Hg.): Forschungssituationen. Methodische Zug\u00e4nge zu Generativit\u00e4t. Opladen: Barbara Budrich 2015, S. 64-81.<\/p>\n<p>&#8211; Musik Gender Differenz. Intersektionale Perspektiven auf musikkulturelle Felder und Praktiken. (Reihe Forum Frauen- und Geschlechterforschung Band 44). M\u00fcnster: Westf\u00e4lisches Dampfboot 2015 (zs. mit Rosa Reitsamer).<\/p>\n<p>&#8211; Genetische Intimit\u00e4t. Zur (Neu-)Regulierung enger Beziehungen und k\u00f6rperlicher Verbundenheit durch Gendiagnostik, In: feministische studien 1\/2014, S. 24-38.<\/p>\n<p>&#8211; Von der friedfertigen Frau zur unlesbaren Wut. Feminismus und Psychoanalyse damals und heute. In: Schrader, Christiane\/Moeslein-Teising, Ingrid (Hg.) \u00bbKeine friedfertige Frau. MargareteMitscherlich-Nielsen, die Psychoanalyse und der Feminismus\u00ab, Giessen: psychosozial 2016, S. 105-118.<\/p>\n<p>&#8211; \u201eKrankheiten sind so verschieden wie die Menschen\u201c.. Was bedeutet \u201e personalisierte Medizin\u201c bei AD(H)S? (zs. mit Rolf Haubl) In: B\u00f6ker, Heinz\/Hoff, Paul\/ Seiffritz,Erich (Hg.): Personalisierte Psychiatrie. Paradigmenwechsel oder Etikettenschwindel? Bern: Huber, 2014, S. 177-202.<\/p>\n<p>&#8211; Kontrolle und \u00dcberwachung des Lebendigen durch Gendiagnostik \u2013 Versprechen, Optionen und neue Zw\u00e4nge. In: Jahrbuch f\u00fcr P\u00e4dagogik 2014: Menschenverbesserung &#8211; Transhumanismus hg. von Ingrid Lohmann\/Sven Kluge\/Gerd Steffens Frankfurt\/M.: Peter Lang, S. 315-327.<\/p>\n<p>&#8211; Genetische Diskriminierung in Deutschland? Erfahrungen von Andersbehandlung und Benachteiligung aufgrund genetischer Krankheitsrisiken (zs. mit Lemke, Thomas\/Eissing, Tabea\/Hoeltje, Bettina\/Manz, Ulrike\/Pl\u00fcmcke, Tino. In: Soziale Welt 64, Heft 3, 269-290.<\/p>\n<p>&#8211; Normalit\u00e4t und Normalisierung von AD(H)S. Prozesse und Mechanismen der Entgrenzung von Erziehung und Medizin. In: Kelle, Helga\/Mierendorff, Johanna (Hg.): Normierung und Normalisierung der Kindheit. Weinheim <abbr title=\"unter anderem\">u.a.<\/abbr>: Beltz\/Juventa 2013, S. 158-175 (zs. mit Rolf Haubl, Josephin Brade und Sebastian Jentsch).<\/p>\n<p>&#8211; Zur methodischen und methodologischen Produktivit\u00e4t der Frauen- und Geschlechterforschung. Eine Zwischenbilanz (Reihe Forum Frauen- und Geschlechterforschung Band 38). M\u00fcnster: Westf\u00e4lisches Dampfboot 2013 (zs. mit Mechthild Bereswill).<\/p>\n<p>&#8211; Jugendsoziologie. Von Teenagern, Adoleszenten und neuen Generationen. M\u00fcnchen: Oldenburg 2012.<\/p>\n<p>&#8211; Die ontologische Dimension von Geschlecht erforschen. Ankn\u00fcpfungspunkte f\u00fcr die sozialwissenschaftliche Geschlechterforschung. In: Freie Assoziation. Sonderheft Psychoanalytische Sozialpsychologie 4\/2012, S. 254-262.<\/p>\n<p>&#8211; &#8222;Die Zeit der Differenz&#8220; in Zeiten des Postkategorialen. \u00dcber Vor- und Nachteile von Gruppenrechten. In: texte. psychoanalyse.\u00e4sthetik, kulturkritik. Sonderheft Luce Irigaray 4\/2012, S. 57-63.<\/p>\n<p>&#8211; Ist vorbeugen besser? Pr\u00e4vention und das Prinzip von &#8222;risk and blame&#8220;. In: Kerbe. Forum f\u00fcr soziale Psychiatrie 4\/2012, S. 8-11.<\/p>\n<p>&#8211; Von langer Hand vorbereitet? Neue Organisationslogiken und die Bew\u00e4ltigung der universit\u00e4ren Zukunft. In: Hoyer, Timo\/ Beumer, Ulrich \/Leuzinger-Bohleber, Marianne (Hg.): Jenseits des Individuums &#8211; Emotion und Organisation. G\u00f6ttingen: Vandenhoeck &amp; Ruprecht 2011, S. 203-218.<\/p>\n<p>&#8211; Selbstverletzendes Verhalten von Jugendlichen. \u00dcber die gesellschaftliche Bedeutung des Schmerzes im krisenhaften Umgang mit dem K\u00f6rper in der Adoleszenz. In: Niekrenz, Yvonne \/ Witte, Mathias D. (Hg): Jugend und K\u00f6rper. Leibliche Erfahrungswelten. Weinheim\/M\u00fcnchen: Juventa 2011. S. 108-122.<\/p>\n<p>&#8211; Medikamentierte M\u00e4nnlichkeiten. Zum krisenhaften Selbstverst\u00e4ndnis von Jungen mit einer ADHS-Diagnose, in: Bereswill, Mechthild \/ Neuber, Anke (Hg.) (2010): In der Krise? M\u00e4nnlichkeiten im 21. Jahrhundert. Reihe Forum Frauen- und Geschlechterforschung. M\u00fcnster: Westf\u00e4lisches Dampfboot 2011, S. 136-160 (zs. mit Rolf Haubl).<\/p>\n<p>&#8211; Mit den Lebenswissenschaften leben. Wie wird biomedizinischens Wissen in Alltagspraxis \u00fcbersetzt? Bielefeld: transcript 2010 (zs. mit Ulrike Manz).<\/p>\n<p>&#8211; Mit Ritalin leben. ADHS Kindern eine Stimme geben. G\u00f6ttingen: Vandenhoeck &amp; Ruprecht 2010 (zs. mit Rolf Haubl).<\/p>\n<p>&#8211; Reflexion und Intervention. Zur Theorie und Praxis schulpraktischer Studien. Hohengehren: Schneider 2010<\/p>\n<p>&#8211; &#8222;Symbolic interaction forms&#8220; versus &#8222;clich\u00e9s&#8220;: On the function and impact of religious symbolizations in the evangelical milieu. In: Psychoanalysis, Culture &amp; Society 15\/2010, pp. 251-266.<\/p>\n<p>&#8211; Elisabeth Pfeil &#8211; Empirische Erforschung familialer Umwelten. In: Nave-Herz, Rosemarie (hg.): Eine Geschichte der Familiensoziologie in Portraits. W\u00fcrzburg: Ergon, S. 197-216.<\/p>\n<p>&#8211; Medialisierung und Medikamentierung. Beratung, Kommunikation und Selbsthilfe im Internet. In: Selbsthilfegruppenjahrbuch 2010, Gie\u00dfen: Fokus, S. 136-148.<\/p>\n<p>&#8211; Versprechen und Verhei\u00dfungen. \u00dcber religi\u00f6se \u00d6konomien und \u00f6konomische Religion. In: Kemper, Peter \/ Mentzer, Alf \/ Sonnenschein, Ulrich (Hg.): Wozu Gott? Religion zwischen Fundamentalismus und Fortschritt. Frankfurt\/Leipzig: Insel-Verlag, S. 281-284.<\/p>\n<p>&#8211; Entgrenzung und Begrenzung durch Medikalisierung. Das Beispiel Schmerz. In: Psychosozial 10, Heft 110\/2008: Das moderne Leiden, S. 61-72.<\/p>\n<p>&#8211; Gottes Werk und Wille. In: Sutterluety, Ferdinand \/Imbusch, Peter (Hg.): Abenteuer Feldforschung, Frankfurt\/M.: Campus 2008, S. 59-72.<\/p>\n<p>&#8211; Psychopharmakologisches Enhancement: Der Gebrauch von Ritalin in der Leistungsgesellschaft (zs. mit Rolf Haubl). In: Sozialer Sinn. Zeitschrift f\u00fcr hermeneutische Sozialforschung 2\/2008, S. 173-195.<\/p>\n<p>&#8211; &#8222;Religion&#8220;. In: Baur, Nina \/Korte, Hermann\/ L\u00f6w, Martina \/Schr\u00f6er, Markus (Hg.): Handbuch Soziologie. Wiesbaden: VS Verlag 2008, S. 413-430.<\/p>\n<p>&#8211; Jenseits der Expertenkultur. Zur Aneignung und Transformation biomedizinischen und gentechnologischen Wissens in der Schule. Wiesbaden: Verlag f\u00fcr Sozialwissenschaften 2007 (zs. mit Ulrike Manz).<\/p>\n<p>&#8211; Panik und Puritanismus. \u00dcber die Herstellung traditionalen und religi\u00f6sen Sinns. Opladen: Leske &amp; Budrich 2003<\/p>\n<p>&#8211; Vom Weib zur Weiblichkeit. Psychoanalytische Konstruktionen in feministischer Theorie. Bielefeld: Kleine 1994.<\/p>\n<div>\u00a0<\/div>\n<p>\u00a0<\/p>\n\n\n<p><\/p>\n","protected":false},"excerpt":{"rendered":"<p>Katharina Liebsch ist seit 2010 Professorin f\u00fcr Soziologie unter besonderer Ber\u00fccksichtigung der Mikrosoziologie an der HSU. Zuvor war sie Professorin f\u00fcr Soziologie mit Schwerpunkt Familien- und Jugendsoziologie an der Goethe [&hellip;]<\/p>\n","protected":false},"author":2044,"featured_media":0,"parent":106,"menu_order":0,"comment_status":"closed","ping_status":"closed","template":"","meta":{"footnotes":""},"categories":[8],"tags":[],"class_list":["post-163","page","type-page","status-publish","hentry","category-team"],"_links":{"self":[{"href":"https:\/\/www.hsu-hh.de\/mikrosoz\/wp-json\/wp\/v2\/pages\/163","targetHints":{"allow":["GET"]}}],"collection":[{"href":"https:\/\/www.hsu-hh.de\/mikrosoz\/wp-json\/wp\/v2\/pages"}],"about":[{"href":"https:\/\/www.hsu-hh.de\/mikrosoz\/wp-json\/wp\/v2\/types\/page"}],"author":[{"embeddable":true,"href":"https:\/\/www.hsu-hh.de\/mikrosoz\/wp-json\/wp\/v2\/users\/2044"}],"replies":[{"embeddable":true,"href":"https:\/\/www.hsu-hh.de\/mikrosoz\/wp-json\/wp\/v2\/comments?post=163"}],"version-history":[{"count":49,"href":"https:\/\/www.hsu-hh.de\/mikrosoz\/wp-json\/wp\/v2\/pages\/163\/revisions"}],"predecessor-version":[{"id":957,"href":"https:\/\/www.hsu-hh.de\/mikrosoz\/wp-json\/wp\/v2\/pages\/163\/revisions\/957"}],"up":[{"embeddable":true,"href":"https:\/\/www.hsu-hh.de\/mikrosoz\/wp-json\/wp\/v2\/pages\/106"}],"wp:attachment":[{"href":"https:\/\/www.hsu-hh.de\/mikrosoz\/wp-json\/wp\/v2\/media?parent=163"}],"wp:term":[{"taxonomy":"category","embeddable":true,"href":"https:\/\/www.hsu-hh.de\/mikrosoz\/wp-json\/wp\/v2\/categories?post=163"},{"taxonomy":"post_tag","embeddable":true,"href":"https:\/\/www.hsu-hh.de\/mikrosoz\/wp-json\/wp\/v2\/tags?post=163"}],"curies":[{"name":"wp","href":"https:\/\/api.w.org\/{rel}","templated":true}]}}