{"id":730,"date":"2018-02-21T10:47:23","date_gmt":"2018-02-21T09:47:23","guid":{"rendered":"https:\/\/www.hsu-hh.de\/methoden\/?page_id=730"},"modified":"2021-05-04T16:15:44","modified_gmt":"2021-05-04T14:15:44","slug":"mmmr-mitglieder","status":"publish","type":"page","link":"https:\/\/www.hsu-hh.de\/methoden\/mmmr-mitglieder","title":{"rendered":"Netzwerk MMMR &#8211; Mitglieder"},"content":{"rendered":"<h3>Interdisziplin\u00e4res Netzwerk zu Methodologie und <a href=\"https:\/\/www.hsu-hh.de\/methoden\/wp-content\/uploads\/sites\/735\/2018\/02\/DFG-Logi-e1519195670844.jpg\"><img loading=\"lazy\" decoding=\"async\" class=\"size-medium wp-image-719 alignright\" src=\"https:\/\/www.hsu-hh.de\/methoden\/wp-content\/uploads\/sites\/735\/2018\/02\/DFG-Logi-300x63.jpg\" alt=\"DFG Logo\" width=\"300\" height=\"63\" \/><\/a><br \/>Anwendungsfeldern methodenintegrativer Forschung<\/h3>\n<p>\u00a0<\/p>\n<h6><a href=\"https:\/\/www.hsu-hh.de\/methoden\/team\/knappertsbusch\/mixed-methods-network\">zur\u00fcck zur Startseite<\/a><\/h6>\n<h2>\u00a0<\/h2>\n<p>\u00a0<\/p>\n<p><strong>Deutsches Evaluierungsinstitut der Entwicklungszusammenarbeit (DEval)<\/strong>, Bonn<a href=\"https:\/\/www.hsu-hh.de\/methoden\/wp-content\/uploads\/sites\/735\/2018\/10\/Logo_RGB-1.png\"><img loading=\"lazy\" decoding=\"async\" class=\"alignright wp-image-1370 size-full\" src=\"https:\/\/www.hsu-hh.de\/methoden\/wp-content\/uploads\/sites\/735\/2018\/10\/Logo_RGB-1-e1540211814189.png\" alt=\"Logo DEval\" width=\"150\" height=\"78\" \/><\/a><\/p>\n<p>Ansprechpartner: <a href=\"https:\/\/www.deval.org\/de\/dr-sven-harten.html\" target=\"_blank\" rel=\"noopener noreferrer\">Dr. Sven Harten<\/a><\/p>\n<p>Beteiligte am DEval Forschungsprogramm zum Thema <em>Methodenintegration in komplexen Evaluierungen<\/em>:<br \/><a href=\"https:\/\/www.deval.org\/de\/dr-gerald-leppert.html\" target=\"_blank\" rel=\"noopener noreferrer\">Dr. Gerald Leppert<\/a>, <a href=\"https:\/\/www.deval.org\/de\/dr-martin-noltze.html\" target=\"_blank\" rel=\"noopener noreferrer\">Dr. Martin Noltze<\/a>, Dr. Mascha Rauschenbach,<br \/><a href=\"https:\/\/www.deval.org\/de\/johannes-schmitt.html\" target=\"_blank\" rel=\"noopener noreferrer\">Dr. Johannes Schmitt<\/a>, <a href=\"https:\/\/www.deval.org\/de\/thomas-wencker.html\" target=\"_blank\" rel=\"noopener noreferrer\">Dr. Thomas Wencker<\/a><\/p>\n<hr \/>\n<p><strong>Dr. Leila Akremi<\/strong>, wissenschaftliche Referentin bei der Deutschen<br \/>Rentenversicherung Bund<a href=\"https:\/\/www.hsu-hh.de\/methoden\/wp-content\/uploads\/sites\/735\/2018\/01\/Leila-Akremi-Foto-e1515495830100.jpg\"><img loading=\"lazy\" decoding=\"async\" class=\"alignright wp-image-518 size-thumbnail\" src=\"https:\/\/www.hsu-hh.de\/methoden\/wp-content\/uploads\/sites\/735\/2018\/01\/Leila-Akremi-Foto-e1515495830100-150x150.jpg\" alt=\"Foto Leila Akremi\" width=\"150\" height=\"150\" srcset=\"https:\/\/www.hsu-hh.de\/methoden\/wp-content\/uploads\/sites\/735\/2018\/01\/Leila-Akremi-Foto-e1515495830100-150x150.jpg 150w, https:\/\/www.hsu-hh.de\/methoden\/wp-content\/uploads\/sites\/735\/2018\/01\/Leila-Akremi-Foto-e1515495830100-300x300.jpg 300w, https:\/\/www.hsu-hh.de\/methoden\/wp-content\/uploads\/sites\/735\/2018\/01\/Leila-Akremi-Foto-e1515495830100-768x768.jpg 768w, https:\/\/www.hsu-hh.de\/methoden\/wp-content\/uploads\/sites\/735\/2018\/01\/Leila-Akremi-Foto-e1515495830100-1024x1024.jpg 1024w, https:\/\/www.hsu-hh.de\/methoden\/wp-content\/uploads\/sites\/735\/2018\/01\/Leila-Akremi-Foto-e1515495830100-100x100.jpg 100w\" sizes=\"auto, (max-width: 150px) 100vw, 150px\" \/><\/a><\/p>\n<p>Arbeitsschwerpunkte: Evaluations- und Wissenschaftsforschung, Verkn\u00fcpfung von Gruppendiskussionen mit standardisierten Befragungen, Integration von textbasierten und audiovisuellen Daten<\/p>\n<p><a href=\"https:\/\/www.tu-berlin.de\/?id=76349\" target=\"_blank\" rel=\"noopener noreferrer\">weitere Informationen<\/a><\/p>\n<p>\u00a0<\/p>\n<hr \/>\n<p><strong>Prof. Dr. Nina Baur<\/strong>, Technische Universit\u00e4t Berlin, Institut f\u00fcr Soziologie<a href=\"https:\/\/www.hsu-hh.de\/methoden\/wp-content\/uploads\/sites\/735\/2018\/01\/Pic-Baur-e1515530760951.jpg\"><img loading=\"lazy\" decoding=\"async\" class=\"size-thumbnail wp-image-526 alignright\" src=\"https:\/\/www.hsu-hh.de\/methoden\/wp-content\/uploads\/sites\/735\/2018\/01\/Pic-Baur-e1515530760951-150x150.jpg\" alt=\"Bild Nina Baur\" width=\"150\" height=\"150\" srcset=\"https:\/\/www.hsu-hh.de\/methoden\/wp-content\/uploads\/sites\/735\/2018\/01\/Pic-Baur-e1515530760951-150x150.jpg 150w, https:\/\/www.hsu-hh.de\/methoden\/wp-content\/uploads\/sites\/735\/2018\/01\/Pic-Baur-e1515530760951-300x300.jpg 300w, https:\/\/www.hsu-hh.de\/methoden\/wp-content\/uploads\/sites\/735\/2018\/01\/Pic-Baur-e1515530760951-100x100.jpg 100w, https:\/\/www.hsu-hh.de\/methoden\/wp-content\/uploads\/sites\/735\/2018\/01\/Pic-Baur-e1515530760951.jpg 341w\" sizes=\"auto, (max-width: 150px) 100vw, 150px\" \/><\/a><\/p>\n<p>Arbeitsschwerpunkte: Arbeitsmarkt-, Stadt- und Raumsoziologie, Kombination ethnographischer Methoden mit standardisierten Befragungen, videographischen und kartographischen Verfahren<\/p>\n<p><a href=\"https:\/\/www.mes.tu-berlin.de\/v_menue\/mitarbeiterinnen\/prof_dr_nina_baur\/\" target=\"_blank\" rel=\"noopener noreferrer\">weitere Informationen<\/a><\/p>\n<p>\u00a0<\/p>\n<hr \/>\n<p><strong>Prof. Dr. Michaela Gl\u00e4ser-Zikuda<\/strong>, Friedrich-Alexander-Universit\u00e4t<a href=\"https:\/\/www.hsu-hh.de\/methoden\/wp-content\/uploads\/sites\/735\/2018\/01\/Gl\u00e4ser-Zikuda-ProfDr-1.jpg\"><img loading=\"lazy\" decoding=\"async\" class=\"alignright wp-image-569\" src=\"https:\/\/www.hsu-hh.de\/methoden\/wp-content\/uploads\/sites\/735\/2018\/01\/Gl\u00e4ser-Zikuda-ProfDr-1-207x300.jpg\" alt=\"Bild Gl\u00e4ser-Zikuda ProfDr\" width=\"130\" height=\"188\" srcset=\"https:\/\/www.hsu-hh.de\/methoden\/wp-content\/uploads\/sites\/735\/2018\/01\/Gl\u00e4ser-Zikuda-ProfDr-1-207x300.jpg 207w, https:\/\/www.hsu-hh.de\/methoden\/wp-content\/uploads\/sites\/735\/2018\/01\/Gl\u00e4ser-Zikuda-ProfDr-1-768x1115.jpg 768w, https:\/\/www.hsu-hh.de\/methoden\/wp-content\/uploads\/sites\/735\/2018\/01\/Gl\u00e4ser-Zikuda-ProfDr-1-705x1024.jpg 705w, https:\/\/www.hsu-hh.de\/methoden\/wp-content\/uploads\/sites\/735\/2018\/01\/Gl\u00e4ser-Zikuda-ProfDr-1.jpg 1169w\" sizes=\"auto, (max-width: 130px) 100vw, 130px\" \/><\/a><br \/>Erlangen-N\u00fcrnberg, Institut f\u00fcr Erziehungswissenschaft<\/p>\n<p>Arbeitsschwerpunkte: Schul- und Hochschulforschung, p\u00e4d.-psych. Interventionsforschung, qualitative Methoden und Mixed Methods, Kombination von standardisierten Tests mit Leitfadeninterviews, Tagebuchverfahren und videobasierter Beobachtung<\/p>\n<p><a href=\"http:\/\/www.spaed.ewf.uni-erlangen.de\/der-lehrstuhl\/lehrstuhlinhaberin\/\" target=\"_blank\" rel=\"noopener noreferrer\">weitere Informationen<\/a><\/p>\n<p>\u00a0<\/p>\n<hr \/>\n<p><strong>Prof. Dr. Gerda Hagenauer<\/strong>, Universit\u00e4t Salzburg, School of Education<a href=\"https:\/\/www.hsu-hh.de\/methoden\/wp-content\/uploads\/sites\/735\/2018\/01\/pic-hagenauer.jpg\"><img loading=\"lazy\" decoding=\"async\" class=\"alignright wp-image-547 size-thumbnail\" src=\"https:\/\/www.hsu-hh.de\/methoden\/wp-content\/uploads\/sites\/735\/2018\/01\/pic-hagenauer-e1516123025993-125x150.jpg\" alt=\"Bild Hagenauer\" width=\"125\" height=\"150\" \/><\/a><\/p>\n<p>Arbeitsschwerpunkte: Methodenintegrative Designs in der Schul- und Hochschulforschung, Kombination von Fragebogenerhebungen mit qualitativen Interview- und Tagebuchstudien<\/p>\n<p><a href=\"https:\/\/uni-salzburg.elsevierpure.com\/de\/persons\/gerda-hagenauer-4\" target=\"_blank\" rel=\"noopener noreferrer\">weitere Informationen<\/a><\/p>\n<p>\u00a0<\/p>\n<hr \/>\n<p><strong>Dr. Andrea Hense<\/strong>, Soziologisches Forschungsinstitut G\u00f6ttingen<a href=\"https:\/\/www.hsu-hh.de\/methoden\/mmmr-mitglieder\/andrea_hense_final-2\" rel=\"attachment wp-att-1134\"><img loading=\"lazy\" decoding=\"async\" class=\"size-thumbnail wp-image-1134 alignright\" src=\"https:\/\/www.hsu-hh.de\/methoden\/wp-content\/uploads\/sites\/735\/2018\/04\/Andrea_Hense_Final-1-150x150.jpg\" alt=\"Portr\u00e4t Andrea Hense\" width=\"150\" height=\"150\" srcset=\"https:\/\/www.hsu-hh.de\/methoden\/wp-content\/uploads\/sites\/735\/2018\/04\/Andrea_Hense_Final-1-150x150.jpg 150w, https:\/\/www.hsu-hh.de\/methoden\/wp-content\/uploads\/sites\/735\/2018\/04\/Andrea_Hense_Final-1-100x100.jpg 100w\" sizes=\"auto, (max-width: 150px) 100vw, 150px\" \/><\/a><\/p>\n<p>Arbeitsschwerpunkte: Mixed Methods Designs in der Arbeitsmarktsoziologie, soziale Ungleichheit und Sozialstrukturanalyse<\/p>\n<p><a href=\"http:\/\/www.sofi-goettingen.de\/nc\/personen\/detail\/name\/andrea-hense\/\" target=\"_blank\" rel=\"noopener noreferrer\">weitere Informationen<\/a><\/p>\n<p>\u00a0<\/p>\n<hr \/>\n<p><strong>Dr. Peter Holtz<\/strong>, Leibniz-Institut f\u00fcr Wissensmedien T\u00fcbingen<a href=\"https:\/\/www.hsu-hh.de\/methoden\/wp-content\/uploads\/sites\/735\/2018\/01\/Pic-Holtz-1.jpg\"><img loading=\"lazy\" decoding=\"async\" class=\"size-thumbnail wp-image-568 alignright\" src=\"https:\/\/www.hsu-hh.de\/methoden\/wp-content\/uploads\/sites\/735\/2018\/01\/Pic-Holtz-1-150x150.jpg\" alt=\"Pic Holtz\" width=\"150\" height=\"150\" srcset=\"https:\/\/www.hsu-hh.de\/methoden\/wp-content\/uploads\/sites\/735\/2018\/01\/Pic-Holtz-1-150x150.jpg 150w, https:\/\/www.hsu-hh.de\/methoden\/wp-content\/uploads\/sites\/735\/2018\/01\/Pic-Holtz-1-100x100.jpg 100w\" sizes=\"auto, (max-width: 150px) 100vw, 150px\" \/><\/a><\/p>\n<p>Arbeitsschwerpunkte: Internetbasierte Forschungsmethoden, computergest\u00fctzte Methoden zur Analyse gro\u00dfer Textkorpora, Medienpsychologie<\/p>\n<p><a href=\"https:\/\/www.iwm-tuebingen.de\/www\/de\/personen\/ma.html?uid=pholtz\" target=\"_blank\" rel=\"noopener noreferrer\">weitere Informationen<\/a><\/p>\n<p>\u00a0<\/p>\n<hr \/>\n<p><strong>Prof. Dr. Udo Kelle<\/strong>, Helmut-Schmidt-Universit\u00e4t, Universit\u00e4t der Bundeswehr<br \/>Hamburg<a href=\"https:\/\/www.hsu-hh.de\/methoden\/wp-content\/uploads\/sites\/735\/2017\/10\/Udo-Kelle_gv-e1507720756724.jpg\"><img loading=\"lazy\" decoding=\"async\" class=\"size-thumbnail wp-image-166 alignright\" src=\"https:\/\/www.hsu-hh.de\/methoden\/wp-content\/uploads\/sites\/735\/2017\/10\/Udo-Kelle_gv-e1507720746152-150x150.jpg\" alt=\"kelle\" width=\"150\" height=\"150\" \/><\/a><\/p>\n<p>Arbeitsschwerpunkte: Methodologische und wissenschaftstheoretische Grundlagen methodenintegrativer Sozialforschung, Evaluationsforschung, Bildungs- und Lebenslaufforschung<\/p>\n<p><a href=\"https:\/\/www.hsu-hh.de\/methoden\/team\/kelle\" target=\"_blank\" rel=\"noopener noreferrer\">weitere Informationen<\/a><\/p>\n<p>\u00a0<\/p>\n<hr \/>\n<p><strong>Dr. Felix Knappertsbusch<\/strong>, Helmut-Schmidt-Universit\u00e4t, Universit\u00e4t der Bundeswehr<br \/>Hamburg<img loading=\"lazy\" decoding=\"async\" class=\"alignright wp-image-1702\" src=\"https:\/\/www.hsu-hh.de\/methoden\/wp-content\/uploads\/sites\/735\/2020\/08\/fa891af8-1-200x300.jpg\" alt=\"Portrait Knappertsbusch\" width=\"113\" height=\"170\" srcset=\"https:\/\/www.hsu-hh.de\/methoden\/wp-content\/uploads\/sites\/735\/2020\/08\/fa891af8-1-200x300.jpg 200w, https:\/\/www.hsu-hh.de\/methoden\/wp-content\/uploads\/sites\/735\/2020\/08\/fa891af8-1-684x1024.jpg 684w, https:\/\/www.hsu-hh.de\/methoden\/wp-content\/uploads\/sites\/735\/2020\/08\/fa891af8-1-768x1150.jpg 768w, https:\/\/www.hsu-hh.de\/methoden\/wp-content\/uploads\/sites\/735\/2020\/08\/fa891af8-1-1025x1536.jpg 1025w, https:\/\/www.hsu-hh.de\/methoden\/wp-content\/uploads\/sites\/735\/2020\/08\/fa891af8-1-1367x2048.jpg 1367w, https:\/\/www.hsu-hh.de\/methoden\/wp-content\/uploads\/sites\/735\/2020\/08\/fa891af8-1-1100x1648.jpg 1100w, https:\/\/www.hsu-hh.de\/methoden\/wp-content\/uploads\/sites\/735\/2020\/08\/fa891af8-1-scaled.jpg 1709w\" sizes=\"auto, (max-width: 113px) 100vw, 113px\" \/><\/p>\n<p>Arbeitsschwerpunkte: Methodologische Grundlagen methodenintegrativer Sozialforschung, Integration von Surveyforschung und qualitativen Interviews, Vorurteils- und Diskriminierungsforschung<\/p>\n<p><a href=\"https:\/\/www.hsu-hh.de\/methoden\/team\/knappertsbusch\" target=\"_blank\" rel=\"noopener noreferrer\">weitere Informationen<\/a><\/p>\n<p>\u00a0<\/p>\n<hr \/>\n<p><strong>Prof. Dr. \u00d6zen Odag<\/strong>, Touro College Berlin<a href=\"https:\/\/www.hsu-hh.de\/methoden\/wp-content\/uploads\/sites\/735\/2018\/01\/prof-dr-oezen-odag.jpg\"><img loading=\"lazy\" decoding=\"async\" class=\"size-thumbnail wp-image-542 alignright\" src=\"https:\/\/www.hsu-hh.de\/methoden\/wp-content\/uploads\/sites\/735\/2018\/01\/prof-dr-oezen-odag-150x150.jpg\" alt=\"Bild \u00d6zen Odag\" width=\"150\" height=\"150\" srcset=\"https:\/\/www.hsu-hh.de\/methoden\/wp-content\/uploads\/sites\/735\/2018\/01\/prof-dr-oezen-odag-150x150.jpg 150w, https:\/\/www.hsu-hh.de\/methoden\/wp-content\/uploads\/sites\/735\/2018\/01\/prof-dr-oezen-odag-100x100.jpg 100w\" sizes=\"auto, (max-width: 150px) 100vw, 150px\" \/><\/a><\/p>\n<p>Arbeitsschwerpunkte: Medienwirkungsforschung aus interkultureller und geschlechtervergleichender Perspektive, Kombination von standardisierten Frageb\u00f6gen mit qualitativer Inhaltsanalyse<\/p>\n<p><a href=\"http:\/\/www.touroberlin.de\/prof-dr-ozen-odag\" target=\"_blank\" rel=\"noopener noreferrer\">weitere Informationen<\/a><\/p>\n<p>\u00a0<\/p>\n<hr \/>\n<p><strong>Dr. Florian Reith<\/strong>, Helmut-Schmidt-Universit\u00e4t, Universit\u00e4t der Bundeswehr Hamburg<img loading=\"lazy\" decoding=\"async\" class=\"size-thumbnail wp-image-164 alignright\" src=\"https:\/\/www.hsu-hh.de\/methoden\/wp-content\/uploads\/sites\/735\/2017\/10\/Florian-Reith_rk-140x150.jpg\" alt=\"reith\" width=\"140\" height=\"150\" \/><\/p>\n<p>Arbeitsschwerpunkte: Medieninhaltsanalyse, Kombination von Surveydaten mit Dokumentenanalysen und Leitfadeninterviews, Evaluationsforschung, Bildungs- und Organisationsforschung<\/p>\n<p><a href=\"https:\/\/www.hsu-hh.de\/methoden\/team\/reith\" target=\"_blank\" rel=\"noopener noreferrer\">weitere Informationen<\/a><\/p>\n<p>\u00a0<\/p>\n<hr \/>\n<p><strong>Prof. Dr. Ingo Rohlfing<\/strong>, Universit\u00e4t zu K\u00f6ln, Wirtschafts- und<br \/>Sozialwissenschaftliche Fakult\u00e4t<a href=\"https:\/\/www.hsu-hh.de\/methoden\/wp-content\/uploads\/sites\/735\/2018\/01\/rohlfing.jpg\"><img loading=\"lazy\" decoding=\"async\" class=\"size-thumbnail wp-image-534 alignright\" src=\"https:\/\/www.hsu-hh.de\/methoden\/wp-content\/uploads\/sites\/735\/2018\/01\/rohlfing-150x150.jpg\" alt=\"Bild Rohlfing\" width=\"150\" height=\"150\" srcset=\"https:\/\/www.hsu-hh.de\/methoden\/wp-content\/uploads\/sites\/735\/2018\/01\/rohlfing-150x150.jpg 150w, https:\/\/www.hsu-hh.de\/methoden\/wp-content\/uploads\/sites\/735\/2018\/01\/rohlfing-100x100.jpg 100w\" sizes=\"auto, (max-width: 150px) 100vw, 150px\" \/><\/a><\/p>\n<p>Arbeitsschwerpunkte: Multimethodendesigns und kausale Inferenzen, Kombination von Regressionsanalysen und Prozessanalysen, Kombination von Qualitativer Komparativer Analyse und Prozessanalysen, Parteienforschung<\/p>\n<p><a href=\"https:\/\/wiso.uni-koeln.de\/de\/forschung\/find-an-expert\/experts\/39981\" target=\"_blank\" rel=\"noopener noreferrer\">weitere Informationen<\/a><\/p>\n<p>\u00a0<\/p>\n<hr \/>\n<p><strong>Univ. &#8211; Prof. Dr. Judith Schoonenboom<\/strong>, Universit\u00e4t Wien<a href=\"https:\/\/www.hsu-hh.de\/methoden\/wp-content\/uploads\/sites\/735\/2018\/02\/Schoonenboom.jpg\"><img loading=\"lazy\" decoding=\"async\" class=\"alignright wp-image-1010 size-thumbnail\" src=\"https:\/\/www.hsu-hh.de\/methoden\/wp-content\/uploads\/sites\/735\/2018\/02\/Schoonenboom-150x150.jpg\" alt=\"Schoonenboom\" width=\"150\" height=\"150\" srcset=\"https:\/\/www.hsu-hh.de\/methoden\/wp-content\/uploads\/sites\/735\/2018\/02\/Schoonenboom-150x150.jpg 150w, https:\/\/www.hsu-hh.de\/methoden\/wp-content\/uploads\/sites\/735\/2018\/02\/Schoonenboom-100x100.jpg 100w\" sizes=\"auto, (max-width: 150px) 100vw, 150px\" \/><\/a><\/p>\n<p>Arbeitsschwerpunkte: Mixed Methods &#8211; Design, Grundlagen der Mixed Methods Forschung, Innovationen im Hochschulbereich, Gestaltung und Evaluierung von Interventionen, Bildungstechnologie<\/p>\n<p><a href=\"https:\/\/bildungswissenschaft.univie.ac.at\/empirische-paedagogik\/personal\/schoonenboom-judith\/\" target=\"_blank\" rel=\"noopener noreferrer\">weitere Informationen<\/a><\/p>\n<p>\u00a0<\/p>\n<hr \/>\n<p><strong>Prof. Dr. Margrit Schreier<\/strong>, Jacobs University Bremen<a href=\"https:\/\/www.hsu-hh.de\/methoden\/wp-content\/uploads\/sites\/735\/2018\/01\/schreier_foto-1.jpg\"><img loading=\"lazy\" decoding=\"async\" class=\"size-thumbnail wp-image-567 alignright\" src=\"https:\/\/www.hsu-hh.de\/methoden\/wp-content\/uploads\/sites\/735\/2018\/01\/schreier_foto-1-150x150.jpg\" alt=\"schreier_foto\" width=\"150\" height=\"150\" srcset=\"https:\/\/www.hsu-hh.de\/methoden\/wp-content\/uploads\/sites\/735\/2018\/01\/schreier_foto-1-150x150.jpg 150w, https:\/\/www.hsu-hh.de\/methoden\/wp-content\/uploads\/sites\/735\/2018\/01\/schreier_foto-1-100x100.jpg 100w\" sizes=\"auto, (max-width: 150px) 100vw, 150px\" \/><\/a><\/p>\n<p>Arbeitsschwerpunkte: Inhaltsanalyse, Kombinationen von Surveydaten und Experteninterviews, Gesundheitsforschung, Argumentationshandeln und Rhetorik<\/p>\n<p><a href=\"https:\/\/www.jacobs-university.de\/directory\/mschreier\" target=\"_blank\" rel=\"noopener noreferrer\">weitere Informationen<\/a><\/p>\n<p>\u00a0<\/p>\n<hr \/>\n<p><strong>M.A. Markus Siewert<\/strong>, Goethe-Universit\u00e4t Frankfurt, Institut f\u00fcr Politikwissenschaft<a href=\"https:\/\/www.hsu-hh.de\/methoden\/wp-content\/uploads\/sites\/735\/2018\/01\/logo_goethe_universitaet.gif\"><img loading=\"lazy\" decoding=\"async\" class=\"alignright wp-image-604 size-full\" src=\"https:\/\/www.hsu-hh.de\/methoden\/wp-content\/uploads\/sites\/735\/2018\/01\/logo_goethe_universitaet-e1519205146368.gif\" alt=\"logo goethe\" width=\"270\" height=\"123\" \/><\/a><\/p>\n<p>Arbeitsschwerpunkte: Qualitative Komparative Analyse und deren Verbindung mit anderen fallorientierten Verfahren, Bedingungen erfolgreichen Regierungshandelns<\/p>\n<p><a href=\"http:\/\/www.starkerstart.uni-frankfurt.de\/44299645\/Siewert\" target=\"_blank\" rel=\"noopener noreferrer\">weitere Informationen<\/a><\/p>\n<hr \/>\n<p><strong>Prof. Dr. Susanne Vogl<\/strong>, Universit\u00e4t Stuttgart, Institut f\u00fcr Sozialwissenschaften<a href=\"https:\/\/www.hsu-hh.de\/methoden\/wp-content\/uploads\/sites\/735\/2018\/01\/Susanne-Vogl.jpg\"><img loading=\"lazy\" decoding=\"async\" class=\"size-thumbnail wp-image-529 alignright\" src=\"https:\/\/www.hsu-hh.de\/methoden\/wp-content\/uploads\/sites\/735\/2018\/01\/Susanne-Vogl-150x150.jpg\" alt=\"Bild Susanne Vogl\" width=\"150\" height=\"150\" srcset=\"https:\/\/www.hsu-hh.de\/methoden\/wp-content\/uploads\/sites\/735\/2018\/01\/Susanne-Vogl-150x150.jpg 150w, https:\/\/www.hsu-hh.de\/methoden\/wp-content\/uploads\/sites\/735\/2018\/01\/Susanne-Vogl-100x100.jpg 100w\" sizes=\"auto, (max-width: 150px) 100vw, 150px\" \/><\/a><\/p>\n<p>Arbeitsschwerpunkte: Methodenforschung und -entwicklung, Einsatz von Befragungsmethoden mit Kindern und Jugendlichen, Survey Methodology, Familien- und Kindheitssoziologie, Soziologie abweichenden Verhaltens<\/p>\n<p><a href=\"https:\/\/www.sowi.uni-stuttgart.de\/institut\/team\/Vogl-00001\/\" target=\"_blank\" rel=\"noopener noreferrer\">weitere Informationen<\/a><\/p>\n<p>\u00a0<\/p>\n<hr \/>\n<p><strong>Prof. Dr. Timothy Williams<\/strong>, Universit\u00e4t der Bundeswehr M\u00fcnchen, Institut f\u00fcr Politikwissenschaft<a href=\"https:\/\/www.hsu-hh.de\/methoden\/wp-content\/uploads\/sites\/735\/2018\/01\/Pic-Williams.jpg\"><img loading=\"lazy\" decoding=\"async\" class=\"size-thumbnail wp-image-531 alignright\" src=\"https:\/\/www.hsu-hh.de\/methoden\/wp-content\/uploads\/sites\/735\/2018\/01\/Pic-Williams-150x150.jpg\" alt=\"Bild Williams\" width=\"150\" height=\"150\" srcset=\"https:\/\/www.hsu-hh.de\/methoden\/wp-content\/uploads\/sites\/735\/2018\/01\/Pic-Williams-150x150.jpg 150w, https:\/\/www.hsu-hh.de\/methoden\/wp-content\/uploads\/sites\/735\/2018\/01\/Pic-Williams-100x100.jpg 100w\" sizes=\"auto, (max-width: 150px) 100vw, 150px\" \/><\/a><\/p>\n<p>Arbeitsschwerpunkte: Qualitative Komparative Analyse, qualitative Feldforschung, Inhaltsanalyse von Archivmaterial, Genozid-Forschung<\/p>\n<p><a href=\"https:\/\/www.unibw.de\/politikwissenschaft\/professuren\/unsichgesellord\/williams\" target=\"_blank\" rel=\"noopener noreferrer\">weitere Informationen<\/a><\/p>\n<p>\u00a0<\/p>\n\n\n<p><\/p>\n","protected":false},"excerpt":{"rendered":"<p>Interdisziplin\u00e4res Netzwerk zu Methodologie und Anwendungsfeldern methodenintegrativer Forschung \u00a0 zur\u00fcck zur Startseite \u00a0 \u00a0 Deutsches Evaluierungsinstitut der Entwicklungszusammenarbeit (DEval), Bonn Ansprechpartner: Dr. Sven Harten Beteiligte am DEval Forschungsprogramm zum Thema [&hellip;]<\/p>\n","protected":false},"author":409,"featured_media":0,"parent":0,"menu_order":0,"comment_status":"closed","ping_status":"closed","template":"","meta":{"footnotes":""},"categories":[4],"tags":[],"class_list":["post-730","page","type-page","status-publish","hentry","category-forschung"],"_links":{"self":[{"href":"https:\/\/www.hsu-hh.de\/methoden\/wp-json\/wp\/v2\/pages\/730","targetHints":{"allow":["GET"]}}],"collection":[{"href":"https:\/\/www.hsu-hh.de\/methoden\/wp-json\/wp\/v2\/pages"}],"about":[{"href":"https:\/\/www.hsu-hh.de\/methoden\/wp-json\/wp\/v2\/types\/page"}],"author":[{"embeddable":true,"href":"https:\/\/www.hsu-hh.de\/methoden\/wp-json\/wp\/v2\/users\/409"}],"replies":[{"embeddable":true,"href":"https:\/\/www.hsu-hh.de\/methoden\/wp-json\/wp\/v2\/comments?post=730"}],"version-history":[{"count":37,"href":"https:\/\/www.hsu-hh.de\/methoden\/wp-json\/wp\/v2\/pages\/730\/revisions"}],"predecessor-version":[{"id":1780,"href":"https:\/\/www.hsu-hh.de\/methoden\/wp-json\/wp\/v2\/pages\/730\/revisions\/1780"}],"wp:attachment":[{"href":"https:\/\/www.hsu-hh.de\/methoden\/wp-json\/wp\/v2\/media?parent=730"}],"wp:term":[{"taxonomy":"category","embeddable":true,"href":"https:\/\/www.hsu-hh.de\/methoden\/wp-json\/wp\/v2\/categories?post=730"},{"taxonomy":"post_tag","embeddable":true,"href":"https:\/\/www.hsu-hh.de\/methoden\/wp-json\/wp\/v2\/tags?post=730"}],"curies":[{"name":"wp","href":"https:\/\/api.w.org\/{rel}","templated":true}]}}