{"id":664,"date":"2018-02-06T10:42:55","date_gmt":"2018-02-06T09:42:55","guid":{"rendered":"https:\/\/www.hsu-hh.de\/methoden\/?page_id=664"},"modified":"2025-10-08T09:42:07","modified_gmt":"2025-10-08T07:42:07","slug":"profil-schueller","status":"publish","type":"page","link":"https:\/\/www.hsu-hh.de\/methoden\/profil-schueller","title":{"rendered":"Birgit Sch\u00fcller (Sekretariat)"},"content":{"rendered":"<div>\n<div class=\"ansprechparter-container\">\n<div class=\"row ansprechpartner-item ansprechparter-header\">\n<div class=\"col-md-4 col-lg-3 col-xs-4 ansprechpartner-item floatright img-circle center-block\" style=\"margin-bottom: 30px\">\n<div class=\"img-responsive-wrapper\"><img loading=\"lazy\" decoding=\"async\" class=\"img-circle img-responsive center-block alignnone wp-image-672 size-thumbnail\" src=\"https:\/\/www.hsu-hh.de\/methoden\/wp-content\/uploads\/sites\/735\/2018\/02\/Birgit_Schueller-150x150.jpg\" alt=\"schueller\" width=\"150\" height=\"150\" srcset=\"https:\/\/www.hsu-hh.de\/methoden\/wp-content\/uploads\/sites\/735\/2018\/02\/Birgit_Schueller-150x150.jpg 150w, https:\/\/www.hsu-hh.de\/methoden\/wp-content\/uploads\/sites\/735\/2018\/02\/Birgit_Schueller-100x100.jpg 100w\" sizes=\"auto, (max-width: 150px) 100vw, 150px\" \/><\/div>\n<\/div>\n<div class=\"col-md-12 col-lg-3 col-xs-12 ansprechpartner-item kontakt floatright\" style=\"margin-bottom: 30px\">\n<div class=\"row\">\n<div class=\"col-xs-12 col-sm-6 col-lg-12\">\n<div class=\"row\">\n<div class=\"col-xs-12 col-lg-4 row-text bold\">Raum:<\/div>\n<div class=\"col-xs-12 col-lg-8 row-text\">H4\u00a0 Raum 0112<\/div>\n<\/div>\n<\/div>\n<div class=\"col-xs-12 col-sm-6 col-lg-12\">\n<div class=\"row\">\n<div class=\"col-xs-12 col-lg-4 row-text bold\">Telefon:<\/div>\n<div class=\"col-xs-12 col-lg-8 row-text\">(040) 6541-2400<\/div>\n<\/div>\n<\/div>\n<div class=\"col-xs-12 col-sm-6 col-lg-12\">\n<div class=\"row\">\n<div class=\"col-xs-12 col-lg-4 row-text bold\">Fax:<\/div>\n<div class=\"col-xs-12 col-lg-8 row-text\">(040) 6541-2546<\/div>\n<\/div>\n<\/div>\n<div class=\"col-xs-12 col-sm-6 col-lg-12\">\n<div class=\"row\">\n<div class=\"col-xs-12 col-md-12 row-text bold\">E-Mail:<\/div>\n<div class=\"col-xs-12 col-md-12 row-text\">birgit.schueller@hsu.hamburg<\/div>\n<div>\u00a0<\/div>\n<\/div>\n<\/div>\n<div>\u00a0<\/div>\n<div>\u00a0<\/div>\n<div class=\"col-xs-12 col-sm-6 col-lg-12\">\n<div class=\"row\">\n<div>\u00a0<\/div>\n<\/div>\n<\/div>\n<\/div>\n<\/div>\n<div class=\"col-md-6 col-lg-3 col-xs-12 ansprechpartner-item anschrift floatright\">\n<div class=\"row-headline\">Besucheranschrift<\/div>\n<div class=\"row-text\">Helmut-Schmidt-Universit\u00e4t<\/div>\n<div class=\"row-text\">Geb\u00e4ude H1<\/div>\n<div class=\"row-text\">Holstenhofweg 85<\/div>\n<div class=\"row-text\">22043 Hamburg<\/div>\n<\/div>\n<div class=\"col-md-6 col-lg-3 col-xs-12 ansprechpartner-item anschrift floatright\">\n<div class=\"row-headline\">Postanschrift<\/div>\n<div class=\"row-text\">Helmut-Schmidt-Universit\u00e4t<\/div>\n<div class=\"row-text\">Fakult\u00e4t f\u00fcr Geistes- und Sozialwissenschaften<\/div>\n<div class=\"row-text\">Postfach 70 08 22<\/div>\n<div class=\"row-text\">22008 Hamburg<\/div>\n<\/div>\n<\/div>\n<\/div>\n<div class=\"clearfix\">\u00a0<\/div>\n<h3>Vereinbarung von Sprechstunden und ABGABE von Haus- und Abschlussarbeiten<\/h3>\n<p>Sehr geehrte Damen und Herren,<\/p>\n<p>wir bitten Sie, <strong>schriftlich per Email &#8212; \u00fcber das Sekretariat\u00a0 &#8212; einen Termin zur Sprechstunde bei Herrn Professor Kelle zu vereinbaren.<\/strong><br \/>Bitte nennen Sie uns dazu Ihren &gt;&gt; Namen, Ihren Terminwunsch und Ihr Anliegen &lt;&lt;, vielen Dank!<\/p>\n<p><strong>Dieses gilt auch f\u00fcr Gr\u00fcnmeldungen <abbr title=\"beziehungsweise\">bzw.<\/abbr> Lehrveranstaltungswechsel <abbr title=\"et cetera\">etc.<\/abbr><\/strong>, vielen Dank f\u00fcr Ihr Verst\u00e4ndnis!<\/p>\n<p><strong>ABGABE von Haus- und Abschlussarbeiten f\u00fcr Herrn Professor Kelle und andere Dozenten! <br \/>&gt;&gt; Bitte werfen Sie Ihre Arbeiten ins Postfach von Herrn Professor Kelle im Geb\u00e4ude H1 ein, vielen Dank !! &lt;&lt;<br \/><br \/><\/strong><\/p>\n<h3>Sprechzeiten Sekretariat<\/h3>\n<p>Das <strong>Sekretariat<\/strong> ist <strong>Dienstag, Mittwoch<\/strong> und <strong>Freitag<\/strong> im Zeitraum von <strong>6.30 bis 12.30 Uhr<\/strong> im <strong>Geb\u00e4ude H4, Raum 0112<\/strong> besetzt. <br \/><strong>Montag<\/strong> und <strong>Donnerstag<\/strong> bin ich im HomeOffice zu erreichen.<\/p>\n<p>Sie erreichen mich per Email &gt;&gt; <strong>birgit.schueller@hsu.hamburg<\/strong> &lt;&lt; und telefonisch unter: &gt;&gt;\u00a0 <strong>040-6541-2400<\/strong> &lt;&lt;, vielen Dank!<\/p>\n<\/div>\n\n\n<p><\/p>\n","protected":false},"excerpt":{"rendered":"<p>Raum: H4\u00a0 Raum 0112 Telefon: (040) 6541-2400 Fax: (040) 6541-2546 E-Mail: birgit.schueller@hsu.hamburg \u00a0 \u00a0 \u00a0 \u00a0 Besucheranschrift Helmut-Schmidt-Universit\u00e4t Geb\u00e4ude H1 Holstenhofweg 85 22043 Hamburg Postanschrift Helmut-Schmidt-Universit\u00e4t Fakult\u00e4t f\u00fcr Geistes- und [&hellip;]<\/p>\n","protected":false},"author":106,"featured_media":0,"parent":0,"menu_order":0,"comment_status":"closed","ping_status":"closed","template":"","meta":{"footnotes":""},"categories":[63],"tags":[],"class_list":["post-664","page","type-page","status-publish","hentry","category-schueller"],"_links":{"self":[{"href":"https:\/\/www.hsu-hh.de\/methoden\/wp-json\/wp\/v2\/pages\/664","targetHints":{"allow":["GET"]}}],"collection":[{"href":"https:\/\/www.hsu-hh.de\/methoden\/wp-json\/wp\/v2\/pages"}],"about":[{"href":"https:\/\/www.hsu-hh.de\/methoden\/wp-json\/wp\/v2\/types\/page"}],"author":[{"embeddable":true,"href":"https:\/\/www.hsu-hh.de\/methoden\/wp-json\/wp\/v2\/users\/106"}],"replies":[{"embeddable":true,"href":"https:\/\/www.hsu-hh.de\/methoden\/wp-json\/wp\/v2\/comments?post=664"}],"version-history":[{"count":51,"href":"https:\/\/www.hsu-hh.de\/methoden\/wp-json\/wp\/v2\/pages\/664\/revisions"}],"predecessor-version":[{"id":2544,"href":"https:\/\/www.hsu-hh.de\/methoden\/wp-json\/wp\/v2\/pages\/664\/revisions\/2544"}],"wp:attachment":[{"href":"https:\/\/www.hsu-hh.de\/methoden\/wp-json\/wp\/v2\/media?parent=664"}],"wp:term":[{"taxonomy":"category","embeddable":true,"href":"https:\/\/www.hsu-hh.de\/methoden\/wp-json\/wp\/v2\/categories?post=664"},{"taxonomy":"post_tag","embeddable":true,"href":"https:\/\/www.hsu-hh.de\/methoden\/wp-json\/wp\/v2\/tags?post=664"}],"curies":[{"name":"wp","href":"https:\/\/api.w.org\/{rel}","templated":true}]}}