{"id":443,"date":"2017-11-15T12:12:30","date_gmt":"2017-11-15T11:12:30","guid":{"rendered":"https:\/\/www.hsu-hh.de\/methoden\/?page_id=443"},"modified":"2021-09-16T12:01:28","modified_gmt":"2021-09-16T10:01:28","slug":"forschung","status":"publish","type":"page","link":"https:\/\/www.hsu-hh.de\/methoden\/forschung","title":{"rendered":"Forschung"},"content":{"rendered":"<p align=\"justify\">\n<h3>Forchungsschwerpunkte<\/h3>\n<\/p>\n<p align=\"justify\">Inhaltlicher Schwerpunkt der Professur ist die Methodenforschung und Methodenentwicklung sowohl im Bereich der sozialwissenschaftlichen Grundlagenforschung als auch bezogen auf Anwendungs- und Evaluationsforschung.<\/p>\n<p align=\"justify\">Dabei werden wissenschaftstheoretische und methodologische Grundlagenprobleme empirischer Sozialforschung unter Bezug auf die konkrete Praxis empirischer Sozialforschung untersucht und bearbeitet.<\/p>\n<p align=\"justify\">Gemeinsam mit sozialwissenschaftlichen Methodikern, die \u00fcber &#8222;Mixed Methods&#8220; arbeiten, bem\u00fchen wir uns dabei theoretisch und praktisch um die \u00dcberwindung des klassischen Methodenschismas zwischen quantitativen Verfahren einerseits und interpretativer Sozialforschung andererseits.<\/p>\n<p align=\"justify\">\n<h3>Methodische und methodologische Arbeitsgebiete<\/h3>\n<\/p>\n<ul>\n<li>\n<p align=\"justify\">Integration qualitativer und quantitativer Verfahren, Mixed-Methods-Designs<\/p>\n<\/li>\n<li>\n<p align=\"justify\">Methoden der Typenbildung und empirisch begr\u00fcndeten Theoriebildung<\/p>\n<\/li>\n<li>\n<p align=\"justify\">Verfahren der Geltungssicherung in der qualitativen Sozialforschung<\/p>\n<\/li>\n<li>\n<p align=\"justify\">Fragebogenkonstruktion und Einstellungsmessung<\/p>\n<\/li>\n<li>Empirische Forschungsmethoden in der Evaluation<\/li>\n<\/ul>\n<p align=\"justify\">\n<h3>Inhaltliche Arbeitsgebiete<\/h3>\n<\/p>\n<ul>\n<li>\n<p align=\"justify\">Wirkungs- und Evaluationsforschung, vor allem im Bildungsbereich<\/p>\n<\/li>\n<li>\n<p align=\"justify\">Empirische Bildungsforschung<\/p>\n<\/li>\n<li>\n<p align=\"justify\">Soziale Ungleichheit und Geschlechterverh\u00e4ltnisse<\/p>\n<\/li>\n<li>\n<p align=\"justify\">Lebenslaufforschung<\/p>\n<\/li>\n<li>International vergleichende Forschung zu Jugendkriminalit\u00e4t<\/li>\n<li>\n<p align=\"justify\">Sozialer Wandel und politische Einstellungen (Vorurteile, Autoritarismus, rechter und linker Populismus)<\/p>\n<\/li>\n<li>Sozialer Wandel und Religiosit\u00e4t<\/li>\n<\/ul>\n<p align=\"justify\">\n<h3>Drittmittelfinanzierte Forschungsprojekte<\/h3>\n<h3>Laufende Projekte<\/h3>\n<ul>\n<li>Wissenschaftliches Netzwerk <a href=\"https:\/\/www.hsu-hh.de\/methoden\/team\/knappertsbusch\/mixed-methods-network\">\u201eMixed Methods und Multimethod Research in der empirischen Sozialforschung. Interdisziplin\u00e4res Netzwerk zu Methodologie und Anwendungsfeldern methodenintegrativer Forschung.\u201c<\/a> (Gef\u00f6rdert durch die Deutsche Forschungsgemeinschaft, Projektbeginn: Januar 2018)<\/li>\n<\/ul>\n<h3>Abgeschlossene Projekte<\/h3>\n<ul>\n<li>&#8222;<a href=\"http:\/\/www.uni-potsdam.de\/ls-verwaltung\/projekte\/projektwiqu.html\" rel='nofollow'>WiQu &#8211; Wirkungsforschung in der Qualit\u00e4tssicherung von Lehre und Studium &#8211; prozedurale, strukturelle und personelle Ursachen der Wirkungen von Qualit\u00e4tssicherungseinrichtungen<\/a>&#8220;\u00a0BMBF-Projekt, F\u00f6rderlinie &#8222;Leistungsbewertung in der Wissenschaft&#8220; im Rahmen des BMBF-F\u00f6rderschwerpunktes &#8222;Hochschulforschung&#8220;, Verbundprojekt der Universit\u00e4t Potsdam und der Helmut-Schmidt-Universit\u00e4t Hamburg, F\u00f6rderzeitraum 09\/2013 &#8211; 05\/2017<\/li>\n<li>Studie zur Gemeinschaftsverpflegung und bewirtschafteten Betreuung in der Bundeswehr \u2013 Kundenbed\u00fcrfnisse und Strategieentwicklung f\u00fcr eine zukunftssichere Gestaltung der Wettbewerbssituation. BMVg gef\u00f6rdertes Projekt zusammen mit Prof. Dr. Claudia Fantapi\u00e9 Altobelli (Fakult\u00e4t Wiso), Helmut-Schmidt-Universit\u00e4t Hamburg. F\u00f6rderzeitraum 11\/2014 bis 03\/2016.<\/li>\n<li>Pilotstudie zur Evaluation der Ausbildung an den Ausbildungseinrichtungen des Heeres in Kooperation mit dem Amt f\u00fcr Heeresentwicklung, F\u00f6rderzeitraum 09\/2012 &#8211; 08\/2014<\/li>\n<li>&#8222;Geschlechterdisparit\u00e4ten in Berufs- und Karriereverl\u00e4ufe von MathematikerInnen und PhysikerInnen innerhalb und au\u00dferhalb klassischer Besch\u00e4ftigungsmodelle&#8220;\u00a0,\u00a0BMBF-Projekt, F\u00f6rderlinie &#8222;Frauen an die Spitze&#8220; im Rahmen des F\u00f6rderbereichs &#8222;Strategien zur Durchsetzung von Chancengleichheit f\u00fcr Frauen in Bildung und Forschung&#8220;, Verbundprojekt der Helmut-Schmidt-Universit\u00e4t Hamburg und der Universit\u00e4t Bielefeld, F\u00f6rderzeitraum 06\/2011 bis 10\/2013. Gesamtprojektleitung und Leitung des Teilprojekts Hamburg.<\/li>\n<\/ul>\n","protected":false},"excerpt":{"rendered":"<p>Forchungsschwerpunkte Inhaltlicher Schwerpunkt der Professur ist die Methodenforschung und Methodenentwicklung sowohl im Bereich der sozialwissenschaftlichen Grundlagenforschung als auch bezogen auf Anwendungs- und Evaluationsforschung. Dabei werden wissenschaftstheoretische und methodologische Grundlagenprobleme empirischer [&hellip;]<\/p>\n","protected":false},"author":106,"featured_media":0,"parent":0,"menu_order":0,"comment_status":"closed","ping_status":"closed","template":"","meta":{"footnotes":""},"categories":[4],"tags":[],"class_list":["post-443","page","type-page","status-publish","hentry","category-forschung"],"_links":{"self":[{"href":"https:\/\/www.hsu-hh.de\/methoden\/wp-json\/wp\/v2\/pages\/443","targetHints":{"allow":["GET"]}}],"collection":[{"href":"https:\/\/www.hsu-hh.de\/methoden\/wp-json\/wp\/v2\/pages"}],"about":[{"href":"https:\/\/www.hsu-hh.de\/methoden\/wp-json\/wp\/v2\/types\/page"}],"author":[{"embeddable":true,"href":"https:\/\/www.hsu-hh.de\/methoden\/wp-json\/wp\/v2\/users\/106"}],"replies":[{"embeddable":true,"href":"https:\/\/www.hsu-hh.de\/methoden\/wp-json\/wp\/v2\/comments?post=443"}],"version-history":[{"count":11,"href":"https:\/\/www.hsu-hh.de\/methoden\/wp-json\/wp\/v2\/pages\/443\/revisions"}],"predecessor-version":[{"id":1938,"href":"https:\/\/www.hsu-hh.de\/methoden\/wp-json\/wp\/v2\/pages\/443\/revisions\/1938"}],"wp:attachment":[{"href":"https:\/\/www.hsu-hh.de\/methoden\/wp-json\/wp\/v2\/media?parent=443"}],"wp:term":[{"taxonomy":"category","embeddable":true,"href":"https:\/\/www.hsu-hh.de\/methoden\/wp-json\/wp\/v2\/categories?post=443"},{"taxonomy":"post_tag","embeddable":true,"href":"https:\/\/www.hsu-hh.de\/methoden\/wp-json\/wp\/v2\/tags?post=443"}],"curies":[{"name":"wp","href":"https:\/\/api.w.org\/{rel}","templated":true}]}}