{"id":2347,"date":"2024-06-18T07:37:52","date_gmt":"2024-06-18T05:37:52","guid":{"rendered":"https:\/\/www.hsu-hh.de\/mechanik\/?page_id=2347"},"modified":"2024-06-18T12:06:39","modified_gmt":"2024-06-18T10:06:39","slug":"naturwissenschaftlich-technisches-praktikum-i-nwtp-i","status":"publish","type":"page","link":"https:\/\/www.hsu-hh.de\/mechanik\/lehrveranstaltungen\/naturwissenschaftlich-technisches-praktikum-i-nwtp-i","title":{"rendered":"Naturwissenschaftlich-technisches Praktikum I (NWTP I)"},"content":{"rendered":"\n<div class=\"wp-block-columns is-layout-flex wp-container-core-columns-is-layout-9d6595d7 wp-block-columns-is-layout-flex\">\n<div class=\"wp-block-column is-layout-flow wp-block-column-is-layout-flow\" style=\"flex-basis:33.33%\">\n<p>Kursnummer:<\/p>\n\n\n\n<p>Dozent:<\/p>\n\n\n\n<p>Studiengang:<\/p>\n\n\n\n<p>Trimester:<\/p>\n\n\n\n<p>Leistungspunkte:<\/p>\n\n\n\n<p>Qualifikationsziele:<\/p>\n\n\n\n<p><br><br><br><br><br>Inhalte:<\/p>\n<\/div>\n\n\n\n<div class=\"wp-block-column is-layout-flow wp-block-column-is-layout-flow\" style=\"flex-basis:66.66%\">\n<p>MB02901<\/p>\n<p><abbr title=\"Professor\">Prof.<\/abbr> <abbr title=\"Doktor\">Dr.<\/abbr>&#8211;<abbr title=\"Ingenieur\">Ing.<\/abbr> T. Klassen und <abbr title=\"Professor\">Prof.<\/abbr> <abbr title=\"Doktor\">Dr.<\/abbr>&#8211;<abbr title=\"Ingenieur\">Ing.<\/abbr> R. Ostwald<\/p>\n<p>Maschinenbau, Wirtschaftsingenieurwesen<\/p>\n<p><abbr title=\"Wintertrimester\">WT<\/abbr>\/<abbr title=\"Fr\u00fchjahrstrimester\">FT<\/abbr><\/p>\n<p>2<\/p>\n<p>Studierende dieses Moduls sollen Kernthemen verschiedener Vorlesungen in Form von Laborversuchen vertiefen und sich mit praxisrelevanten Methoden und Ger\u00e4ten vertraut machen. Sie sollen die Konzeption, Durchf\u00fchrung und Dokumentation von Experimenten kennen lernen und dadurch in die Lage versetzt werden, eigenst\u00e4ndig wissenschaftliche und technische Ger\u00e4te zu bedienen sowie Versuchsreihen zu planen und zu dokumentieren.<\/p>\n<p><strong>Werkstofftechnik:<\/strong> Aufbau von Werkstoffen und Gitterstrukturen mittels R\u00f6ntgenfeinstrukturanalyse, Korngr\u00f6\u00dfen und innere Spannungen, Ausbildung und Charakterisierung von Mikrostrukturen und Phasenumwandlungen, Phasendiagramme, insbesondere Eisen-Kohlenstoff, grunds\u00e4tzliche H\u00e4rtungsmechanismen, Korrosion, Verhalten und Versagen von Werkstoffen unter mechanischer Last und entsprechende Pr\u00fcfverfahren, zerst\u00f6rungsfreie Werkstoffpr\u00fcfung, Mikroskopische Methoden (Licht- und\u00a0 Rasterelektronenmikroskopie).<br \/><strong>Mechanik:<\/strong> Kr\u00e4fteverteilung in Fachwerkstrukturen, Reibungseffekte, Elastizit\u00e4tslehre am Beispiel von Versuchen mit Werkstoffen unter Last (Zugversuche, orthotropes Werkstoffverhalten, Relaxation, Kriechen); Verifizierung von Modellen der Mechanik (Bernoulli-Hypothese unter Verwendung von Korrelations-Messsystem).<\/p>\n<\/div>\n<\/div>\n","protected":false},"excerpt":{"rendered":"<p>Kursnummer: Dozent: Studiengang: Trimester: Leistungspunkte: Qualifikationsziele: Inhalte: MB02901 Prof. Dr.&#8211;Ing. T. Klassen und Prof. Dr.&#8211;Ing. R. Ostwald Maschinenbau, Wirtschaftsingenieurwesen WT\/FT 2 Studierende dieses Moduls sollen Kernthemen verschiedener Vorlesungen in Form [&hellip;]<\/p>\n","protected":false},"author":2983,"featured_media":0,"parent":2322,"menu_order":0,"comment_status":"closed","ping_status":"closed","template":"","meta":{"footnotes":""},"categories":[6],"tags":[],"class_list":["post-2347","page","type-page","status-publish","hentry","category-lehre"],"_links":{"self":[{"href":"https:\/\/www.hsu-hh.de\/mechanik\/wp-json\/wp\/v2\/pages\/2347","targetHints":{"allow":["GET"]}}],"collection":[{"href":"https:\/\/www.hsu-hh.de\/mechanik\/wp-json\/wp\/v2\/pages"}],"about":[{"href":"https:\/\/www.hsu-hh.de\/mechanik\/wp-json\/wp\/v2\/types\/page"}],"author":[{"embeddable":true,"href":"https:\/\/www.hsu-hh.de\/mechanik\/wp-json\/wp\/v2\/users\/2983"}],"replies":[{"embeddable":true,"href":"https:\/\/www.hsu-hh.de\/mechanik\/wp-json\/wp\/v2\/comments?post=2347"}],"version-history":[{"count":4,"href":"https:\/\/www.hsu-hh.de\/mechanik\/wp-json\/wp\/v2\/pages\/2347\/revisions"}],"predecessor-version":[{"id":2382,"href":"https:\/\/www.hsu-hh.de\/mechanik\/wp-json\/wp\/v2\/pages\/2347\/revisions\/2382"}],"up":[{"embeddable":true,"href":"https:\/\/www.hsu-hh.de\/mechanik\/wp-json\/wp\/v2\/pages\/2322"}],"wp:attachment":[{"href":"https:\/\/www.hsu-hh.de\/mechanik\/wp-json\/wp\/v2\/media?parent=2347"}],"wp:term":[{"taxonomy":"category","embeddable":true,"href":"https:\/\/www.hsu-hh.de\/mechanik\/wp-json\/wp\/v2\/categories?post=2347"},{"taxonomy":"post_tag","embeddable":true,"href":"https:\/\/www.hsu-hh.de\/mechanik\/wp-json\/wp\/v2\/tags?post=2347"}],"curies":[{"name":"wp","href":"https:\/\/api.w.org\/{rel}","templated":true}]}}