{"id":1196,"date":"2023-02-28T10:34:31","date_gmt":"2023-02-28T09:34:31","guid":{"rendered":"https:\/\/www.hsu-hh.de\/marketing\/?page_id=1196"},"modified":"2025-04-17T08:51:04","modified_gmt":"2025-04-17T06:51:04","slug":"prof-dr-claudia-fantapie-altobelli-2","status":"publish","type":"page","link":"https:\/\/www.hsu-hh.de\/marketing\/en\/prof-dr-claudia-fantapie-altobelli-2","title":{"rendered":"Prof. Dr. Claudia Fantapi\u00e9 Altobelli"},"content":{"rendered":"\n<p>Chairholer<\/p>\n\n\n\n<div class=\"wp-block-columns is-layout-flex wp-container-core-columns-is-layout-9d6595d7 wp-block-columns-is-layout-flex\">\n<div class=\"wp-block-column is-layout-flow wp-block-column-is-layout-flow\">\n<p>Helmut-Schmidt-University<br>University of the Federal Armed Forces Hamburg<br>Holstenhofweg 85<br>22043 Hamburg<\/p>\n<\/div>\n\n\n\n<div class=\"wp-block-column is-layout-flow wp-block-column-is-layout-flow\">\n<p><strong>Room<\/strong>: H 1, Raum 2140<br><strong>Phone<\/strong>: +4940 6541 2772<br><strong>E-Mail:<\/strong><a href=\"mailto:claudia.fantapi%C3%A9@hsu-hh.de\" rel='nofollow'>claudia.fantapie[at]hsu-hh.de<\/a><\/p>\n<\/div>\n\n\n\n<div class=\"wp-block-column is-layout-flow wp-block-column-is-layout-flow\"><div class=\"wp-block-image is-style-rounded\">\n<figure class=\"aligncenter size-full is-resized\"><img loading=\"lazy\" decoding=\"async\" width=\"640\" height=\"886\" src=\"https:\/\/www.hsu-hh.de\/marketing\/wp-content\/uploads\/sites\/691\/2022\/11\/Fantapie.jpg\" data-credit=\"Fantapi\u00e9 Altobelli\" alt=\"Fantapi\u00e9 Altobelli\" class=\"wp-image-1054\" style=\"width:183px;height:252px\" srcset=\"https:\/\/www.hsu-hh.de\/marketing\/wp-content\/uploads\/sites\/691\/2022\/11\/Fantapie.jpg 640w, https:\/\/www.hsu-hh.de\/marketing\/wp-content\/uploads\/sites\/691\/2022\/11\/Fantapie-217x300.jpg 217w\" sizes=\"auto, (max-width: 640px) 100vw, 640px\" \/><\/figure>\n<\/div><\/div>\n<\/div>\n\n\n\n<p><strong>Office hours<\/strong><br>by appointment<\/p>\n\n\n\n<hr class=\"wp-block-separator has-alpha-channel-opacity is-style-wide\" \/>\n\n\n\n<p><strong>Resume<\/strong><br>Claudia Fantapi\u00e9 Altobelli is Professor of Business Administration and Marketing at Helmut-Schmidt-University in Hamburg, where she has been on faculty since 1995. At Helmut-Schmidt-University she covers the fields of marketing research, international marketing, media and advertising in research and teaching. Among others, she has done research in the fields of online marketing, international branding and virtual advertising. Currently, her main research field is marketing research with a focus on consumer neuroscience.<\/p>\n\n\n\n<hr class=\"wp-block-separator has-alpha-channel-opacity is-style-wide\" \/>\n\n\n\n<p><strong>Publications<\/strong><\/p>\n\n\n\n<p><a href=\"https:\/\/www.hsu-hh.de\/marketing\/monographien-2\">Monographien<\/a><br><a href=\"https:\/\/www.hsu-hh.de\/marketing\/herausgeberschaften-2\">Herausgeberschaften<\/a><br><a href=\"https:\/\/www.hsu-hh.de\/marketing\/aufsaetze-in-zeitschriften-handbuechern-und-sammelbaenden-2\">Aufs\u00e4tze in Zeitschriften, B\u00fcchern und Sammelb\u00e4nden<\/a><br><a href=\"https:\/\/www.hsu-hh.de\/marketing\/diskussionsbeitraege-des-instituts-fuer-marketing\">Diskussionsbeitr\u00e4ge des Instituts f\u00fcr Marketing<\/a>&nbsp;(ISSN 2193-8482)<\/p>\n","protected":false},"excerpt":{"rendered":"<p>Chairholer Helmut-Schmidt-UniversityUniversity of the Federal Armed Forces HamburgHolstenhofweg 8522043 Hamburg Room: H 1, Raum 2140Phone: +4940 6541 2772E-Mail:claudia.fantapie[at]hsu-hh.de Office hoursby appointment ResumeClaudia Fantapi\u00e9 Altobelli is Professor of Business Administration and [&hellip;]<\/p>\n","protected":false},"author":36,"featured_media":0,"parent":0,"menu_order":0,"comment_status":"closed","ping_status":"closed","template":"","meta":{"footnotes":""},"categories":[9],"tags":[],"class_list":["post-1196","page","type-page","status-publish","hentry","category-team-en"],"_links":{"self":[{"href":"https:\/\/www.hsu-hh.de\/marketing\/wp-json\/wp\/v2\/pages\/1196","targetHints":{"allow":["GET"]}}],"collection":[{"href":"https:\/\/www.hsu-hh.de\/marketing\/wp-json\/wp\/v2\/pages"}],"about":[{"href":"https:\/\/www.hsu-hh.de\/marketing\/wp-json\/wp\/v2\/types\/page"}],"author":[{"embeddable":true,"href":"https:\/\/www.hsu-hh.de\/marketing\/wp-json\/wp\/v2\/users\/36"}],"replies":[{"embeddable":true,"href":"https:\/\/www.hsu-hh.de\/marketing\/wp-json\/wp\/v2\/comments?post=1196"}],"version-history":[{"count":5,"href":"https:\/\/www.hsu-hh.de\/marketing\/wp-json\/wp\/v2\/pages\/1196\/revisions"}],"predecessor-version":[{"id":1399,"href":"https:\/\/www.hsu-hh.de\/marketing\/wp-json\/wp\/v2\/pages\/1196\/revisions\/1399"}],"wp:attachment":[{"href":"https:\/\/www.hsu-hh.de\/marketing\/wp-json\/wp\/v2\/media?parent=1196"}],"wp:term":[{"taxonomy":"category","embeddable":true,"href":"https:\/\/www.hsu-hh.de\/marketing\/wp-json\/wp\/v2\/categories?post=1196"},{"taxonomy":"post_tag","embeddable":true,"href":"https:\/\/www.hsu-hh.de\/marketing\/wp-json\/wp\/v2\/tags?post=1196"}],"curies":[{"name":"wp","href":"https:\/\/api.w.org\/{rel}","templated":true}]}}