{"id":73,"date":"2017-07-03T15:52:08","date_gmt":"2017-07-03T13:52:08","guid":{"rendered":"https:\/\/www.hsu-hh.de\/vorlage\/?page_id=73"},"modified":"2024-01-29T09:42:10","modified_gmt":"2024-01-29T08:42:10","slug":"startseite","status":"publish","type":"page","link":"https:\/\/www.hsu-hh.de\/lsm\/","title":{"rendered":"Professur f\u00fcr Str\u00f6mungsmaschinen in der Energietechnik"},"content":{"rendered":"<div class=\"wp-block-image\">\n<figure class=\"aligncenter size-full is-resized\"><img loading=\"lazy\" decoding=\"async\" width=\"1200\" height=\"675\" src=\"https:\/\/www.hsu-hh.de\/lsm\/wp-content\/uploads\/sites\/733\/2022\/12\/DSC03308.jpg\" data-credit=\"Joshua Maurer\" alt=\"Mitarbeiter LSM\" class=\"wp-image-1858\" style=\"width:1122px;height:auto\" srcset=\"https:\/\/www.hsu-hh.de\/lsm\/wp-content\/uploads\/sites\/733\/2022\/12\/DSC03308.jpg 1200w, https:\/\/www.hsu-hh.de\/lsm\/wp-content\/uploads\/sites\/733\/2022\/12\/DSC03308-300x169.jpg 300w, https:\/\/www.hsu-hh.de\/lsm\/wp-content\/uploads\/sites\/733\/2022\/12\/DSC03308-1024x576.jpg 1024w, https:\/\/www.hsu-hh.de\/lsm\/wp-content\/uploads\/sites\/733\/2022\/12\/DSC03308-768x432.jpg 768w, https:\/\/www.hsu-hh.de\/lsm\/wp-content\/uploads\/sites\/733\/2022\/12\/DSC03308-1100x619.jpg 1100w\" sizes=\"auto, (max-width: 1200px) 100vw, 1200px\" \/><\/figure>\n<\/div>\n\n\n<h6 class=\"wp-block-heading has-small-font-size\" style=\"font-style:normal;font-weight:400\"><a href=\"https:\/\/www.hsu-hh.de\/lsm\/stellenangebote\"><img loading=\"lazy\" decoding=\"async\" width=\"525\" height=\"78\" class=\"alignright\" src=\"https:\/\/www.hsu-hh.de\/lsm\/wp-content\/uploads\/sites\/733\/2023\/02\/Image-Stellen.png\" alt=\"\"><\/a><\/h6>\n\n\n\n<p><\/p>\n\n\n\n<div class=\"wp-block-columns is-layout-flex wp-container-core-columns-is-layout-9d6595d7 wp-block-columns-is-layout-flex\">\n<div class=\"wp-block-column is-layout-flow wp-block-column-is-layout-flow\" style=\"flex-basis:66.66%\"><\/div>\n\n\n\n<div class=\"wp-block-column is-layout-flow wp-block-column-is-layout-flow\" style=\"flex-basis:33.33%\"><\/div>\n<\/div>\n\n\n\n<p><\/p>\n\n\n\n<h2 class=\"wp-block-heading\">Laboratorium f\u00fcr Str\u00f6mungsmaschinen<\/h2>\n\n\n\n<p>Die Bereitstellung von Energie \u2013 vor allem elektrischer Energie \u2013 ist von zentraler Bedeutung f\u00fcr unsere Gesellschaft. Nahezu alle Merkmale der modernen Zivilisation sind direkt mit der Verf\u00fcgbarkeit von Energie an jedem Ort und zu jeder Zeit verkn\u00fcpft.<br>Aus vielerlei Gr\u00fcnden sind Str\u00f6mungsmaschinen ein unverzichtbarer Bestandteil der Energieversorgung. Sie sind in allen Leistungsbereichen &#8211; von wenigen Watt bis hin zu Gigawatt \u2013 verf\u00fcgbar und damit f\u00fcr dezentrale Anwendungen ebenso wichtig wie f\u00fcr den Einsatz in gro\u00dfen Kraftwerken, egal ob nuklear, fossil, solar oder mit regenerativen Brennstoffen gefeuert. Zur Bew\u00e4ltigung der enormen gesellschaftlichen und technischen Herausforderungen bei der Entwicklung und Umsetzung der Energieversorgung der Zukunft werden Str\u00f6mungsmaschinen auch weiterhin eine wichtige Rolle spielen.<\/p>\n\n\n\n<p>Die Forschung der Professur f\u00fcr Str\u00f6mungsmaschinen in der Energietechnik ist darauf ausgerichtet, alle Aspekte und Themen von der detaillierten Untersuchung von Str\u00f6mungsmaschinen und Komponenten \u00fcber Verfahren und Methoden zur Erh\u00f6hung des Prozesswirkungsgrades bis hin zur Integration in die bestehenden Systeme zu bearbeiten.<br>Unser Lehrangebot gibt einen breiten \u00dcberblick \u00fcber die Energietechnik. Gleichzeitig vermitteln wir den Studierenden fundiertes Wissen zu Str\u00f6mungsmaschinen und ihrer Anwendung in allen Bereichen.<\/p>\n","protected":false},"excerpt":{"rendered":"<p>Laboratorium f\u00fcr Str\u00f6mungsmaschinen Die Bereitstellung von Energie \u2013 vor allem elektrischer Energie \u2013 ist von zentraler Bedeutung f\u00fcr unsere Gesellschaft. Nahezu alle Merkmale der modernen Zivilisation sind direkt mit der [&hellip;]<\/p>\n","protected":false},"author":3532,"featured_media":0,"parent":0,"menu_order":0,"comment_status":"closed","ping_status":"closed","template":"faculty.php","meta":{"footnotes":""},"categories":[35],"tags":[],"class_list":["post-73","page","type-page","status-publish","hentry","category-startseite"],"_links":{"self":[{"href":"https:\/\/www.hsu-hh.de\/lsm\/wp-json\/wp\/v2\/pages\/73","targetHints":{"allow":["GET"]}}],"collection":[{"href":"https:\/\/www.hsu-hh.de\/lsm\/wp-json\/wp\/v2\/pages"}],"about":[{"href":"https:\/\/www.hsu-hh.de\/lsm\/wp-json\/wp\/v2\/types\/page"}],"author":[{"embeddable":true,"href":"https:\/\/www.hsu-hh.de\/lsm\/wp-json\/wp\/v2\/users\/3532"}],"replies":[{"embeddable":true,"href":"https:\/\/www.hsu-hh.de\/lsm\/wp-json\/wp\/v2\/comments?post=73"}],"version-history":[{"count":29,"href":"https:\/\/www.hsu-hh.de\/lsm\/wp-json\/wp\/v2\/pages\/73\/revisions"}],"predecessor-version":[{"id":2045,"href":"https:\/\/www.hsu-hh.de\/lsm\/wp-json\/wp\/v2\/pages\/73\/revisions\/2045"}],"wp:attachment":[{"href":"https:\/\/www.hsu-hh.de\/lsm\/wp-json\/wp\/v2\/media?parent=73"}],"wp:term":[{"taxonomy":"category","embeddable":true,"href":"https:\/\/www.hsu-hh.de\/lsm\/wp-json\/wp\/v2\/categories?post=73"},{"taxonomy":"post_tag","embeddable":true,"href":"https:\/\/www.hsu-hh.de\/lsm\/wp-json\/wp\/v2\/tags?post=73"}],"curies":[{"name":"wp","href":"https:\/\/api.w.org\/{rel}","templated":true}]}}