{"id":1888,"date":"2022-12-19T10:52:05","date_gmt":"2022-12-19T09:52:05","guid":{"rendered":"https:\/\/www.hsu-hh.de\/lsm\/?page_id=1888"},"modified":"2024-12-11T07:10:10","modified_gmt":"2024-12-11T06:10:10","slug":"messtechnikundmedienversorgung","status":"publish","type":"page","link":"https:\/\/www.hsu-hh.de\/lsm\/messtechnikundmedienversorgung","title":{"rendered":"Messtechnik und Medienversorgung"},"content":{"rendered":"<h3>Messtechnische Ausstattung<\/h3>\n<p><img loading=\"lazy\" decoding=\"async\" class=\" wp-image-915\" src=\"https:\/\/www.hsu-hh.de\/lsm\/wp-content\/uploads\/sites\/733\/2019\/10\/TabMesst-300x144.jpg\" alt=\"Messtechnik\" width=\"1017\" height=\"488\" data-credit=\"LSM\" srcset=\"https:\/\/www.hsu-hh.de\/lsm\/wp-content\/uploads\/sites\/733\/2019\/10\/TabMesst-300x144.jpg 300w, https:\/\/www.hsu-hh.de\/lsm\/wp-content\/uploads\/sites\/733\/2019\/10\/TabMesst-768x368.jpg 768w, https:\/\/www.hsu-hh.de\/lsm\/wp-content\/uploads\/sites\/733\/2019\/10\/TabMesst-1024x491.jpg 1024w, https:\/\/www.hsu-hh.de\/lsm\/wp-content\/uploads\/sites\/733\/2019\/10\/TabMesst.jpg 1254w\" sizes=\"auto, (max-width: 1017px) 100vw, 1017px\" \/><\/p>\n<p>Das Laboratorium f\u00fcr Str\u00f6mungsmaschinen ist hervorragend f\u00fcr verschiedenste Messaufgaben in ein- und mehrphasigen Str\u00f6mungen ausger\u00fcstet. Abgesehen von der grunds\u00e4tzlich vorgesehenen Messung von Dr\u00fccken und Temperaturen auf Oberfl\u00e4chen oder mittels Str\u00f6mungssonden sind 2D- und 3D-LDA und PIV-Systeme f\u00fcr die Erfassung von Str\u00f6mungsfeldern vorhanden; in mehrphasigen (<abbr title=\"zum Beispiel\">z.B.<\/abbr> tropfenbeladenen) Str\u00f6mungen kann zudem die Gr\u00f6\u00dfe der Partikel mithilfe der vorhandenen PDA- und Shadowgraphie-Systeme erfasst werden. F\u00fcr die Messung sehr kleiner Partikel im Sub-Mikrometer-Bereich auf der Basis der Lichtextinktion steht ebenfalls die notwendige Ausr\u00fcstung und Expertise zur Verf\u00fcgung.<\/p>\n<p>Des Weiteren sind am Brennkammerpr\u00fcfstand des Laboratoriums LIF und UV-LIF-Systeme f\u00fcr die Erfassung der Vorg\u00e4nge w\u00e4hrend der Verbrennung sowie entsprechende Ger\u00e4te zur Emissionsmessung vorhanden.<\/p>\n<p>___________________________________________________________________________________________________________________<\/p>\n<h2>Luft- und Dampfversorgung<\/h2>\n<h3>Dampfversorgung:<\/h3>\n<p>Erdgasgefeuerter Flammrohrdampfkessel mit \u00dcberhitzer und Hei\u00dfdampf- Oberfl\u00e4chenk\u00fchler<br \/>\nmax. Dampfmenge 10 t\/h<br \/>\nmax. Frischdampfzustand: 17 bar \/ 280 \u00b0C<br \/>\nBypassleitung mit regelbarer Wassereinspritzung<\/p>\n<h3>\nLuftversorgung:<\/h3>\n<p>Die zentrale Luftversorgungsanlage des Laboratoriums besteht aus zwei gro\u00dfen Radialverdichtern, die entweder einzeln, parallel oder in Reihe betrieben werden k\u00f6nnen<\/p>\n<p>1 Verdichter in Betrieb:<\/p>\n<p>max. Druckverh\u00e4ltnis: 2<br \/>\nmax. Luftdurchsatz: 27 kg\/s<br \/>\n2 Verdichter in Betrieb:<\/p>\n<p>max. Druckverh\u00e4ltnis: 3,7<br \/>\nmax. Luftdurchsatz: 18 kg\/s<br \/>\nDie gew\u00fcnschte Lufteintrittstemperatur am Versuchsstand wird mittels eines Nachk\u00fchlers eingestellt.<\/p>\n<p>Des weiteren steht ein Ventilator mit einem max. Volumenstrom von 10 m\u00b3\/s und einer max. Druckerh\u00f6hung von 1600 Pa als Luftversorgung f\u00fcr kleinere Versuchsst\u00e4nde zur Verf\u00fcgung.<\/p>\n","protected":false},"excerpt":{"rendered":"<p>Messtechnische Ausstattung Das Laboratorium f\u00fcr Str\u00f6mungsmaschinen ist hervorragend f\u00fcr verschiedenste Messaufgaben in ein- und mehrphasigen Str\u00f6mungen ausger\u00fcstet. Abgesehen von der grunds\u00e4tzlich vorgesehenen Messung von Dr\u00fccken und Temperaturen auf Oberfl\u00e4chen oder [&hellip;]<\/p>\n","protected":false},"author":3532,"featured_media":0,"parent":0,"menu_order":0,"comment_status":"closed","ping_status":"closed","template":"","meta":{"footnotes":""},"categories":[217],"tags":[],"class_list":["post-1888","page","type-page","status-publish","hentry","category-medienversorgung"],"_links":{"self":[{"href":"https:\/\/www.hsu-hh.de\/lsm\/wp-json\/wp\/v2\/pages\/1888","targetHints":{"allow":["GET"]}}],"collection":[{"href":"https:\/\/www.hsu-hh.de\/lsm\/wp-json\/wp\/v2\/pages"}],"about":[{"href":"https:\/\/www.hsu-hh.de\/lsm\/wp-json\/wp\/v2\/types\/page"}],"author":[{"embeddable":true,"href":"https:\/\/www.hsu-hh.de\/lsm\/wp-json\/wp\/v2\/users\/3532"}],"replies":[{"embeddable":true,"href":"https:\/\/www.hsu-hh.de\/lsm\/wp-json\/wp\/v2\/comments?post=1888"}],"version-history":[{"count":12,"href":"https:\/\/www.hsu-hh.de\/lsm\/wp-json\/wp\/v2\/pages\/1888\/revisions"}],"predecessor-version":[{"id":2132,"href":"https:\/\/www.hsu-hh.de\/lsm\/wp-json\/wp\/v2\/pages\/1888\/revisions\/2132"}],"wp:attachment":[{"href":"https:\/\/www.hsu-hh.de\/lsm\/wp-json\/wp\/v2\/media?parent=1888"}],"wp:term":[{"taxonomy":"category","embeddable":true,"href":"https:\/\/www.hsu-hh.de\/lsm\/wp-json\/wp\/v2\/categories?post=1888"},{"taxonomy":"post_tag","embeddable":true,"href":"https:\/\/www.hsu-hh.de\/lsm\/wp-json\/wp\/v2\/tags?post=1888"}],"curies":[{"name":"wp","href":"https:\/\/api.w.org\/{rel}","templated":true}]}}