{"id":73,"date":"2017-07-03T15:52:08","date_gmt":"2017-07-03T13:52:08","guid":{"rendered":"https:\/\/www.hsu-hh.de\/vorlage\/?page_id=73"},"modified":"2021-12-14T09:44:25","modified_gmt":"2021-12-14T08:44:25","slug":"startseite","status":"publish","type":"page","link":"https:\/\/www.hsu-hh.de\/lek\/","title":{"rendered":""},"content":{"rendered":"<h2>Wir freuen uns, Sie auf der Internetpr\u00e4senz der Professur f\u00fcr Leistungselektronik (LEK) begr\u00fc\u00dfen zu d\u00fcrfen.<\/h2>\n<p>Hier finden Sie s\u00e4mtliche Informationen zu unseren <a href=\"https:\/\/www.hsu-hh.de\/lek\/forschung\">Forschungsaktivit\u00e4ten<\/a>, <a href=\"https:\/\/www.hsu-hh.de\/lek\/forschung\/publikationen\">Publikationen<\/a>, <a href=\"https:\/\/www.hsu-hh.de\/lek\/lehre\">Lehrinhalten<\/a> sowie zu unserem <a href=\"https:\/\/www.hsu-hh.de\/lek\/personal\">LEK-Team<\/a>.<\/p>\n<p>Die Kompetenzen der Professur liegen u.a. im Aufbau und der Untersuchung innovativer leistungselektronischer Topologien, in der Charakterisierung von Leistungshalbleitern unterschiedlicher Technologien (Silizium oder Wide-Bandgap basierend), aber auch in der Simulation von Schaltungen und Komponenten. Neben unserem Fokus auf rein wissenschaftlichen T\u00e4tigkeiten sind wir auch in diversen Forschungsprojekten mit Industrieunternehmen involviert.<\/p>\n<p>F\u00fcr unsere wissenschaftlichen Analysen steht uns eine gro\u00dfe Auswahl an hochwertigen Laborger\u00e4ten und Messinstrumenten zur Verf\u00fcgung.<\/p>\n\n\n<p><\/p>\n","protected":false},"excerpt":{"rendered":"<p>Wir freuen uns, Sie auf der Internetpr\u00e4senz der Professur f\u00fcr Leistungselektronik (LEK) begr\u00fc\u00dfen zu d\u00fcrfen. Hier finden Sie s\u00e4mtliche Informationen zu unseren Forschungsaktivit\u00e4ten, Publikationen, Lehrinhalten sowie zu unserem LEK-Team. Die [&hellip;]<\/p>\n","protected":false},"author":1,"featured_media":0,"parent":0,"menu_order":0,"comment_status":"closed","ping_status":"closed","template":"","meta":{"footnotes":""},"categories":[35],"tags":[],"class_list":["post-73","page","type-page","status-publish","hentry","category-startseite"],"_links":{"self":[{"href":"https:\/\/www.hsu-hh.de\/lek\/wp-json\/wp\/v2\/pages\/73","targetHints":{"allow":["GET"]}}],"collection":[{"href":"https:\/\/www.hsu-hh.de\/lek\/wp-json\/wp\/v2\/pages"}],"about":[{"href":"https:\/\/www.hsu-hh.de\/lek\/wp-json\/wp\/v2\/types\/page"}],"author":[{"embeddable":true,"href":"https:\/\/www.hsu-hh.de\/lek\/wp-json\/wp\/v2\/users\/1"}],"replies":[{"embeddable":true,"href":"https:\/\/www.hsu-hh.de\/lek\/wp-json\/wp\/v2\/comments?post=73"}],"version-history":[{"count":8,"href":"https:\/\/www.hsu-hh.de\/lek\/wp-json\/wp\/v2\/pages\/73\/revisions"}],"predecessor-version":[{"id":1368,"href":"https:\/\/www.hsu-hh.de\/lek\/wp-json\/wp\/v2\/pages\/73\/revisions\/1368"}],"wp:attachment":[{"href":"https:\/\/www.hsu-hh.de\/lek\/wp-json\/wp\/v2\/media?parent=73"}],"wp:term":[{"taxonomy":"category","embeddable":true,"href":"https:\/\/www.hsu-hh.de\/lek\/wp-json\/wp\/v2\/categories?post=73"},{"taxonomy":"post_tag","embeddable":true,"href":"https:\/\/www.hsu-hh.de\/lek\/wp-json\/wp\/v2\/tags?post=73"}],"curies":[{"name":"wp","href":"https:\/\/api.w.org\/{rel}","templated":true}]}}