{"id":161,"date":"2017-09-05T07:33:55","date_gmt":"2017-09-05T05:33:55","guid":{"rendered":"https:\/\/www.hsu-hh.de\/lek\/?page_id=161"},"modified":"2021-12-17T14:31:46","modified_gmt":"2021-12-17T13:31:46","slug":"labor","status":"publish","type":"page","link":"https:\/\/www.hsu-hh.de\/lek\/labor","title":{"rendered":"Labor"},"content":{"rendered":"<p>Die Professur verf\u00fcgt \u00fcber ein sehr gut ausgestattetes Labor:<\/p>\n<p>Hardware:<\/p>\n<ul>\n<li>200kVA-Drehstromversorgung bis 500V mit einstellbarer Frequenz von 15-400Hz.<\/li>\n<li>Variable 100kW-Gleichspannungsversorgung bis 440V.<\/li>\n<li>Programmierbare Pr\u00e4zisions-Gleichspannungsquellen bis 1000V und 120kW-Spitzenleistung.<\/li>\n<li>Digitale Mehrkanal-Oszilloskope mit 3,0GHz-Bandbreite und 20GS\/s-Sampling-Rate.<\/li>\n<li>Miniatur-Rogowski-Stromsensoren mit 200MHz-Bandbreite.<\/li>\n<li>Pr\u00e4zisions-LRC-Messbr\u00fccke.<\/li>\n<li>Pr\u00fcfst\u00e4nde f\u00fcr Leistungshalbleiter unterschiedlicher Strom- und Spannungsklassen.<\/li>\n<li>Digitale Frequenzgeneratoren.<\/li>\n<li>Pr\u00e4zisions-Curve-Tracer von Keysight (bis 3kV und 1500A) f\u00fcr Leistungshalbleiter.<\/li>\n<li>W\u00e4rmebildkamera und fiberoptische Temperaturmesssysteme.<\/li>\n<li>Hochspannungsquellen (Gleichspannung) bis 20kV\u00a0 und 5kV mit 25kW Leistung.<\/li>\n<li>Fr\u00e4sbohrplotter zur Fertigung von Prototyp-Leiterplatten.<\/li>\n<\/ul>\n<p>Software:<\/p>\n<ul>\n<li>PLECS<\/li>\n<li>SIMPLORER<\/li>\n<li>MATHCAD<\/li>\n<li>PSpice<\/li>\n<li>LabView<\/li>\n<li>Matlab\/Simulink<\/li>\n<li>Altium Designer<\/li>\n<\/ul>\n<p><a href=\"https:\/\/www.hsu-hh.de\/lek\/historisches\/\">Historisches im Labor<\/a><\/p>\n","protected":false},"excerpt":{"rendered":"<p>Die Professur verf\u00fcgt \u00fcber ein sehr gut ausgestattetes Labor: Hardware: 200kVA-Drehstromversorgung bis 500V mit einstellbarer Frequenz von 15-400Hz. Variable 100kW-Gleichspannungsversorgung bis 440V. Programmierbare Pr\u00e4zisions-Gleichspannungsquellen bis 1000V und 120kW-Spitzenleistung. Digitale Mehrkanal-Oszilloskope [&hellip;]<\/p>\n","protected":false},"author":34,"featured_media":0,"parent":0,"menu_order":0,"comment_status":"closed","ping_status":"closed","template":"","meta":{"footnotes":""},"categories":[53],"tags":[],"class_list":["post-161","page","type-page","status-publish","hentry","category-labor-leistungselektronik"],"_links":{"self":[{"href":"https:\/\/www.hsu-hh.de\/lek\/wp-json\/wp\/v2\/pages\/161","targetHints":{"allow":["GET"]}}],"collection":[{"href":"https:\/\/www.hsu-hh.de\/lek\/wp-json\/wp\/v2\/pages"}],"about":[{"href":"https:\/\/www.hsu-hh.de\/lek\/wp-json\/wp\/v2\/types\/page"}],"author":[{"embeddable":true,"href":"https:\/\/www.hsu-hh.de\/lek\/wp-json\/wp\/v2\/users\/34"}],"replies":[{"embeddable":true,"href":"https:\/\/www.hsu-hh.de\/lek\/wp-json\/wp\/v2\/comments?post=161"}],"version-history":[{"count":7,"href":"https:\/\/www.hsu-hh.de\/lek\/wp-json\/wp\/v2\/pages\/161\/revisions"}],"predecessor-version":[{"id":929,"href":"https:\/\/www.hsu-hh.de\/lek\/wp-json\/wp\/v2\/pages\/161\/revisions\/929"}],"wp:attachment":[{"href":"https:\/\/www.hsu-hh.de\/lek\/wp-json\/wp\/v2\/media?parent=161"}],"wp:term":[{"taxonomy":"category","embeddable":true,"href":"https:\/\/www.hsu-hh.de\/lek\/wp-json\/wp\/v2\/categories?post=161"},{"taxonomy":"post_tag","embeddable":true,"href":"https:\/\/www.hsu-hh.de\/lek\/wp-json\/wp\/v2\/tags?post=161"}],"curies":[{"name":"wp","href":"https:\/\/api.w.org\/{rel}","templated":true}]}}