{"id":956,"date":"2019-10-08T10:53:26","date_gmt":"2019-10-08T08:53:26","guid":{"rendered":"https:\/\/www.hsu-hh.de\/laft\/?page_id=956"},"modified":"2024-11-18T12:00:12","modified_gmt":"2024-11-18T11:00:12","slug":"sascha-hartig","status":"publish","type":"page","link":"https:\/\/www.hsu-hh.de\/laft\/mitarbeiter\/sascha-hartig","title":{"rendered":"Kapit\u00e4nleutnant Sascha Hartig M.Sc."},"content":{"rendered":"<h1>Sascha Hartig<\/h1>\n<table>\n<tbody>\n<tr>\n<td width=\"134\">Postanschrift<\/td>\n<td width=\"169\">Helmut-Schmidt-Universit\u00e4t<br \/>\nFakult\u00e4t f\u00fcr Maschinenbau<br \/>\nLaboratorium Fertigungstechnik<br \/>\nHolstenhofweg 85<br \/>\n22043 Hamburg<\/td>\n<td rowspan=\"8\" width=\"301\">|<img loading=\"lazy\" decoding=\"async\" class=\"alignnone  wp-image-1157\" src=\"https:\/\/www.hsu-hh.de\/laft\/wp-content\/uploads\/sites\/671\/2020\/12\/DSC_8627.jpg\" alt=\"KL Hartig\" width=\"416\" height=\"555\" data-credit=\"Schr\u00f6der\" srcset=\"https:\/\/www.hsu-hh.de\/laft\/wp-content\/uploads\/sites\/671\/2020\/12\/DSC_8627.jpg 1063w, https:\/\/www.hsu-hh.de\/laft\/wp-content\/uploads\/sites\/671\/2020\/12\/DSC_8627-225x300.jpg 225w, https:\/\/www.hsu-hh.de\/laft\/wp-content\/uploads\/sites\/671\/2020\/12\/DSC_8627-768x1024.jpg 768w\" sizes=\"auto, (max-width: 416px) 100vw, 416px\" \/><\/td>\n<\/tr>\n<tr>\n<td width=\"134\">Raum<\/td>\n<td width=\"169\"><\/td>\n<\/tr>\n<tr>\n<td width=\"134\">Geb\u00e4ude<\/td>\n<td width=\"169\"><\/td>\n<\/tr>\n<tr>\n<td width=\"134\">Telefon<\/td>\n<td width=\"169\"><\/td>\n<\/tr>\n<tr>\n<td width=\"134\">Fax<\/td>\n<td width=\"169\"><\/td>\n<\/tr>\n<tr>\n<td width=\"134\">Email<\/td>\n<td width=\"169\"><\/td>\n<\/tr>\n<tr>\n<td width=\"134\">Funktion<\/td>\n<td width=\"169\">EHEMALIGE<\/td>\n<\/tr>\n<tr>\n<td width=\"134\">Forschungsbereiche<\/td>\n<td width=\"169\">Additive Fertigungstechnologien<\/td>\n<\/tr>\n<tr>\n<td width=\"134\">Ver\u00f6ffentlichungen<\/td>\n<td colspan=\"2\" width=\"470\">\n<table>\n<tbody>\n<tr>\n<td width=\"51\"><strong>2021<\/strong><\/td>\n<td width=\"396\">Hartig, S., Hildebrandt, L., Fette, M.\u00a0<em>et al.<\/em>\u00a0Process parameter determination for small recycling plants for the production of filament for FFF printing using the Taguchi method.<em>Prog Addit Manuf<\/em>\u00a0(2021). https:\/\/doi.org\/10.1007\/s40964-021-00218-xTobias Meyer,\u00a0Sascha Hartig,\u00a0Eugen Musienko,\u00a0et al. Reverse Engineering Ein Matrix-organisierter Ansatz zur Element-Funktions-Assoziation, In: ZWF (2021).<\/td>\n<\/tr>\n<tr>\n<td width=\"51\"><strong>2020<\/strong><\/td>\n<td width=\"396\">Duda S, Hartig S, Hagner K <em>et al.<\/em> Potential risks of a widespread use of 3D printing for the manufacturing of face masks during the severe acute respiratory syndrome coronavirus 2 pandemic. <em>Journal of 3D Printing in Medicine<\/em> (2020).Hartig S. The Manufacturing of 3D Printed models for the Neurotraumatological Education of Military Surgeons. <em>Miltary Medicine<\/em> (2020).<\/p>\n<p>Hartig S, Duda S, Hildebrandt L. Urgent need hybrid production &#8211; what COVID-19 can teach us about dislocated production through 3d-printing and the maker scene. <em>3D Printing in Medicine<\/em> 6(1) (2020).<\/td>\n<\/tr>\n<\/tbody>\n<\/table>\n<\/td>\n<\/tr>\n<\/tbody>\n<\/table>\n","protected":false},"excerpt":{"rendered":"<p>Sascha Hartig Postanschrift Helmut-Schmidt-Universit\u00e4t Fakult\u00e4t f\u00fcr Maschinenbau Laboratorium Fertigungstechnik Holstenhofweg 85 22043 Hamburg | Raum Geb\u00e4ude Telefon Fax Email Funktion EHEMALIGE Forschungsbereiche Additive Fertigungstechnologien Ver\u00f6ffentlichungen 2021 Hartig, S., Hildebrandt, L., [&hellip;]<\/p>\n","protected":false},"author":84,"featured_media":0,"parent":1294,"menu_order":0,"comment_status":"closed","ping_status":"closed","template":"","meta":{"footnotes":""},"categories":[8],"tags":[],"class_list":["post-956","page","type-page","status-publish","hentry","category-team"],"_links":{"self":[{"href":"https:\/\/www.hsu-hh.de\/laft\/wp-json\/wp\/v2\/pages\/956","targetHints":{"allow":["GET"]}}],"collection":[{"href":"https:\/\/www.hsu-hh.de\/laft\/wp-json\/wp\/v2\/pages"}],"about":[{"href":"https:\/\/www.hsu-hh.de\/laft\/wp-json\/wp\/v2\/types\/page"}],"author":[{"embeddable":true,"href":"https:\/\/www.hsu-hh.de\/laft\/wp-json\/wp\/v2\/users\/84"}],"replies":[{"embeddable":true,"href":"https:\/\/www.hsu-hh.de\/laft\/wp-json\/wp\/v2\/comments?post=956"}],"version-history":[{"count":10,"href":"https:\/\/www.hsu-hh.de\/laft\/wp-json\/wp\/v2\/pages\/956\/revisions"}],"predecessor-version":[{"id":2544,"href":"https:\/\/www.hsu-hh.de\/laft\/wp-json\/wp\/v2\/pages\/956\/revisions\/2544"}],"up":[{"embeddable":true,"href":"https:\/\/www.hsu-hh.de\/laft\/wp-json\/wp\/v2\/pages\/1294"}],"wp:attachment":[{"href":"https:\/\/www.hsu-hh.de\/laft\/wp-json\/wp\/v2\/media?parent=956"}],"wp:term":[{"taxonomy":"category","embeddable":true,"href":"https:\/\/www.hsu-hh.de\/laft\/wp-json\/wp\/v2\/categories?post=956"},{"taxonomy":"post_tag","embeddable":true,"href":"https:\/\/www.hsu-hh.de\/laft\/wp-json\/wp\/v2\/tags?post=956"}],"curies":[{"name":"wp","href":"https:\/\/api.w.org\/{rel}","templated":true}]}}