{"id":1319,"date":"2023-01-10T10:59:56","date_gmt":"2023-01-10T09:59:56","guid":{"rendered":"https:\/\/www.hsu-hh.de\/kwb\/?page_id=1319"},"modified":"2023-01-11T13:16:18","modified_gmt":"2023-01-11T12:16:18","slug":"labor","status":"publish","type":"page","link":"https:\/\/www.hsu-hh.de\/kwb\/labor\/","title":{"rendered":"Labor"},"content":{"rendered":"<h2>Ausstattung<\/h2>\n<p>Die Professur verf\u00fcgt \u00fcber die folgenden Labore\/ Ausstattung:<\/p>\n<ul>\n<li><strong>Betonlabor<\/strong> zur Untersuchung von Frischbeton und Festbetoneigenschaften<\/li>\n<li><strong>Elektrochemisches <\/strong>Labor f\u00fcr Korrosionsuntersuchungen, vorzugsweise von Stahl in Beton<\/li>\n<li><strong>Dauerhaftigkeitslabor<\/strong> f\u00fcr lab-performance Tests<\/li>\n<li><strong> Zerst\u00f6rungsfreies Pr\u00fcflabor<\/strong> mit den Ger\u00e4ten: Betondeckung, Ultraschall, Impakt-Echo, RADAR, <abbr title=\"et cetera\">etc.<\/abbr><\/li>\n<li><strong>Mobiles Monitoringsystem mit unterschiedlichen Sensoren<\/strong>: Geschwindigkeitssensoren, Beschleunigungssensoren, Neigungssensoren, Umweltbedingungen, Kamera, <abbr title=\"et cetera\">etc.<\/abbr><\/li>\n<li><strong>Mikroskopie<\/strong><\/li>\n<\/ul>\n","protected":false},"excerpt":{"rendered":"<p>Ausstattung Die Professur verf\u00fcgt \u00fcber die folgenden Labore\/ Ausstattung: Betonlabor zur Untersuchung von Frischbeton und Festbetoneigenschaften Elektrochemisches Labor f\u00fcr Korrosionsuntersuchungen, vorzugsweise von Stahl in Beton Dauerhaftigkeitslabor f\u00fcr lab-performance Tests Zerst\u00f6rungsfreies [&hellip;]<\/p>\n","protected":false},"author":2761,"featured_media":0,"parent":0,"menu_order":0,"comment_status":"closed","ping_status":"closed","template":"","meta":{"footnotes":""},"categories":[234],"tags":[],"class_list":["post-1319","page","type-page","status-publish","hentry","category-labor"],"_links":{"self":[{"href":"https:\/\/www.hsu-hh.de\/kwb\/wp-json\/wp\/v2\/pages\/1319","targetHints":{"allow":["GET"]}}],"collection":[{"href":"https:\/\/www.hsu-hh.de\/kwb\/wp-json\/wp\/v2\/pages"}],"about":[{"href":"https:\/\/www.hsu-hh.de\/kwb\/wp-json\/wp\/v2\/types\/page"}],"author":[{"embeddable":true,"href":"https:\/\/www.hsu-hh.de\/kwb\/wp-json\/wp\/v2\/users\/2761"}],"replies":[{"embeddable":true,"href":"https:\/\/www.hsu-hh.de\/kwb\/wp-json\/wp\/v2\/comments?post=1319"}],"version-history":[{"count":3,"href":"https:\/\/www.hsu-hh.de\/kwb\/wp-json\/wp\/v2\/pages\/1319\/revisions"}],"predecessor-version":[{"id":1349,"href":"https:\/\/www.hsu-hh.de\/kwb\/wp-json\/wp\/v2\/pages\/1319\/revisions\/1349"}],"wp:attachment":[{"href":"https:\/\/www.hsu-hh.de\/kwb\/wp-json\/wp\/v2\/media?parent=1319"}],"wp:term":[{"taxonomy":"category","embeddable":true,"href":"https:\/\/www.hsu-hh.de\/kwb\/wp-json\/wp\/v2\/categories?post=1319"},{"taxonomy":"post_tag","embeddable":true,"href":"https:\/\/www.hsu-hh.de\/kwb\/wp-json\/wp\/v2\/tags?post=1319"}],"curies":[{"name":"wp","href":"https:\/\/api.w.org\/{rel}","templated":true}]}}