{"id":1031,"date":"2022-04-08T13:50:33","date_gmt":"2022-04-08T11:50:33","guid":{"rendered":"https:\/\/www.hsu-hh.de\/kwb\/?page_id=1031"},"modified":"2022-04-11T08:47:38","modified_gmt":"2022-04-11T06:47:38","slug":"dafstb","status":"publish","type":"page","link":"https:\/\/www.hsu-hh.de\/kwb\/forschung\/dafstb\/","title":{"rendered":"DAfStb"},"content":{"rendered":"<p><strong>Dauerhaftigkeit von Beton nach dem Performance-Prinzip -Grenzzust\u00e4nde \/ erforderliche Zuverl\u00e4ssigkeiten \u2013<\/strong><\/p>\n<p>Kontakt: <a href=\"https:\/\/www.hsu-hh.de\/kwb\/mitarbeiter\/juan-daniel-cassiani\/\">Daniel Cassiani<\/a><\/p>\n<p>Beton ist der am h\u00e4ufigsten verwendete Baustoff im Hoch- und Verkehrswegebau. Im Jahr 2018 erzielte die deutsche Transportbetonindustrie mit einer Produktion in H\u00f6he von 52,7 Millionen Kubikmeter Transportbeton einen Umsatz von 3,84 Milliarden Euro. Der Bau- und Geb\u00e4udesektor f\u00fcr (9,95 Gt CO2) der globalen CO2-Emissionen verantwortlich. Um Ressourcen zu sparen und die CO2-Emission zu reduzieren, m\u00fcssen Anstrengungen bei der Auswahl der Baustoffe, dem Entwurf, der Gestaltung, den Bauverfahren, den Instandhaltungsma\u00dfnahmen und bei Lebenszyklusmanagement unternommen werden.<\/p>\n<p>Um eine ausreichende Dauerhaftigkeit von Stahl- und Spannbetonbauwerken gew\u00e4hrleisten zu k\u00f6nnen, sind in Regelwerken bislang lediglich Konstruktionsregeln vorgeschrieben. Zur Vermeidung von Bewehrungskorrosion sind in den Normen auf Basis von grob unterteilten Expositionsklassen, z.\u00a0B. Vorschriften und Grenzwerte f\u00fcr den Wasserzementwert, die Zementart, den Zementgehalt und die Betondeckung angegeben. Diese Art der deskriptiven Dauerhaftigkeitsbemessung ist empirisch gewachsen und wird nicht nur in Deutschland, sondern in vergleichbarer Weise weltweit bis heute praktiziert.<\/p>\n<p>Ziel des Vorhabens ist es, geeignete Grenzzust\u00e4nde zu identifizieren, die einen ungewollten von einem gewollten Bauteilzustand hinsichtlich Dauerhaftigkeit wirtschaftlich und mit ausreichender Zuverl\u00e4ssigkeit abgrenzen. Daf\u00fcr sollen zun\u00e4chst die normativen Grenzzust\u00e4nde, z.\u00a0B. Depassivierung der Bewehrung, den Grundzust\u00e4nden gegen\u00fcbergestellt werden, die zur Instandsetzung eines Bauteils gef\u00fchrt hat. Dazu ist mit Hilfe vieler, bereits durchgef\u00fchrter und dokumentierter Instandsetzung zu ergr\u00fcnden, welche Instandsetzungskosten bei Instandsetzung von unterschiedlich stark strukturell gesch\u00e4digten Bauwerken anfielen. Auch ist zu kl\u00e4ren, wie die Lebensdauer eines Stahlbetonbauwerks bis zur strukturellen Sch\u00e4digung, beispielsweise markiert durch korrosionsinduzierte Rissbildung, prognostiziert werden kann. Mit Hilfe von umfangreichen Daten\/ Erfahrungen bereits durchgef\u00fchrter Instandsetzungsprojekte soll gekl\u00e4rt werden, bei welchem Schadensumfang welche Instandsetzungen angeordnet und welche Kosten damit verursacht wurden. Was sind f\u00fcr die Betreiber gro\u00dfer Bauwerksbest\u00e4nde aus welchem Grund ungewollte Grenzzust\u00e4nde? Damit lassen sich Modellierung, ad\u00e4quater Grenzzustand und daf\u00fcr geforderte Zuverl\u00e4ssigkeit technisch\/wirtschaftlich objektiv zusammenbringen.<\/p>\n<p>Ein Ziel ist die Bewertung der Lebenszykluskosten von neuen Alternativen zur Erh\u00f6hung der Dauerhaftigkeit von Stahlbeton gegen Stahlkorrosion. Diese neuen Alternativen kombinieren die Verwendung neuer Materialien (wie Zemente mit niedrigem Bindemittelgehalt) und anderer Methoden (wie die Erh\u00f6hung der Betondeckung). Mit diesen Informationen wird das Verh\u00e4ltnis zwischen Kosten und Dauerhaftigkeit der Elemente analysiert. Dar\u00fcber hinaus umfasst die Arbeit die Konstruktion eines Multiphysikmodells zur Vorhersage der Rissbildung\/Abplatzung infolge von Bewehrungskorrosion. Diese Informationen werden verwendet, um die Eignung dieser beiden Parameter als neue Grenzzust\u00e4nde f\u00fcr die Bewertung der Dauerhaftigkeit zu bewerten. Das Projekt wird in Zusammenarbeit mit der Technischen Universit\u00e4t M\u00fcnchen (TUM) durchgef\u00fchrt und ist Teil eines gro\u00dfen Verbundforschungsvorhaben, das durch den Deutschen Ausschuss f\u00fcr Stahlbeton (DAfStb) koordiniert wird.<\/p>\n<p>\u00a0<\/p>\n<p>\u00a0<\/p>\n<figure id=\"attachment_969\" aria-describedby=\"caption-attachment-969\" style=\"width: 505px\" class=\"wp-caption aligncenter\"><img loading=\"lazy\" decoding=\"async\" class=\"wp-image-969\" src=\"https:\/\/www.hsu-hh.de\/kwb\/wp-content\/uploads\/sites\/830\/2022\/03\/Dafstb-300x226.png\" alt=\"Dafstb\" width=\"505\" height=\"380\" data-credit=\"HSU-TUM-DAfStb\" srcset=\"https:\/\/www.hsu-hh.de\/kwb\/wp-content\/uploads\/sites\/830\/2022\/03\/Dafstb-300x226.png 300w, https:\/\/www.hsu-hh.de\/kwb\/wp-content\/uploads\/sites\/830\/2022\/03\/Dafstb.png 577w\" sizes=\"auto, (max-width: 505px) 100vw, 505px\" \/><figcaption id=\"caption-attachment-969\" class=\"wp-caption-text\">\u00a0Abb. Kostenentwicklung in Abh\u00e4ngigkeit der Zuverl\u00e4ssigkeit (Kurve A: Instandhaltungskosten; Kurve B: Herstellungskosten)<\/figcaption><\/figure>\n\n\n<p><\/p>\n","protected":false},"excerpt":{"rendered":"<p>Dauerhaftigkeit von Beton nach dem Performance-Prinzip -Grenzzust\u00e4nde \/ erforderliche Zuverl\u00e4ssigkeiten \u2013 Kontakt: Daniel Cassiani Beton ist der am h\u00e4ufigsten verwendete Baustoff im Hoch- und Verkehrswegebau. Im Jahr 2018 erzielte die [&hellip;]<\/p>\n","protected":false},"author":2761,"featured_media":0,"parent":112,"menu_order":1,"comment_status":"closed","ping_status":"closed","template":"","meta":{"footnotes":""},"categories":[4],"tags":[173],"class_list":["post-1031","page","type-page","status-publish","hentry","category-forschung","tag-dafstb"],"_links":{"self":[{"href":"https:\/\/www.hsu-hh.de\/kwb\/wp-json\/wp\/v2\/pages\/1031","targetHints":{"allow":["GET"]}}],"collection":[{"href":"https:\/\/www.hsu-hh.de\/kwb\/wp-json\/wp\/v2\/pages"}],"about":[{"href":"https:\/\/www.hsu-hh.de\/kwb\/wp-json\/wp\/v2\/types\/page"}],"author":[{"embeddable":true,"href":"https:\/\/www.hsu-hh.de\/kwb\/wp-json\/wp\/v2\/users\/2761"}],"replies":[{"embeddable":true,"href":"https:\/\/www.hsu-hh.de\/kwb\/wp-json\/wp\/v2\/comments?post=1031"}],"version-history":[{"count":4,"href":"https:\/\/www.hsu-hh.de\/kwb\/wp-json\/wp\/v2\/pages\/1031\/revisions"}],"predecessor-version":[{"id":1097,"href":"https:\/\/www.hsu-hh.de\/kwb\/wp-json\/wp\/v2\/pages\/1031\/revisions\/1097"}],"up":[{"embeddable":true,"href":"https:\/\/www.hsu-hh.de\/kwb\/wp-json\/wp\/v2\/pages\/112"}],"wp:attachment":[{"href":"https:\/\/www.hsu-hh.de\/kwb\/wp-json\/wp\/v2\/media?parent=1031"}],"wp:term":[{"taxonomy":"category","embeddable":true,"href":"https:\/\/www.hsu-hh.de\/kwb\/wp-json\/wp\/v2\/categories?post=1031"},{"taxonomy":"post_tag","embeddable":true,"href":"https:\/\/www.hsu-hh.de\/kwb\/wp-json\/wp\/v2\/tags?post=1031"}],"curies":[{"name":"wp","href":"https:\/\/api.w.org\/{rel}","templated":true}]}}