{"id":73,"date":"2017-07-03T15:52:08","date_gmt":"2017-07-03T13:52:08","guid":{"rendered":"https:\/\/www.hsu-hh.de\/vorlage\/?page_id=73"},"modified":"2026-02-19T06:28:31","modified_gmt":"2026-02-19T05:28:31","slug":"startseite","status":"publish","type":"page","link":"https:\/\/www.hsu-hh.de\/kuw\/","title":{"rendered":"Professur f\u00fcr Volkswirtschaftslehre, insb. Konjunktur und Wachstum"},"content":{"rendered":"\n<h3 class=\"wp-block-heading\">Wir hei\u00dfen Sie herzlich willkommen an der Professur f\u00fcr Konjunktur und Wachstum!<\/h3>\n\n\n\n<div style=\"height:36px\" aria-hidden=\"true\" class=\"wp-block-spacer\"><\/div>\n\n\n\n<div class=\"wp-block-columns is-layout-flex wp-container-core-columns-is-layout-9d6595d7 wp-block-columns-is-layout-flex\">\n<div class=\"wp-block-column is-layout-flow wp-block-column-is-layout-flow\">\n<p><strong><abbr title=\"Universit\u00e4tsprofessor\">Univ.-Prof.<\/abbr> <abbr title=\"Doktor\">Dr.<\/abbr> Dierk Herzer<\/strong><br><sub>Dean of Studies <\/sub><br><sub>Co-Editor, Applied Economics and Applied Economics Letters<\/sub><\/p>\n\n\n\n<p><\/p>\n\n\n\n<p>Helmut-Schmidt-Universit\u00e4t<br>Fakult\u00e4t f\u00fcr Wirtschafts- und Sozialwissenschaften<br>Holstenhofweg 85<br>22043 Hamburg<\/p>\n\n\n\n<p>Geb\u00e4ude H1, Raum 2178<br>Telefon: +49 (0)40 &#8211; 65 41 27 75<br>Fax: +49 (0)40 &#8211; 65 41 20 69<br>E-Mail: <a href=\"mailto:herzer@hsu-hh.de\" rel='nofollow'>herzer@hsu-hh.de<\/a><\/p>\n<\/div>\n\n\n\n<div class=\"wp-block-column is-layout-flow wp-block-column-is-layout-flow\">\n<figure class=\"wp-block-image size-large is-resized is-style-default\" id=\"https:\/\/www.hsu-hh.de\/kuw\/prof-dr-dierk-herzer\"><img loading=\"lazy\" decoding=\"async\" width=\"794\" height=\"1024\" src=\"https:\/\/www.hsu-hh.de\/kuw\/wp-content\/uploads\/sites\/575\/2026\/02\/Herzer-Portrait-4-794x1024.jpg\" data-credit=\"Herzer\" alt=\"\" class=\"wp-image-1225\" style=\"aspect-ratio:0.7754043920728442;width:219px;height:auto\" srcset=\"https:\/\/www.hsu-hh.de\/kuw\/wp-content\/uploads\/sites\/575\/2026\/02\/Herzer-Portrait-4-794x1024.jpg 794w, https:\/\/www.hsu-hh.de\/kuw\/wp-content\/uploads\/sites\/575\/2026\/02\/Herzer-Portrait-4-233x300.jpg 233w, https:\/\/www.hsu-hh.de\/kuw\/wp-content\/uploads\/sites\/575\/2026\/02\/Herzer-Portrait-4-768x990.jpg 768w, https:\/\/www.hsu-hh.de\/kuw\/wp-content\/uploads\/sites\/575\/2026\/02\/Herzer-Portrait-4-1192x1536.jpg 1192w, https:\/\/www.hsu-hh.de\/kuw\/wp-content\/uploads\/sites\/575\/2026\/02\/Herzer-Portrait-4-1589x2048.jpg 1589w, https:\/\/www.hsu-hh.de\/kuw\/wp-content\/uploads\/sites\/575\/2026\/02\/Herzer-Portrait-4-1100x1418.jpg 1100w, https:\/\/www.hsu-hh.de\/kuw\/wp-content\/uploads\/sites\/575\/2026\/02\/Herzer-Portrait-4-scaled.jpg 1986w\" sizes=\"auto, (max-width: 794px) 100vw, 794px\" \/><\/figure>\n<\/div>\n<\/div>\n\n\n\n<div style=\"height:51px\" aria-hidden=\"true\" class=\"wp-block-spacer\"><\/div>\n\n\n\n<p><strong>Katrin Peem\u00f6ller (Sekretariat)<\/strong><\/p>\n\n\n\n<p>Helmut-Schmidt-Universit\u00e4t<br>Fakult\u00e4t f\u00fcr Wirtschafts- und Sozialwissenschaften<br>Holstenhofweg 85<br>22043 Hamburg<br>E-Mail: <a href=\"mailto:peemoe@hsu.hamburg\" data-type=\"mailto\" data-id=\"mailto:peemoe@hsu.hamburg\" rel='nofollow'>peemoe@hsu.hamburg<\/a><\/p>\n\n\n\n<hr class=\"wp-block-separator has-alpha-channel-opacity\" \/>\n\n\n\n<h4 class=\"wp-block-heading\">Arbeitsschwerpunkte (Fields of interest):<\/h4>\n\n\n\n<ul class=\"wp-block-list\">\n<li>Angewandte Makro\u00f6konomik und Makro\u00f6konometrie (Applied Macroeconomics and Macroeconometrics)<\/li>\n\n\n\n<li>Entwicklungs\u00f6konomik (Development Economics)<\/li>\n\n\n\n<li>Internationale Wirtschaftsbeziehungen (International Economics)<\/li>\n<\/ul>\n","protected":false},"excerpt":{"rendered":"<p>Wir hei\u00dfen Sie herzlich willkommen an der Professur f\u00fcr Konjunktur und Wachstum! Univ.-Prof. Dr. Dierk HerzerDean of Studies Co-Editor, Applied Economics and Applied Economics Letters Helmut-Schmidt-Universit\u00e4tFakult\u00e4t f\u00fcr Wirtschafts- und SozialwissenschaftenHolstenhofweg [&hellip;]<\/p>\n","protected":false},"author":1,"featured_media":0,"parent":0,"menu_order":0,"comment_status":"closed","ping_status":"closed","template":"","meta":{"footnotes":""},"categories":[35],"tags":[],"class_list":["post-73","page","type-page","status-publish","hentry","category-startseite"],"_links":{"self":[{"href":"https:\/\/www.hsu-hh.de\/kuw\/wp-json\/wp\/v2\/pages\/73","targetHints":{"allow":["GET"]}}],"collection":[{"href":"https:\/\/www.hsu-hh.de\/kuw\/wp-json\/wp\/v2\/pages"}],"about":[{"href":"https:\/\/www.hsu-hh.de\/kuw\/wp-json\/wp\/v2\/types\/page"}],"author":[{"embeddable":true,"href":"https:\/\/www.hsu-hh.de\/kuw\/wp-json\/wp\/v2\/users\/1"}],"replies":[{"embeddable":true,"href":"https:\/\/www.hsu-hh.de\/kuw\/wp-json\/wp\/v2\/comments?post=73"}],"version-history":[{"count":24,"href":"https:\/\/www.hsu-hh.de\/kuw\/wp-json\/wp\/v2\/pages\/73\/revisions"}],"predecessor-version":[{"id":1230,"href":"https:\/\/www.hsu-hh.de\/kuw\/wp-json\/wp\/v2\/pages\/73\/revisions\/1230"}],"wp:attachment":[{"href":"https:\/\/www.hsu-hh.de\/kuw\/wp-json\/wp\/v2\/media?parent=73"}],"wp:term":[{"taxonomy":"category","embeddable":true,"href":"https:\/\/www.hsu-hh.de\/kuw\/wp-json\/wp\/v2\/categories?post=73"},{"taxonomy":"post_tag","embeddable":true,"href":"https:\/\/www.hsu-hh.de\/kuw\/wp-json\/wp\/v2\/tags?post=73"}],"curies":[{"name":"wp","href":"https:\/\/api.w.org\/{rel}","templated":true}]}}