{"id":1194,"date":"2025-07-07T11:03:50","date_gmt":"2025-07-07T09:03:50","guid":{"rendered":"https:\/\/www.hsu-hh.de\/kuw\/?page_id=1194"},"modified":"2026-03-03T17:51:20","modified_gmt":"2026-03-03T16:51:20","slug":"vorherige-lehrveranstaltungen","status":"publish","type":"page","link":"https:\/\/www.hsu-hh.de\/kuw\/vorherige-lehrveranstaltungen","title":{"rendered":"Vorherige Lehrveranstaltungen"},"content":{"rendered":"\n<p class=\"has-medium-font-size\"><strong>Herbsttrimester 2025<\/strong><\/p>\n\n\n\n<p class=\"has-medium-font-size\">Grundlagen der Volkswirtschaftslehre (Vorlesung und \u00dcbung), WS51V01<br>Bachelor-Thesis\/ Bachelor-Kolloquium, WS-57-V01<\/p>\n\n\n\n<p class=\"has-medium-font-size\"><strong>Fr\u00fchjahrstrimester 2025<\/strong><\/p>\n\n\n\n<p class=\"has-medium-font-size\">Makro\u00f6konomik (Vorlesung und \u00dcbung), WS-53-V01<br>Internationale Aspekte der Entwicklungs\u00f6konomik (Vorlesung und \u00dcbung), WS-62-V13<br>Bachelor-Thesis \/ Bachelor-Kolloquium, WS-57-V01<br>Master-Thesis \/ Kolloquium, WS-64-V03<\/p>\n\n\n\n<h2 class=\"wp-block-heading has-medium-font-size\"><strong>Wintertrimester 2025<\/strong><\/h2>\n\n\n\n<p class=\"has-medium-font-size\">Regional\u00f6konomik (Vorlesung und \u00dcbung), WS-62-V14<br>Wachstumstheorie und -empirie, WS-55-V06<br>Master-Thesis \/ Kolloquium, WS-64-V03<\/p>\n\n\n\n<h2 class=\"wp-block-heading has-medium-font-size\"><strong>Herbsttrimester 2024<\/strong><\/h2>\n\n\n\n<p class=\"has-medium-font-size\">Grundlagen der Volkswirtschaftslehre&nbsp;(Vorlesung&nbsp;und&nbsp;\u00dcbung), WS-51-V01<br>Bachelor-Thesis \/ Kolloquium, WS-57-V01<\/p>\n\n\n\n<h2 class=\"wp-block-heading has-medium-font-size\"><\/h2>\n\n\n\n<h2 class=\"wp-block-heading\"><br><\/h2>\n","protected":false},"excerpt":{"rendered":"<p>Herbsttrimester 2025 Grundlagen der Volkswirtschaftslehre (Vorlesung und \u00dcbung), WS51V01Bachelor-Thesis\/ Bachelor-Kolloquium, WS-57-V01 Fr\u00fchjahrstrimester 2025 Makro\u00f6konomik (Vorlesung und \u00dcbung), WS-53-V01Internationale Aspekte der Entwicklungs\u00f6konomik (Vorlesung und \u00dcbung), WS-62-V13Bachelor-Thesis \/ Bachelor-Kolloquium, WS-57-V01Master-Thesis \/ Kolloquium, [&hellip;]<\/p>\n","protected":false},"author":37,"featured_media":0,"parent":0,"menu_order":0,"comment_status":"closed","ping_status":"closed","template":"","meta":{"footnotes":""},"categories":[4],"tags":[],"class_list":["post-1194","page","type-page","status-publish","hentry","category-forschung"],"_links":{"self":[{"href":"https:\/\/www.hsu-hh.de\/kuw\/wp-json\/wp\/v2\/pages\/1194","targetHints":{"allow":["GET"]}}],"collection":[{"href":"https:\/\/www.hsu-hh.de\/kuw\/wp-json\/wp\/v2\/pages"}],"about":[{"href":"https:\/\/www.hsu-hh.de\/kuw\/wp-json\/wp\/v2\/types\/page"}],"author":[{"embeddable":true,"href":"https:\/\/www.hsu-hh.de\/kuw\/wp-json\/wp\/v2\/users\/37"}],"replies":[{"embeddable":true,"href":"https:\/\/www.hsu-hh.de\/kuw\/wp-json\/wp\/v2\/comments?post=1194"}],"version-history":[{"count":7,"href":"https:\/\/www.hsu-hh.de\/kuw\/wp-json\/wp\/v2\/pages\/1194\/revisions"}],"predecessor-version":[{"id":1272,"href":"https:\/\/www.hsu-hh.de\/kuw\/wp-json\/wp\/v2\/pages\/1194\/revisions\/1272"}],"wp:attachment":[{"href":"https:\/\/www.hsu-hh.de\/kuw\/wp-json\/wp\/v2\/media?parent=1194"}],"wp:term":[{"taxonomy":"category","embeddable":true,"href":"https:\/\/www.hsu-hh.de\/kuw\/wp-json\/wp\/v2\/categories?post=1194"},{"taxonomy":"post_tag","embeddable":true,"href":"https:\/\/www.hsu-hh.de\/kuw\/wp-json\/wp\/v2\/tags?post=1194"}],"curies":[{"name":"wp","href":"https:\/\/api.w.org\/{rel}","templated":true}]}}