{"id":1104,"date":"2024-12-06T10:22:24","date_gmt":"2024-12-06T09:22:24","guid":{"rendered":"https:\/\/www.hsu-hh.de\/kuw\/?page_id=1104"},"modified":"2024-12-06T10:22:25","modified_gmt":"2024-12-06T09:22:25","slug":"referee-activities-and-presentations","status":"publish","type":"page","link":"https:\/\/www.hsu-hh.de\/kuw\/referee-activities-and-presentations","title":{"rendered":"Referee \/ Activities and Presentations"},"content":{"rendered":"\n<p><strong>Referee<\/strong><\/p>\n\n\n\n<ul class=\"wp-block-list\">\n<li>Applied Economics<\/li>\n\n\n\n<li>Applied Financial Economics<\/li>\n\n\n\n<li>B.E. Journal of Macroeconomics<\/li>\n\n\n\n<li>Canadian Journal of Economics<\/li>\n\n\n\n<li>Demography<\/li>\n\n\n\n<li>Economic Inquiry<\/li>\n\n\n\n<li>Economic Modelling<\/li>\n\n\n\n<li>Economics Bulletin<\/li>\n\n\n\n<li>Economics Letters<\/li>\n\n\n\n<li>Economics of Innovation and New Technology<\/li>\n\n\n\n<li>Emerging Markets Finance and Trade<\/li>\n\n\n\n<li>Empirical Economics<\/li>\n\n\n\n<li>European Economic Review<\/li>\n\n\n\n<li>Health Economics<\/li>\n\n\n\n<li>International Economics and Economic Policy<\/li>\n\n\n\n<li>International Review of Economics and Finance<\/li>\n\n\n\n<li>Jahrb\u00fccher f\u00fcr National\u00f6konomie und Statistik<\/li>\n\n\n\n<li>Japan and the World EconomyReview of Development Economics<\/li>\n\n\n\n<li>Journal of Applied Econometrics<\/li>\n\n\n\n<li>Journal of Banking and Finance<\/li>\n\n\n\n<li>Journal of Development Studies<\/li>\n\n\n\n<li>Journal of Economic Growth<\/li>\n\n\n\n<li>Journal of Economic Studies<\/li>\n\n\n\n<li>Journal of Human Development<\/li>\n\n\n\n<li>Journal of Economic Inequality<\/li>\n\n\n\n<li>Journal of International Trade &amp; Economic Development<\/li>\n\n\n\n<li>Journal of the Asia Pacific Economy<\/li>\n\n\n\n<li>Portuguese Economic Journal<\/li>\n\n\n\n<li>Revista de Econom\u00eda y Estad\u00edstica<\/li>\n\n\n\n<li>Review of Development Economics<\/li>\n\n\n\n<li>Review of Economics<\/li>\n\n\n\n<li>Review of Economics and Statistics<\/li>\n\n\n\n<li>Review of Income and Wealth<\/li>\n\n\n\n<li>Review of Middle East Economics and Finance<\/li>\n\n\n\n<li>Review of World Economics<\/li>\n\n\n\n<li>Transnational Corporations<\/li>\n\n\n\n<li>World Development<\/li>\n\n\n\n<li>World Economy<\/li>\n<\/ul>\n\n\n\n<h3 class=\"wp-block-heading\">Activities und Presentations<\/h3>\n\n\n\n<h4 class=\"wp-block-heading\">Selected conference and workshop presentations<\/h4>\n\n\n\n<ul class=\"wp-block-list\">\n<li>Economic Seminar\u00a0<em><strong>Carl von Ossietzky Universit\u00e4t Oldenburg<\/strong><\/em>, Department of Economics, Oldenburg, Juni 2015<\/li>\n\n\n\n<li>\u201cLunch Seminar in Energy, Environmental and Resource Economics\u201d\u00a0<em><strong>ETH Z\u00fcrich<\/strong><\/em>: Mai 2015.<\/li>\n\n\n\n<li>Konferenz der\u00a0<em><strong>Universit\u00e4ten G\u00f6ttingen und Hannover<\/strong>\u00a0<\/em>mit dem Titel \u201eInternational Conference on Globalization and Development\u201c: G\u00f6ttingen, Mai 2015<\/li>\n\n\n\n<li>\u201eLunch-time Seminar in International Economics\u201c des\u00a0<em><strong>Instituts f\u00fcr Weltwirtschaft:\u00a0<\/strong><\/em>Kiel, Oktober 2014.<\/li>\n\n\n\n<li>Lunch Seminar der\u00a0<em><strong>Harvard Universit\u00e4t<\/strong><\/em>, Center for Population and Development Studies: Cambridge, Massachusetts, April 2011.<\/li>\n\n\n\n<li>Seminar der\u00a0<em><strong>Universit\u00e4t Nottingham<\/strong><\/em>: M\u00e4rz 2009; Mai 2007.<\/li>\n\n\n\n<li>Jahrestagung der\u00a0<em><strong>European Economic Association<\/strong><\/em>: Glasgow, August 2010.<\/li>\n\n\n\n<li>Jahrestagung der\u00a0<em><strong>Royal Economic Society<\/strong><\/em>: Guildford (Surrey), M\u00e4rz 2010; Guildford (Surrey), April 2009; Warwick, April 2007.<\/li>\n\n\n\n<li>Jahrestagung des\u00a0<em><strong>Vereins f\u00fcr Socialpolitik: Ausschuss f\u00fcr Entwicklungsl\u00e4nder<\/strong><\/em>: M\u00fcnchen, Juni 2013; Berlin, Juni 2011; Hannover, Juni 2010; Frankfurt am Main, Juni 2009; Z\u00fcrich, Mai 2008 (Vortrag in der geschlossenen Tagung); G\u00f6ttingen, Juni 2007; Berlin, Juni 2006; Kiel, Juli 2005.<\/li>\n\n\n\n<li>Jahrestagung des\u00a0<em><strong>Vereins f\u00fcr Socialpolitik<\/strong><\/em>: M\u00fcnster, September 2015; Hamburg, September 2014; Kiel, September 2010; Magdeburg, September 2009; Graz, September 2008; Bayreuth, September 2006.<\/li>\n\n\n\n<li>\u201e<em><strong>G\u00f6ttinger Workshop Internationale Wirtschaftsbeziehungen<\/strong><\/em>\u201c: M\u00e4rz 2011; Februar 2010; M\u00e4rz 2009; April 2008; M\u00e4rz 2007; M\u00e4rz 2006; April 2005.<\/li>\n\n\n\n<li>Konferenz der\u00a0<em><strong>International Society for Comparative Economic Studies<\/strong><\/em>\u00a0(Arnoldshein Seminar): S\u00e3o Paulo, April 2008; Wien, August 2006.<\/li>\n\n\n\n<li><em><strong>DIW-Konferenz \u201eEnd of Year Summit\u201c<\/strong><\/em>: Berlin, Dezember 2008.<\/li>\n\n\n\n<li><em><strong>\u201eFIW-Research Conference International Economics\u201d<\/strong><\/em>: Wien, Dezember 2008.<\/li>\n\n\n\n<li><em><strong>ZEW Summer Workshop<\/strong><\/em>\u00a0zum Thema \u201cThe Economics of Information and Communication Technologies: A European and International Perspective\u201d: Mannheim, Juni 2007.<\/li>\n\n\n\n<li>Weltkongress der<em><strong>\u00a0International Economic Association<\/strong><\/em>: Istanbul, Juni 2008.<\/li>\n\n\n\n<li>Konferenz der\u00a0<em><strong>Vereinigung f\u00fcr Afrikawissenschaften<\/strong>\u00a0<\/em>in Deutschland: Frankfurt am Main, Juli 2006.<\/li>\n\n\n\n<li>Konferenz zum Thema \u201cGeography, Institutions, Technology and Economic Convergence der School of Business, Economics, and Law\u201d and der\u00a0<em><strong>Universit\u00e4t G\u00f6teborg<\/strong><\/em>: G\u00f6teborg, Juni 2006.<\/li>\n\n\n\n<li><em><strong>\u201eEcoMod International Conference on Policy Modelling<\/strong><\/em>\u201d: Istanbul, Juni 2005.<\/li>\n\n\n\n<li>Jahrestagung der\u00a0<em><strong>Business Association of Latin America Studies<\/strong><\/em>\u00a0(BALAS): Madrid, Mai 2005.<\/li>\n\n\n\n<li>F\u00fcnfter\u00a0<em><strong>\u201eHallescher Makro\u00f6konometrischer Workshop\u201c<\/strong><\/em>\u00a0des IWH: Halle, Dezember 2004.<\/li>\n\n\n\n<li>Akademische Konferenz zum Thema \u201cTrade, Aid, FDI and International Migration\u201d des\u00a0<em><strong>European Development Networks<\/strong><\/em>\u00a0(EUDN): Paris, November 2004.<\/li>\n<\/ul>\n","protected":false},"excerpt":{"rendered":"<p>Referee Activities und Presentations Selected conference and workshop presentations<\/p>\n","protected":false},"author":36,"featured_media":0,"parent":0,"menu_order":0,"comment_status":"closed","ping_status":"closed","template":"","meta":{"footnotes":""},"categories":[4],"tags":[],"class_list":["post-1104","page","type-page","status-publish","hentry","category-forschung"],"_links":{"self":[{"href":"https:\/\/www.hsu-hh.de\/kuw\/wp-json\/wp\/v2\/pages\/1104","targetHints":{"allow":["GET"]}}],"collection":[{"href":"https:\/\/www.hsu-hh.de\/kuw\/wp-json\/wp\/v2\/pages"}],"about":[{"href":"https:\/\/www.hsu-hh.de\/kuw\/wp-json\/wp\/v2\/types\/page"}],"author":[{"embeddable":true,"href":"https:\/\/www.hsu-hh.de\/kuw\/wp-json\/wp\/v2\/users\/36"}],"replies":[{"embeddable":true,"href":"https:\/\/www.hsu-hh.de\/kuw\/wp-json\/wp\/v2\/comments?post=1104"}],"version-history":[{"count":1,"href":"https:\/\/www.hsu-hh.de\/kuw\/wp-json\/wp\/v2\/pages\/1104\/revisions"}],"predecessor-version":[{"id":1105,"href":"https:\/\/www.hsu-hh.de\/kuw\/wp-json\/wp\/v2\/pages\/1104\/revisions\/1105"}],"wp:attachment":[{"href":"https:\/\/www.hsu-hh.de\/kuw\/wp-json\/wp\/v2\/media?parent=1104"}],"wp:term":[{"taxonomy":"category","embeddable":true,"href":"https:\/\/www.hsu-hh.de\/kuw\/wp-json\/wp\/v2\/categories?post=1104"},{"taxonomy":"post_tag","embeddable":true,"href":"https:\/\/www.hsu-hh.de\/kuw\/wp-json\/wp\/v2\/tags?post=1104"}],"curies":[{"name":"wp","href":"https:\/\/api.w.org\/{rel}","templated":true}]}}