{"id":109,"date":"2018-04-26T16:47:06","date_gmt":"2018-04-26T14:47:06","guid":{"rendered":"https:\/\/www.hsu-hh.de\/konvent\/?page_id=109"},"modified":"2022-01-31T13:19:30","modified_gmt":"2022-01-31T12:19:30","slug":"pressestab","status":"publish","type":"page","link":"https:\/\/www.hsu-hh.de\/konvent\/pressestab","title":{"rendered":"UNIVOX"},"content":{"rendered":"<h2>UNIVOK hei\u00dft jetzt UNIVOX!<\/h2>\n<p>Die UNIVOX ist die Zeitschrift des Studentischen Konvents an der <abbr title=\"Helmut-Schmidt-Universit\u00e4t\">HSU<\/abbr>. Sie ist eines der Medien publiziert vom studentischen Pressestab der <abbr title=\"Helmut-Schmidt-Universit\u00e4t\">HSU<\/abbr>&#8211;<abbr title=\"Hamburg\">HH<\/abbr>\/ Uni Bw <abbr title=\"Hamburg\">HH<\/abbr>. Sie erscheint halbj\u00e4hrig in einer Auflage von 1500 Exemplaren. Seid Mitte der 1970er Jahre wird dieses Format in Hamburg redaktionell von der Studierendenschaft betreut.<\/p>\n<h2>Mitarbeiter gesucht.<\/h2>\n<p>Du m\u00f6chtest an der UNIVOX mitarbeiten?<br \/>\nWie vieles an unserer Universit\u00e4t lebt auch diese Zeitschrift von der engagierten Mitarbeit vieler Leute. Wir in der UNIVOX-Redaktion stehen in einer journalistischen Tradition, die in erster Linie Informationen an ihre Leser bringen will und Spa\u00df daran hat, die Entwicklung in den Streitkr\u00e4ften und besonders an dieser, unserer Universit\u00e4t kritisch zu hinterfragen.<\/p>\n<p>Du hast Spa\u00df am Layouten, am Schreiben, Fotografieren oder an dem Gewinnen von neuen Werbepartnern und DU willst Teil von einer der besten Studentenzeitschriften Deutschlands sein? Dann schreibe uns einfach eine E-Mail (konvent@hsu-hh.de) und wir laden Dich zu unserer n\u00e4chsten Redaktionssitzung ein. Selbst wenn du keine Vorkenntnisse hast, werden wir dich gerne in unserem Team begr\u00fc\u00dfen. Denn Aus- und Weiterbildungen geh\u00f6ren bei uns ebenso zum Programm!<\/p>\n","protected":false},"excerpt":{"rendered":"<p>UNIVOK hei\u00dft jetzt UNIVOX! Die UNIVOX ist die Zeitschrift des Studentischen Konvents an der HSU. Sie ist eines der Medien publiziert vom studentischen Pressestab der HSU&#8211;HH\/ Uni Bw HH. Sie [&hellip;]<\/p>\n","protected":false},"author":185,"featured_media":0,"parent":0,"menu_order":0,"comment_status":"closed","ping_status":"closed","template":"","meta":{"footnotes":""},"categories":[4],"tags":[],"class_list":["post-109","page","type-page","status-publish","hentry","category-forschung"],"_links":{"self":[{"href":"https:\/\/www.hsu-hh.de\/konvent\/wp-json\/wp\/v2\/pages\/109","targetHints":{"allow":["GET"]}}],"collection":[{"href":"https:\/\/www.hsu-hh.de\/konvent\/wp-json\/wp\/v2\/pages"}],"about":[{"href":"https:\/\/www.hsu-hh.de\/konvent\/wp-json\/wp\/v2\/types\/page"}],"author":[{"embeddable":true,"href":"https:\/\/www.hsu-hh.de\/konvent\/wp-json\/wp\/v2\/users\/185"}],"replies":[{"embeddable":true,"href":"https:\/\/www.hsu-hh.de\/konvent\/wp-json\/wp\/v2\/comments?post=109"}],"version-history":[{"count":17,"href":"https:\/\/www.hsu-hh.de\/konvent\/wp-json\/wp\/v2\/pages\/109\/revisions"}],"predecessor-version":[{"id":743,"href":"https:\/\/www.hsu-hh.de\/konvent\/wp-json\/wp\/v2\/pages\/109\/revisions\/743"}],"wp:attachment":[{"href":"https:\/\/www.hsu-hh.de\/konvent\/wp-json\/wp\/v2\/media?parent=109"}],"wp:term":[{"taxonomy":"category","embeddable":true,"href":"https:\/\/www.hsu-hh.de\/konvent\/wp-json\/wp\/v2\/categories?post=109"},{"taxonomy":"post_tag","embeddable":true,"href":"https:\/\/www.hsu-hh.de\/konvent\/wp-json\/wp\/v2\/tags?post=109"}],"curies":[{"name":"wp","href":"https:\/\/api.w.org\/{rel}","templated":true}]}}