{"id":102,"date":"2020-04-06T16:27:16","date_gmt":"2020-04-06T14:27:16","guid":{"rendered":"https:\/\/www.hsu-hh.de\/konvent\/?page_id=102"},"modified":"2025-02-28T13:22:26","modified_gmt":"2025-02-28T12:22:26","slug":"referate","status":"publish","type":"page","link":"https:\/\/www.hsu-hh.de\/konvent\/referate","title":{"rendered":"Referate"},"content":{"rendered":"<h2><\/h2>\n<h3>Der Vorsitz<\/h3>\n<p>Der Vorsitzende des Studentischen Konvents ist Sprecher der Studenten und vertritt diese in allen Angelegenheiten gegen\u00fcber der Universit\u00e4tsleitung, anderen Universit\u00e4ten, und gegen\u00fcber des BMVg.<\/p>\n<p>Gleichzeitig f\u00fchrt er den Sprecherrat des Studentischen Konvents, dessen Referenten er einsetzt. Er erstellt die politische Agenda und gibt diese an seine jeweiligen Referenten weiter.<\/p>\n<p><strong>Vorsitzender: <\/strong>Leon B\u00e4r<\/p>\n<p><strong>Stellv. Vorsitzender: <\/strong>Bendix Bibow<\/p>\n<p><em>Mail: konvent@hsu-hh.de<\/em><\/p>\n<h3>Die Gesch\u00e4ftsf\u00fchrung<\/h3>\n<p>Seit der Legislaturperiode 2013 verf\u00fcgt der Studentische Konvent \u00fcber eine Gesch\u00e4ftsf\u00fchrung, sie leitet die Sitzungen und sorgt f\u00fcr eine bessere Trennung der Legislative (dem Konvent) und der Exekutive (dem Sprecherrat).<\/p>\n<p><strong>Gesch\u00e4ftsf\u00fchrer:<\/strong> Joost Brechtefeld<\/p>\n<p><strong>Stellv. Gesch\u00e4ftsf\u00fchrer:<\/strong> Paul Saupe<\/p>\n<p><em>Mail: konvent@hsu-hh.de<\/em><\/p>\n<h3>Referat I &#8211; Eventmanagment<\/h3>\n<p>Eventmanagement bedeutet vieles: abwechslungsreiche Veranstaltungen, spannende Aufgaben und vielf\u00e4ltige Kooperationsm\u00f6glichkeiten.<\/p>\n<p>Gemeint ist damit aber vor allen Dingen die Planung, Organisation und Durchf\u00fchrung von Veranstaltungen. Dazu z\u00e4hlen die Trimester-Anfangs-Feier, der <abbr title=\"Helmut Schmidt Universit\u00e4t\">HSU<\/abbr>-Slam, Ausstellungen, Spendenaktionen, jegliche Art von \u00f6ffentlichen Auftritten, Sportereignisse oder einfach alles was uns als <abbr title=\"Helmut Schmidt Universit\u00e4t\">HSU<\/abbr> Studenten so gefallen k\u00f6nnte.<\/p>\n<p>Umso gr\u00f6\u00dfer ein Event ist, desto wichtiger ist eine zielgerichtete Organisation und ein motiviertes und verl\u00e4ssliches Team.<\/p>\n<p><strong>Referentin:<\/strong> Johannes Weller<\/p>\n<p><em>Mail: konvent@hsu-hh.de<\/em><\/p>\n<h3>Referat II &#8211; Finanzen<\/h3>\n<p>Erarbeitung eines j\u00e4hrlichen Finanzplans , Unterst\u00fctzung der Referenten in Fragen der Beschaffung und Abrechnung und Zusammenarbeit mit Kooperationspartnern aus Wirtschaft und Gesellschaft.<\/p>\n<p><strong>Referentin:<\/strong> Vera Schmitt<\/p>\n<p><em>Mail: konvent@hsu-hh.de<\/em><\/p>\n<h3>Referat III &#8211; Familie und Soziales<\/h3>\n<p>Das Referat f\u00fcr Familie und Soziales ist die Ansprechstelle f\u00fcr (werdende) Eltern, die allgemeine Informationen, Beratung oder die richtigen Ansprechpartner:innen an der Dienststelle suchen. Wir beraten auch gerne Studierende mit pflegebed\u00fcrftigen Angeh\u00f6rigen, die Informationen oder Hinweise ben\u00f6tigen. Zudem unterst\u00fctzen wir externe Wohlt\u00e4tigkeitsprojekte.<\/p>\n<p><strong>Referentin:<\/strong> Vivien Hoffmann<\/p>\n<p><em>Mail: konvent@hsu-hh.de<\/em><\/p>\n<h3>Referat IV &#8211; Studium, Lehre, Pr\u00fcfungsfragen<\/h3>\n<p>Aufgabenbereiche:<\/p>\n<p>Referat IV \u2013 Studium, Lehre, Pr\u00fcfungsfragen<\/p>\n<p><strong>Was macht der Referatsleiter?<\/strong><\/p>\n<p>Als Referatsleiter f\u00fcr Studium, Lehre und Pr\u00fcfungsfragen vertrete ich die Interessen der Studierenden in akademischen Angelegenheiten. Ich setze mich f\u00fcr eine faire Pr\u00fcfungs- und Studiengestaltung ein, stehe im Austausch mit der Hochschule und arbeite daran, die Qualit\u00e4t von Lehre und Studium zu verbessern. Mein Ziel ist es, eure Anliegen zu sammeln und aktiv in die hochschulpolitischen Gremien einzubringen.<\/p>\n<p><strong>Was kann ich f\u00fcr dich als Student tun?<\/strong><\/p>\n<p>Hast du Fragen zur Pr\u00fcfungsordnung, Probleme mit der Studienorganisation oder Vorschl\u00e4ge zur Verbesserung der Lehre? Dann bin ich deine Ansprechperson! Ich h\u00f6re mir dein Anliegen an, suche nach L\u00f6sungen und bringe studentische Interessen in die relevanten Gremien ein. Auch wenn du dir unsicher bist, ob dein Anliegen in meinen Bereich f\u00e4llt \u2013 sprich mich einfach an, und wir finden gemeinsam eine L\u00f6sung.<\/p>\n<p><strong>Wie kannst du dich an mich wenden?<\/strong><\/p>\n<p>Du kannst mich jederzeit per E-Mail oder pers\u00f6nlich auf dem Campus ansprechen. Falls du ein Anliegen hast, das du lieber in Ruhe besprechen m\u00f6chtest, melde dich gerne, und wir vereinbaren einen Termin. Dein Feedback ist wichtig, denn nur wenn ich wei\u00df, wo es Probleme gibt, kann ich mich f\u00fcr Verbesserungen einsetzen!<\/p>\n<p><strong>Engagiere dich im Konvent!<\/strong><\/p>\n<p>Die studentische Mitbestimmung ist entscheidend, um das Studium aktiv mitzugestalten. Der Konvent braucht engagierte Studierende, die sich f\u00fcr ihre Kommilitonen einsetzen und Ver\u00e4nderungen ansto\u00dfen wollen. Ob in einem Referat, als Fakult\u00e4tsratsmitglied oder als studentisches Mitglied in Hochschulgremien \u2013 deine Stimme z\u00e4hlt! Wenn du Interesse hast, dich einzubringen, sprich mich einfach an oder besuche eine unserer Sitzungen. Gemeinsam k\u00f6nnen wir das Studium an der <abbr title=\"Helmut Schmidt Universit\u00e4t\">HSU<\/abbr>\/UniBw Hamburg verbessern!<\/p>\n<p><strong>Referent: <\/strong>Julius Arendt<\/p>\n<p><em>Mail: studiumlehrepruefungsfragenref4studkonvent@hsu-hh.de<\/em><\/p>\n<h3>Referat V &#8211; F\u00fchrungskultur<\/h3>\n<p>Eckpunkte:<br \/>\nF\u00fchrung diskutieren und mit Leben f\u00fcllen, Verschiedene Veranstaltungen zum Nachdenken und Mitreden initiieren. Kein Neuland, aber ein neues Referat<\/p>\n<p>Bisher:<br \/>\n&#8211; Round Table mit Studierenden,\u00a0 Lehrenden und Vorgesetzten zur Frage \u201eHaben wir ein Identit\u00e4tsproblem?\u201c<br \/>\n-Abendvortrag von GenMaj a.D. Spindler zum Thema fordernde Ausbildung in der Bw<br \/>\n&#8211; Diskussionsveranstaltung \u201eInnere F\u00fchrung auf dem Pr\u00fcfstand\u201c mit Major i.G. Marcel Bohnert und Oberstleutnant a.D. J\u00fcrgen Rose.<\/p>\n<p>Referatsbeschreibung:<br \/>\nDas Referat F\u00fchrungskultur h\u00e4lt den F\u00fchrungsbegriff an der Universit\u00e4t lebendig, indem es zu einem fach\u00fcbergreifenden Austausch anregt. Das Bewusstsein, in die F\u00fchrungsaufgabe wachsen zu m\u00fcssen und sich stetig mit ihr auseinanderzusetzen, wird mit Diskussionen und Veranstaltungen verschiedener Formate gepflegt. Ziel ist es, daf\u00fcr ein entsprechendes Netzwerk und eine angemessene Plattform zu bilden. Daf\u00fcr haben wir uns die Zielmarke mind. einer \u201eHochwert-Veranstaltung\u201c pro Trimester gesetzt. Die Planung, Durchf\u00fchrung und Nachbereitung dieser Veranstaltungen findet immer im engen Schulterschluss mit den anderen Organisationselementen des Studentischen Konvents statt und bietet jedem Kameraden die M\u00f6glichkeit sich einzubringen und Erfahrungen zu sammeln. Die Aufgaben reichen von kleineren Teilaufgaben bis hin zur T\u00e4tigkeit als Projektoffizier, es ist also f\u00fcr jeden ein angepasstes Engagement m\u00f6glich.<\/p>\n<p>Bei Interesse meldet euch unkompliziert per Mail bei unserem Referenten \u2013 Sprecht uns an!<\/p>\n<p><strong>Referent:<\/strong> Lars Harmeyer<\/p>\n<p><em>Mail: konvent@hsu-hh.de<\/em><\/p>\n<h3>Referat VI &#8211; \u00d6ffentlichkeitsarbeit<\/h3>\n<p>Wir gestalten die Online Auftritte des Konvents und versorgen euch <abbr title=\"zum Beispiel\">z.B.<\/abbr> auf Instagram mit den neusten Informationen aus den Gremien &amp; Referaten aber informieren euch auch \u00fcber kommende Veranstaltungen, wie beispielsweise die TrimesterAnfangsFete (TAF).<\/p>\n<p><strong>Referent:<\/strong> Matthias Prass<\/p>\n<p><em>Instagram: konventgram<\/em><\/p>\n<h3>UNIVOX<\/h3>\n<p>Herausgegeben vom Studentischen Konvent ist die UniVox eure Hochschulzeitschrift von Studenten f\u00fcr Studenten.<\/p>\n<p><strong>Chefredakteur UniVox:<\/strong> Dominik Westphal<\/p>\n<p>Unter diesem Link k\u00f6nnt ihr noch genaueres \u00fcber die UniVox erfahren: <a href=\"https:\/\/www.hsu-hh.de\/konvent\/pressestab\">Link<\/a><\/p>\n<h3><abbr title=\"Helmut Schmidt Universit\u00e4t\">HSU<\/abbr>-Band<\/h3>\n<p>XXX<\/p>\n","protected":false},"excerpt":{"rendered":"<p>Der Vorsitz Der Vorsitzende des Studentischen Konvents ist Sprecher der Studenten und vertritt diese in allen Angelegenheiten gegen\u00fcber der Universit\u00e4tsleitung, anderen Universit\u00e4ten, und gegen\u00fcber des BMVg. Gleichzeitig f\u00fchrt er den [&hellip;]<\/p>\n","protected":false},"author":2989,"featured_media":0,"parent":0,"menu_order":0,"comment_status":"closed","ping_status":"closed","template":"","meta":{"footnotes":""},"categories":[4],"tags":[],"class_list":["post-102","page","type-page","status-publish","hentry","category-forschung"],"_links":{"self":[{"href":"https:\/\/www.hsu-hh.de\/konvent\/wp-json\/wp\/v2\/pages\/102","targetHints":{"allow":["GET"]}}],"collection":[{"href":"https:\/\/www.hsu-hh.de\/konvent\/wp-json\/wp\/v2\/pages"}],"about":[{"href":"https:\/\/www.hsu-hh.de\/konvent\/wp-json\/wp\/v2\/types\/page"}],"author":[{"embeddable":true,"href":"https:\/\/www.hsu-hh.de\/konvent\/wp-json\/wp\/v2\/users\/2989"}],"replies":[{"embeddable":true,"href":"https:\/\/www.hsu-hh.de\/konvent\/wp-json\/wp\/v2\/comments?post=102"}],"version-history":[{"count":100,"href":"https:\/\/www.hsu-hh.de\/konvent\/wp-json\/wp\/v2\/pages\/102\/revisions"}],"predecessor-version":[{"id":920,"href":"https:\/\/www.hsu-hh.de\/konvent\/wp-json\/wp\/v2\/pages\/102\/revisions\/920"}],"wp:attachment":[{"href":"https:\/\/www.hsu-hh.de\/konvent\/wp-json\/wp\/v2\/media?parent=102"}],"wp:term":[{"taxonomy":"category","embeddable":true,"href":"https:\/\/www.hsu-hh.de\/konvent\/wp-json\/wp\/v2\/categories?post=102"},{"taxonomy":"post_tag","embeddable":true,"href":"https:\/\/www.hsu-hh.de\/konvent\/wp-json\/wp\/v2\/tags?post=102"}],"curies":[{"name":"wp","href":"https:\/\/api.w.org\/{rel}","templated":true}]}}