{"id":834,"date":"2025-02-24T12:57:44","date_gmt":"2025-02-24T11:57:44","guid":{"rendered":"https:\/\/www.hsu-hh.de\/kath\/?page_id=834"},"modified":"2025-02-24T12:57:56","modified_gmt":"2025-02-24T11:57:56","slug":"programm-fruehjahrstrimester-2025","status":"publish","type":"page","link":"https:\/\/www.hsu-hh.de\/kath\/programm-fruehjahrstrimester-2025","title":{"rendered":"Programm Fr\u00fchjahrstrimester 2025"},"content":{"rendered":"\n<p>(Stand: 25. Februar 2025)<\/p>\n\n\n\n<hr class=\"wp-block-separator has-alpha-channel-opacity\" \/>\n\n\n\n<p><em>Dienstag, 1. April 2025, 19.15 Uhr<\/em><br><strong>Gottesdienst &amp; Gemeindeabend<\/strong><\/p>\n\n\n\n<hr class=\"wp-block-separator has-alpha-channel-opacity\" \/>\n\n\n\n<p><em>Donnerstag, 3. April 2025<\/em><br><strong>Weltfriedenstag in Hildesheim<\/strong><\/p>\n\n\n\n<hr class=\"wp-block-separator has-alpha-channel-opacity\" \/>\n\n\n\n<p><em>Dienstag, 8. April 2025, 19.15 Uhr<\/em><br><strong>Gottesdienst &amp; Themenabend: Pflege<\/strong><\/p>\n\n\n\n<hr class=\"wp-block-separator has-alpha-channel-opacity\" \/>\n\n\n\n<p><em>Dienstag, 15. April 2025, 17\/19.15 Uhr&nbsp;&nbsp;&nbsp;<\/em>&nbsp;&nbsp;&nbsp;&nbsp;&nbsp;&nbsp;&nbsp;&nbsp;<br><strong>Hl. Messe (zu Palmsonntag) &amp; Gemeindeabend&nbsp;&nbsp;<\/strong><br>Am Palmsonntag, dem Sonntag vor Ostern wird der Einzug Jesu Christi in Jerusalem gedacht. Zum Zeichen seines K\u00f6nigtums jubelte das Volk ihm zu. Um daran zu erinnern, werden im Gottesdienst Palmst\u00f6cke (besonders geschm\u00fcckte Buchsbaumb\u00fcschel) mit Weiwasser gesegnet und in der kirchlichen Prozession als \u201eZeichen des Lebens und des Sieges\u201c mitgetragen.&nbsp;&nbsp;&nbsp;&nbsp;&nbsp;&nbsp;&nbsp;&nbsp;&nbsp;&nbsp;&nbsp;<br>Vor dem Gottesdienst wollen wir gemeinsam Osterl\u00e4mmer backen nach dem Gottesdienst Ostereier f\u00e4rben.<\/p>\n\n\n\n<hr class=\"wp-block-separator has-alpha-channel-opacity\" \/>\n\n\n\n<p><em>(Gr\u00fcn-)Donnerstag, 17. April 2025, 10 Uhr&nbsp;&nbsp;&nbsp;&nbsp;&nbsp;&nbsp;&nbsp;&nbsp;&nbsp;&nbsp;&nbsp;<\/em><br><strong>Hl. Messe &amp; Brunch&nbsp;&nbsp;&nbsp;&nbsp;&nbsp;&nbsp;&nbsp;&nbsp;<\/strong><br>Am Gr\u00fcndonnerstag gedenken wir des letzten Abendmahls Jesu mit seinen J\u00fcngern. Der Name Gr\u00fcndonnerstag geht auf das mittelhochdeutsche Wort \u201egreinen\u201c (wehklagen) zur\u00fcck. Nach dem letzten Mahl wird Jesus von Judas verraten und sp\u00e4ter gekreuzigt. Zuvor bat er seine J\u00fcnger, zum Ged\u00e4chtnis an seinen Tod k\u00fcnftig gemeinsam das Abendmahl zu feiern.<\/p>\n\n\n\n<hr class=\"wp-block-separator has-alpha-channel-opacity\" \/>\n\n\n\n<p><em>Dienstag, 22. April 2025, 19.15 Uhr&nbsp;&nbsp;&nbsp;&nbsp;<\/em><br><strong>Hl. Messe &amp; Osterfeuer&nbsp;<\/strong><br>Nach der Hl. Messe (19.15 Uhr) entz\u00fcnden wir im Garten der KHG ein Osterfeuer. Dazu machen wir Stockbrot.<\/p>\n\n\n\n<hr class=\"wp-block-separator has-alpha-channel-opacity\" \/>\n\n\n\n<p><em>Dienstag, 29. April 2025, 19.15 Uhr<\/em><br><strong>Hl. Messe &amp; Skatturnier\/Spieleabend<\/strong><\/p>\n\n\n\n<hr class=\"wp-block-separator has-alpha-channel-opacity\" \/>\n\n\n\n<p><em>Dienstag, 6. Mai 2025, 19.15 Uhr&nbsp;&nbsp;&nbsp;&nbsp;&nbsp;&nbsp;&nbsp;<\/em><br><strong>Hl. Messe &amp; Gemeindeabend\/Vortreffen Lourdes&nbsp;&nbsp;&nbsp;&nbsp;&nbsp;&nbsp;<\/strong>&nbsp;<br>Nach der Hl. Messe treffen sich, parallel zum Gemeindeabend mit Abendessen, alle Lourdes-Pilger, um letzte Absprachen und Informationen auszutauschen.<\/p>\n\n\n\n<hr class=\"wp-block-separator has-alpha-channel-opacity\" \/>\n\n\n\n<p><em>Dienstag, 13. Mai 2025, 19.15 Uhr&nbsp;&nbsp;&nbsp;&nbsp;&nbsp;<\/em><br><strong>Hl. Messe (mit Reisesegen) &amp; Gemeindeabend&nbsp;&nbsp;<\/strong><br>Allen Lourdes-Pilgern (14.-20. Mai) w\u00fcnschen wir eine gute Wallfahrt und bitten um Gottes Segen.<\/p>\n\n\n\n<hr class=\"wp-block-separator has-alpha-channel-opacity\" \/>\n\n\n\n<p><strong><em>Mittwoch, 14. Mai 2025, bis Dienstag, 20. Mai 2025<\/em><\/strong><br><strong>65. Internationale Soldatenwallfahrt nach Lourdes<\/strong><\/p>\n\n\n\n<hr class=\"wp-block-separator has-alpha-channel-opacity\" \/>\n\n\n\n<p><em>Dienstag, 20. Mai 2025, 19.15 Uhr<\/em><br><strong>Hl. Messe &amp; Gemeindeabend<\/strong><\/p>\n\n\n\n<hr class=\"wp-block-separator has-alpha-channel-opacity\" \/>\n\n\n\n<p><em>Freitag, 23. Mai 2025, 8 Uhr&nbsp;&nbsp;&nbsp;&nbsp;&nbsp;<\/em><br><strong>(Mai-)Andacht &amp; Fr\u00fchst\u00fcck&nbsp;&nbsp;&nbsp;&nbsp;&nbsp;<\/strong>&nbsp;<br>Eine Maiandacht ist ein Wortgottesdienst zu Ehren Mariens. Wortgottesdienst zu Ehren Mariens. Der Mai gilt kirchlich traditionell als \u201eMarienmonat\u201c. Die Gottesmutter wird in der christlichen Spiritualit\u00e4t als Sinnbild f\u00fcr die lebensbejahende Kraft des Fr\u00fchlings und seiner \u00fcberbordenden Fruchtbarkeit verehrt. Maria steht am Beginn des Heilswerkes Gottes und symbolisiert somit den \u201eFr\u00fchling des Heils\u201c.<\/p>\n\n\n\n<hr class=\"wp-block-separator has-alpha-channel-opacity\" \/>\n\n\n\n<p><em>Dienstag, 27. Mai 2025, 19.15 Uhr<\/em><br><strong>Hl. Messe &amp; Gemeindeabend: Lourdes-Nachtreffen<\/strong><br>Wir berichten von dieser diesj\u00e4hrigen Lourdes-Wallfahrt und zeigen Fotos und Souvenirs.<\/p>\n\n\n\n<hr class=\"wp-block-separator has-alpha-channel-opacity\" \/>\n\n\n\n<p><em>Dienstag, 3. Juni 2025, 19.15 Uhr<\/em><br><strong>Hl. Messe &amp; Gemeindeabend<\/strong><\/p>\n\n\n\n<hr class=\"wp-block-separator has-alpha-channel-opacity\" \/>\n\n\n\n<p><em>Dienstag, 10. Juni 2025, 19.15 Uhr&nbsp;&nbsp;&nbsp;&nbsp;&nbsp;<\/em><br><strong>Hl. Messe zu Pfingsten &amp; Spieleabend: \u201ePen &amp; Paper\u201c&nbsp;&nbsp;<\/strong>&nbsp;&nbsp;&nbsp;&nbsp;&nbsp;<br>Bei Pen und Paper Rollenspielen nehmen die Mitwirkenden verschiedene Rollen ein und erleben gemeinsam durch Erz\u00e4hlen ein Abenteuer. Papier und Stifte (Pen &amp; Paper) werden dazu benutzt, die dargestellten Rollen auf Charakterb\u00f6gen zu beschreiben und sich Notizen zum Spielverlauf zu machen.<\/p>\n\n\n\n<hr class=\"wp-block-separator has-alpha-channel-opacity\" \/>\n\n\n\n<p><em>Freitag, 13. Juni 2025<\/em><br><strong>Andacht &amp; Fr\u00fchst\u00fcck<\/strong><\/p>\n\n\n\n<hr class=\"wp-block-separator has-alpha-channel-opacity\" \/>\n\n\n\n<p><em>Montag, 16. Juni 2025, 19 Uhr&nbsp;<\/em><br><strong>Planungstreff\/Aufbau Sommerfest&nbsp;&nbsp;&nbsp;&nbsp;<\/strong><br>Wir beginnen mit einem gemeinsamen Abendessen. Beim anschlie\u00dfenden Planungstreffen beraten und beschlie\u00dfen wir die Veranstaltungen und Aktivit\u00e4ten des kommenden Trimesters. Ideen und Anregungen k\u00f6nnen wir immer gebrauchen!&nbsp;<\/p>\n\n\n\n<hr class=\"wp-block-separator has-alpha-channel-opacity\" \/>\n\n\n\n<p><em>Dienstag, 17. Juni 2025, 17.30 Uhr&nbsp;&nbsp;&nbsp;&nbsp;&nbsp;<\/em><br><strong>Hl. Messe &amp; Sommerfest&nbsp;&nbsp;&nbsp;&nbsp;<\/strong>&nbsp;&nbsp;&nbsp;&nbsp;&nbsp;&nbsp;&nbsp;<br>Das Sommerfest findet bei jedem Wetter statt!<\/p>\n\n\n\n<hr class=\"wp-block-separator has-alpha-channel-opacity\" \/>\n\n\n\n<p><em>Dienstag, 24. Juni 2025, 19.15 Uhr&nbsp;&nbsp;&nbsp;&nbsp;&nbsp;<\/em><br><strong>Hl. Messe (Hl. Johannes) &amp; Gemeindeabend&nbsp;&nbsp;<\/strong><br>Allj\u00e4hrlich am 24. Juni feiert die Kirche das Hochfest zur Geburt Johannes des T\u00e4ufers. Dieses Fest steht in enger Verbindung zur am 21. Juni stattfinden Sommersonnenwende. Die nach auf den Johannistag vom 23. auf den 24. Juni wird auch Johannisnacht genannt und ist im Christentum seit dem vierten Jahrhundert belegt.<\/p>\n\n\n\n<hr class=\"wp-block-separator has-alpha-channel-opacity\" \/>\n\n\n\n<p><em>Dienstag, 1. Juli 2025, 19.15 Uhr<\/em><br><strong>Hl. Messe &amp; Gemeindeabend<\/strong><\/p>\n\n\n\n<hr class=\"wp-block-separator has-alpha-channel-opacity\" \/>\n\n\n\n<p><em>Dienstag, 8. Juli 2025, 19.15 Uhr<\/em><br><strong>Hl. Messe &amp; Gemeindeabend<\/strong><\/p>\n\n\n\n<hr class=\"wp-block-separator has-alpha-channel-opacity\" \/>\n\n\n\n<p><strong>Ausblick \u2013 Oktober 2025<\/strong><\/p>\n\n\n\n<p><em>Freitag, 24. Oktober 2025 bis Sonntag, 26. Oktober 2025&nbsp;&nbsp;&nbsp;&nbsp;&nbsp;<\/em>&nbsp;&nbsp;&nbsp;&nbsp;<br><strong>Aktiven- und Ehemaligentreff in Stapelfeld<\/strong><\/p>\n\n\n\n<p>Das Aktiven- und Ehemaligentreffen der (Alt-)KHGler und ihrer Familien hat eine lange Tradition. Inzwischen sind einiger Kinder der Ehemaligen selbst aktive Soldaten der Bundeswehr. Zusammen mit den aktiven Gemeindemitgliedern gibt es einen regen kameradschaftlichen Austausch \u00fcber die Generationen hinweg. Neben thematischen Impulsen festigt das Wochenende im Norden alte Freundschaften und begr\u00fcndet neue. Anmeldung \u00fcber die Dienststelle im DB\/H4.<\/p>\n","protected":false},"excerpt":{"rendered":"<p>(Stand: 25. Februar 2025) Dienstag, 1. April 2025, 19.15 UhrGottesdienst &amp; Gemeindeabend Donnerstag, 3. April 2025Weltfriedenstag in Hildesheim Dienstag, 8. April 2025, 19.15 UhrGottesdienst &amp; Themenabend: Pflege Dienstag, 15. April [&hellip;]<\/p>\n","protected":false},"author":1538,"featured_media":0,"parent":0,"menu_order":0,"comment_status":"closed","ping_status":"closed","template":"","meta":{"footnotes":""},"categories":[4],"tags":[],"class_list":["post-834","page","type-page","status-publish","hentry","category-forschung"],"_links":{"self":[{"href":"https:\/\/www.hsu-hh.de\/kath\/wp-json\/wp\/v2\/pages\/834","targetHints":{"allow":["GET"]}}],"collection":[{"href":"https:\/\/www.hsu-hh.de\/kath\/wp-json\/wp\/v2\/pages"}],"about":[{"href":"https:\/\/www.hsu-hh.de\/kath\/wp-json\/wp\/v2\/types\/page"}],"author":[{"embeddable":true,"href":"https:\/\/www.hsu-hh.de\/kath\/wp-json\/wp\/v2\/users\/1538"}],"replies":[{"embeddable":true,"href":"https:\/\/www.hsu-hh.de\/kath\/wp-json\/wp\/v2\/comments?post=834"}],"version-history":[{"count":1,"href":"https:\/\/www.hsu-hh.de\/kath\/wp-json\/wp\/v2\/pages\/834\/revisions"}],"predecessor-version":[{"id":835,"href":"https:\/\/www.hsu-hh.de\/kath\/wp-json\/wp\/v2\/pages\/834\/revisions\/835"}],"wp:attachment":[{"href":"https:\/\/www.hsu-hh.de\/kath\/wp-json\/wp\/v2\/media?parent=834"}],"wp:term":[{"taxonomy":"category","embeddable":true,"href":"https:\/\/www.hsu-hh.de\/kath\/wp-json\/wp\/v2\/categories?post=834"},{"taxonomy":"post_tag","embeddable":true,"href":"https:\/\/www.hsu-hh.de\/kath\/wp-json\/wp\/v2\/tags?post=834"}],"curies":[{"name":"wp","href":"https:\/\/api.w.org\/{rel}","templated":true}]}}