{"id":782,"date":"2024-12-20T09:43:22","date_gmt":"2024-12-20T08:43:22","guid":{"rendered":"https:\/\/www.hsu-hh.de\/kath\/?page_id=782"},"modified":"2024-12-20T09:43:23","modified_gmt":"2024-12-20T08:43:23","slug":"programm-fruehjahrstrimester-2022","status":"publish","type":"page","link":"https:\/\/www.hsu-hh.de\/kath\/programm-fruehjahrstrimester-2022","title":{"rendered":"Programm &#8211; Fr\u00fchjahrstrimester 2022"},"content":{"rendered":"\n<p>Planungsstand: 16. M\u00e4rz 2022<\/p>\n\n\n\n<p><em>Dienstag, 5. April 2022, 19.15 Uhr<br><\/em><strong>Hl. Messe in St. Olaf &amp; Gemeindeabend im Garten der KHG\/Lagerfeuer<\/strong><\/p>\n\n\n\n<hr class=\"wp-block-separator has-alpha-channel-opacity\" \/>\n\n\n\n<p><em>Dienstag, 12. April 2022, 19.15 Uhr<br><\/em><strong>Hl. Messe in St. Olaf &amp; Gemeindeabend<\/strong><\/p>\n\n\n\n<hr class=\"wp-block-separator has-alpha-channel-opacity\" \/>\n\n\n\n<p><em>Gr\u00fcndonnerstag, 14. April 2022<br><\/em><strong>Gottesdienst&nbsp;<\/strong><\/p>\n\n\n\n<hr class=\"wp-block-separator has-alpha-channel-opacity\" \/>\n\n\n\n<p><em>Dienstag, 19. April 2022, 19.15\/20.15 Uhr<br><\/em><strong>Hl. Messe im Garten der KHG &amp; Osterfeuer<\/strong><\/p>\n\n\n\n<hr class=\"wp-block-separator has-alpha-channel-opacity\" \/>\n\n\n\n<p><em>Dienstag, 26. April 2022, 19.15 Uhr<br><\/em><strong>Wortgottesdienst &amp; Gemeindeabend<\/strong><\/p>\n\n\n\n<hr class=\"wp-block-separator has-alpha-channel-opacity\" \/>\n\n\n\n<p><em>Dienstag, 3. Mai 2022, 19.15\/20.00 Uhr<br><\/em><strong>Hl. Messe &amp; Vortreffen Lourdes<\/strong><\/p>\n\n\n\n<hr class=\"wp-block-separator has-alpha-channel-opacity\" \/>\n\n\n\n<p><em>Dienstag, 10. Mai 2022, 19.15\/20.00 Uhr<\/em><br><strong>Hl. Messe (mit Reisesegen) &amp; Gemeindeabend<\/strong><\/p>\n\n\n\n<hr class=\"wp-block-separator has-alpha-channel-opacity\" \/>\n\n\n\n<p><em>Mittwoch-Dienstag, 11.-17. Mai 2022<\/em><br><strong>62. Internationale Soldatenwallfahrt nach Lourdes<\/strong><\/p>\n\n\n\n<hr class=\"wp-block-separator has-alpha-channel-opacity\" \/>\n\n\n\n<p><em>Dienstag, 17. Mai 2022, 19.15\/20.00 Uhr<\/em><br><strong>Wortgottesdienst &amp; Gemeindeabend<\/strong><\/p>\n\n\n\n<hr class=\"wp-block-separator has-alpha-channel-opacity\" \/>\n\n\n\n<p><em>Dienstag, 24. Mai 2022, 19.15\/20.00 Uhr<\/em><br><strong>Hl. Messe &amp; Nachtreffen Lourdes<\/strong><\/p>\n\n\n\n<hr class=\"wp-block-separator has-alpha-channel-opacity\" \/>\n\n\n\n<p><em>Dienstag, 31. Mai 2022, 19.15\/20.00 Uhr<\/em><br><strong>Hl. Messe &amp; Gemeindeabend<\/strong><\/p>\n\n\n\n<hr class=\"wp-block-separator has-alpha-channel-opacity\" \/>\n\n\n\n<p><em>Dienstag, 7. Juni 2022, 19.15 Uhr\/20.00 Uhr<\/em><br><strong>Wortgottesdienst &amp; Gemeindeabend<\/strong><\/p>\n\n\n\n<hr class=\"wp-block-separator has-alpha-channel-opacity\" \/>\n\n\n\n<p><em>Dienstag, 14. Juni 2022, 19.15 Uhr\/20.00 Uhr<\/em><br><strong>Hl. Messe &amp; Gemeindeabend<\/strong><\/p>\n\n\n\n<hr class=\"wp-block-separator has-alpha-channel-opacity\" \/>\n\n\n\n<p><em>Donnerstag, 16. Juni 2022<\/em><br><strong>Fronleichnam<\/strong><\/p>\n\n\n\n<hr class=\"wp-block-separator has-alpha-channel-opacity\" \/>\n\n\n\n<p><em>Montag, 20. Juni 2022, 19 Uhr<\/em><br><strong>Abendessen und Planungstreff in der KHG &amp; Aufbau Sommerfest<\/strong><\/p>\n\n\n\n<hr class=\"wp-block-separator has-alpha-channel-opacity\" \/>\n\n\n\n<p><em>Dienstag, 21. Juni 2022, 17\/18 Uhr<\/em><br><strong>Hl. Messe &amp; Sommerfest<\/strong><\/p>\n\n\n\n<hr class=\"wp-block-separator has-alpha-channel-opacity\" \/>\n\n\n\n<p><em>Donnerstag, 23. Juni 2022, 11.30 Uhr<\/em><br><strong>Atempause: Kurzandacht &amp; Mittagessen<\/strong><\/p>\n\n\n\n<hr class=\"wp-block-separator has-alpha-channel-opacity\" \/>\n\n\n\n<p><em>Dienstag, 28. Juni 2022, 19.15 Uhr\/20.00 Uhr<\/em><br><strong>Hl. Messe &amp; Gemeindeabend<\/strong><\/p>\n\n\n\n<hr class=\"wp-block-separator has-alpha-channel-opacity\" \/>\n\n\n\n<p><em>Dienstag, 5. Juli 2022, 19.15 Uhr\/20.00 Uhr<\/em><br><strong>Hl. Messe zum Trimesterende &amp; Verabschiedung des 18er Jahrgangs<\/strong><\/p>\n\n\n\n<hr class=\"wp-block-separator has-alpha-channel-opacity\" \/>\n\n\n\n<p><em>Donnerstag, 7. Juli 2022, 11.30 Uhr<\/em><br><strong>Atempause: Kurzandacht &amp; Mittagessen<\/strong><\/p>\n\n\n\n<h3 class=\"wp-block-heading\">Programm &#8211; Herbsttrimester 2022<\/h3>\n\n\n\n<p>Planungsstand: 6. Juli 2022<\/p>\n\n\n\n<hr class=\"wp-block-separator has-alpha-channel-opacity\" \/>\n\n\n\n<p><em>Dienstag, 20. September 2022, 16 Uhr<br><\/em><strong>Hl. Messe mit dem Katholischen Milit\u00e4rbischof f\u00fcr die Deutsche Bundeswehr, <abbr title=\"Doktor\">Dr.<\/abbr> Franz-Josef Overbeck<\/strong>, im Mariendom\/St. Georg, anl\u00e4sslich der Gesamtkonferenz der kath. Milit\u00e4rseelsorge in Hamburg (19.-23. September 2022)<\/p>\n\n\n\n<hr class=\"wp-block-separator has-alpha-channel-opacity\" \/>\n\n\n\n<p><em>Ab Montag, 26. September 2022<\/em><br><strong>Vorstellung der KHG und der Milit\u00e4rseelsorge im Rahmen der O-Phase<\/strong><\/p>\n\n\n\n<hr class=\"wp-block-separator has-alpha-channel-opacity\" \/>\n\n\n\n<p><em>Dienstag, 27. September 2022, 19.15 Uhr<\/em><br><strong>Hl. Messe &amp; Gemeindeabend<\/strong><\/p>\n\n\n\n<hr class=\"wp-block-separator has-alpha-channel-opacity\" \/>\n\n\n\n<p><em>Dienstag, 4. Oktober 2022, 19.15 Uhr<\/em><br><strong>Hl. Messe &amp; Kulinarische Reise durch Deutschland&nbsp;&nbsp;&nbsp;&nbsp;&nbsp;&nbsp;<\/strong><br>Am ersten Gemeindeabend im neuen Trimester starten wir \u2013 im R\u00fcckblick auf den Tag der Deutschen Einheit \u2013 eine kulinarische Reise durch Deutschland, die Nord und S\u00fcd, West und Ost verbinden soll. Studierende aus den verschiedenen Landesteilen bringen verschiedene Spezialit\u00e4ten aus ihrer Heimat mit, und stellen diese vor. Alle sind eingeladen, sich an dieser Reise zu beteiligen. Vor der Kulinarischen Reise feiern wir eine Hl. Messe (19.15 Uhr).<\/p>\n\n\n\n<hr class=\"wp-block-separator has-alpha-channel-opacity\" \/>\n\n\n\n<p><em>Donnerstag, 6. Oktober 2022, 11.30 Uhr&nbsp;&nbsp;&nbsp;&nbsp;&nbsp;&nbsp;&nbsp;<\/em><br><strong>Atempause = Kurzandacht &amp; Mittagessen&nbsp;&nbsp;&nbsp;&nbsp;&nbsp;&nbsp;&nbsp;&nbsp;&nbsp;&nbsp;&nbsp;<\/strong><br>Die Atempause ist eine Kurzandacht mit anschlie\u00dfendem Mittagessen. In der Andacht denken wir an Pater Maximilian Kolbe, der am 10. Oktober 1982 durch Papst Johannes Paul II. heiliggesprochen wurde. Maximilian Kolbe ist der Patron der katholischen Hochschulgemeinde. Er wurde 1941 verhaftet und nach Auschwitz deportiert, wo er f\u00fcr einen Mith\u00e4ftling in den Hungerbunker ging und starb.<\/p>\n\n\n\n<hr class=\"wp-block-separator has-alpha-channel-opacity\" \/>\n\n\n\n<p><em>Dienstag, 11. Oktober 2022, 19.15 Uhr&nbsp;&nbsp;&nbsp;<\/em><br><strong>Hl. Messe &amp; Trimesterer\u00f6ffnungsgrillen&nbsp;&nbsp;&nbsp;<\/strong><br>Um die neuen Studentinnen und Studenten geb\u00fchrend willkommen hei\u00dfen zu k\u00f6nnen, wird der Grill der KHG angeschmissen! Die KHG l\u00e4dt alle, die Lust haben, zu einem gem\u00fctlichen Grillabend und einer F\u00fchrung durch das Haus ein. Hier ist egal, welcher Konfession man angeh\u00f6rt oder auch nicht, wir freuen uns \u00fcber jeden Gast. Das Grillen wird nach der Hl. Messe um 19.15 Uhr, also etwa gegen 20.00 Uhr, egal bei welchem Wetter, stattfinden.<\/p>\n\n\n\n<hr class=\"wp-block-separator has-alpha-channel-opacity\" \/>\n\n\n\n<p><em>Montag, 17. Oktober 2022, 10 Uhr<\/em><br><strong>Andacht &amp; Wei\u00dfwurstfr\u00fchst\u00fcck<\/strong><\/p>\n\n\n\n<hr class=\"wp-block-separator has-alpha-channel-opacity\" \/>\n\n\n\n<p><em>Dienstag, 18. Oktober 2022, 19.15 Uhr&nbsp;&nbsp;&nbsp;&nbsp;&nbsp;<\/em><br><strong>Hl. Messe &amp; Sommernachtskino &nbsp;&nbsp;&nbsp;&nbsp;<\/strong><br>\u201eUnd es versammelten sich so viele Menschen, dass nicht einmal mehr vor der T\u00fcr Platz war\u2026\u201c (Mk 2,2) Nach der Hl. Messe und einem gemeinsamen Abendessen pr\u00e4sentieren wir (bei sch\u00f6nem Wetter) im Garten der KHG einen Film, der zum Schmunzeln und Nachdenken anregt. Lasst Euch \u00fcberraschen!<\/p>\n\n\n\n<hr class=\"wp-block-separator has-alpha-channel-opacity\" \/>\n\n\n\n<p><em>Dienstag, 25. Oktober 2022, 19.15 Uhr<\/em><br><strong>Hl. Messe &amp; Themenabend: Brauchtum<\/strong><\/p>\n\n\n\n<hr class=\"wp-block-separator has-alpha-channel-opacity\" \/>\n\n\n\n<p><em>Freitag bis Sonntag, 28.-30. Oktober 2022&nbsp;&nbsp;&nbsp;&nbsp;&nbsp;&nbsp;&nbsp;&nbsp;&nbsp;<\/em><br><strong>Aktiven- und Ehemaligentreff in Duderstadt<\/strong><br>Das Aktiven- und Ehemaligentreffen der (Alt-)KHGler und ihrer Familien hat eine lange Tradition. Inzwischen sind einiger Kinder der Ehemaligen selbst aktive Soldaten der Bundeswehr. Zusammen mit den aktiven Gemeindemitgliedern gibt es einen regen kameradschaftlichen Austausch \u00fcber die Generationen hinweg. Neben thematischen Impulsen, festigt das Wochenende im Harz alte Freundschaften und begr\u00fcndet neue. Anmeldung \u00fcber die Dienststelle im DB\/H4.<\/p>\n\n\n\n<hr class=\"wp-block-separator has-alpha-channel-opacity\" \/>\n\n\n\n<p><em>Dienstag, 1. November 2022, 19.15 Uhr&nbsp;&nbsp;<\/em><br><strong>Hl. Messe (Allerheiligen) &amp; Gemeindeabend&nbsp;&nbsp;<\/strong><br>In Baden-W\u00fcrttemberg, Bayern, NRW, Rheinland-Pfalz, dem Saarland, \u00d6sterreich, Belgien, Lichtenstein, Andorra, Frankreich, Italien, Kroatien, Luxemburg, Litauen, Monaco, Polen, Portugal, San Marino, der Slowakei, Slowenien, Spanien, Ungarn, im Vatikan und auf den Philippinen ist Allerheiligen ein gesetzlicher Feiertag: \u201eZur Gemeinschaft der Heiligen geh\u00f6ren alle Menschen, die ihre Hoffnung auf Christus gesetzt haben und durch die Taufe zu ihm geh\u00f6ren, ob sie bereits gestorben sind oder noch leben. Weil wir in Christus ein Leib sind, leben wir in einer Himmel und Erde umspannenden Gemeinschaft.&#8220; (Youcat\/Jugendkatechismus)<\/p>\n\n\n\n<hr class=\"wp-block-separator has-alpha-channel-opacity\" \/>\n\n\n\n<p><em>Mittwoch, 2. November 2022, 8.00 Uhr&nbsp;&nbsp;&nbsp;&nbsp;&nbsp;<\/em><br><strong>Allerseelen: Andacht &amp; Fr\u00fchst\u00fcck&nbsp;&nbsp;&nbsp;&nbsp;<\/strong><br>Am Allerseelentag, offiziell \u00bbTag des Gedenkens an alle verstorbenen Gl\u00e4ubigen\u00ab (lat. \u00bbDies in commemoratione omnium fidelium defunctorum\u00ab), gedenken wir unserer verstorbenen Angeh\u00f6rigen. Der Ursprung von Allerseelen geht auf Abt Odilo von Cluny (998) zur\u00fcck, der den 2. November als Gedenktag der Verstorbenen in allen ihm unterstehenden Kl\u00f6stern einf\u00fchrte. Schlie\u00dflich etablierte sich Allerseelen als Gedenktag auch in Rom und erlangte weltweite Bedeutung.<\/p>\n\n\n\n<hr class=\"wp-block-separator has-alpha-channel-opacity\" \/>\n\n\n\n<p><em>Montag, 7. November 2022, 19 Uhr&nbsp;&nbsp;&nbsp;<\/em><br><strong>Planungstreffen in der KHG&nbsp;<\/strong><br>Wir beginnen mit einem gemeinsamen Abendessen. Danach beraten und beschlie\u00dfen wir die Veranstaltungen und Aktivit\u00e4ten des kommenden Trimesters. Ideen und Anregungen k\u00f6nnen wir immer wieder gebrauchen!<\/p>\n\n\n\n<hr class=\"wp-block-separator has-alpha-channel-opacity\" \/>\n\n\n\n<p><em>Dienstag, 8. November 2022, 17 Uhr&nbsp;<\/em><br><strong>Hl. Messe zum Patrozinium &amp; Gemeindeabend\/Empfang&nbsp;&nbsp;&nbsp;&nbsp;&nbsp;&nbsp;<\/strong><br>Gerade f\u00fcr Soldaten hat der Heilige Martin eine besondere Bedeutung, denn er ist nicht nur der Patron der Reisenden und Armen, sondern auch der Soldaten. An diesem Tag findet die Hl. Messe bereits um 17 Uhr statt.<br>Die Messe wird auch als Jahresamt f\u00fcr Helmut Schmidt gefeiert, der am 10. November 2015 im Alter von 97 Jahren starb.<\/p>\n\n\n\n<hr class=\"wp-block-separator has-alpha-channel-opacity\" \/>\n\n\n\n<p><em>Dienstag, 15. November 2022, 19.15 Uhr<\/em><br><strong>Hl. Messe &amp; Themenabend<\/strong><\/p>\n\n\n\n<hr class=\"wp-block-separator has-alpha-channel-opacity\" \/>\n\n\n\n<p><em>Donnerstag, 17. November 2022, 11.30 Uhr<\/em><br><strong>Atempause = Kurzandacht &amp; Fr\u00fchst\u00fcck<\/strong><\/p>\n\n\n\n<hr class=\"wp-block-separator has-alpha-channel-opacity\" \/>\n\n\n\n<p><em>Dienstag, 22. November 2022, ab 16 Uhr\/19.15 Uhr&nbsp;&nbsp;&nbsp;&nbsp;&nbsp;&nbsp;&nbsp;<\/em><br><strong>Pl\u00e4tzchenbacken &#8211; Hl. Messe (19.15 Uhr) &amp; Gemeindeabend&nbsp;&nbsp;<\/strong><br>Um die Gemeinde auf die kommende Weihnachtszeit einzustimmen, m\u00f6chten wir die Gelegenheit nutzen, zusammen Pl\u00e4tzchen zu backen. Die Pl\u00e4tzchen werden wir zu Soldaten schicken, die \u00fcber Weihnachten im Einsatz sind.<\/p>\n\n\n\n<hr class=\"wp-block-separator has-alpha-channel-opacity\" \/>\n\n\n\n<p><em>Dienstag, 29. November 2022, 19.15<\/em><br><strong>Wortgottesdienst &amp; Gemeindeabend<\/strong><\/p>\n\n\n\n<hr class=\"wp-block-separator has-alpha-channel-opacity\" \/>\n\n\n\n<p><em>Samstag, 3. Dezember 2022&nbsp;&nbsp;&nbsp;&nbsp;&nbsp;<\/em><br><strong>Gr\u00fcndungsfest der \u00c9colde Sp\u00e9ciale Militaire de Saint-Cyr\/Frankreich&nbsp;&nbsp;&nbsp;&nbsp;&nbsp;&nbsp;<\/strong><br>In der Schlacht bei Austerlitz (1805) fiel der erste Soldat der \u00c9cole Sp\u00e9ciale Militaire de Saint-Cyr, von woher jedes Jahr einige Studierende ihr Studium an der <abbr title=\"Helmut Schmidt Universit\u00e4t\">HSU<\/abbr> aufnehmen.<\/p>\n\n\n\n<hr class=\"wp-block-separator has-alpha-channel-opacity\" \/>\n\n\n\n<p><em>Dienstag, 6. Dezember 2022, 8 Uhr<\/em><br><strong>Andacht &amp; Fr\u00fchst\u00fcck: Der Nikolaus kommt<\/strong><\/p>\n\n\n\n<hr class=\"wp-block-separator has-alpha-channel-opacity\" \/>\n\n\n\n<p><em>Dienstag, 6. Dezember 2022, 19.15 Uhr<\/em><br><strong>Hl. Messe (Nikolaus) &amp; Gemeindeabend<\/strong><\/p>\n\n\n\n<hr class=\"wp-block-separator has-alpha-channel-opacity\" \/>\n\n\n\n<p><em>Dienstag, 13. Dezember 2022, 19.15 Uhr&nbsp;&nbsp;&nbsp;&nbsp;&nbsp;&nbsp;&nbsp;&nbsp;&nbsp;&nbsp;&nbsp;<\/em><br><strong>Hl. Messe &amp; Feuerzangenbowle (Film &amp; Getr\u00e4nk)&nbsp;&nbsp;&nbsp;&nbsp;&nbsp;<\/strong><br>Im Anschluss an die Hl. Messe um 19.15 Uhr schauen wir den Film \u201eDie Feuerzangenbowle\u201c und genie\u00dfen zusammen selbiges Getr\u00e4nk bei einem geselligen Gemeindeabend.<\/p>\n\n\n\n<hr class=\"wp-block-separator has-alpha-channel-opacity\" \/>\n\n\n\n<p><em>Donnerstag, 15. Dezember 2022, 11 Uhr<\/em><br><strong>Einstimmung auf Weihnachten: Hl. Messe &amp; Brunch<\/strong><\/p>\n\n\n\n<hr class=\"wp-block-separator has-alpha-channel-opacity\" \/>\n\n\n\n<p><em>Dienstag, 20. Dezember 2022, 19.15 Uhr<\/em><br><strong>Hl. Messe &amp; Gemeindeabend<\/strong><\/p>\n","protected":false},"excerpt":{"rendered":"<p>Planungsstand: 16. M\u00e4rz 2022 Dienstag, 5. April 2022, 19.15 UhrHl. Messe in St. Olaf &amp; Gemeindeabend im Garten der KHG\/Lagerfeuer Dienstag, 12. April 2022, 19.15 UhrHl. Messe in St. Olaf [&hellip;]<\/p>\n","protected":false},"author":1538,"featured_media":0,"parent":0,"menu_order":0,"comment_status":"closed","ping_status":"closed","template":"","meta":{"footnotes":""},"categories":[4],"tags":[],"class_list":["post-782","page","type-page","status-publish","hentry","category-forschung"],"_links":{"self":[{"href":"https:\/\/www.hsu-hh.de\/kath\/wp-json\/wp\/v2\/pages\/782","targetHints":{"allow":["GET"]}}],"collection":[{"href":"https:\/\/www.hsu-hh.de\/kath\/wp-json\/wp\/v2\/pages"}],"about":[{"href":"https:\/\/www.hsu-hh.de\/kath\/wp-json\/wp\/v2\/types\/page"}],"author":[{"embeddable":true,"href":"https:\/\/www.hsu-hh.de\/kath\/wp-json\/wp\/v2\/users\/1538"}],"replies":[{"embeddable":true,"href":"https:\/\/www.hsu-hh.de\/kath\/wp-json\/wp\/v2\/comments?post=782"}],"version-history":[{"count":1,"href":"https:\/\/www.hsu-hh.de\/kath\/wp-json\/wp\/v2\/pages\/782\/revisions"}],"predecessor-version":[{"id":783,"href":"https:\/\/www.hsu-hh.de\/kath\/wp-json\/wp\/v2\/pages\/782\/revisions\/783"}],"wp:attachment":[{"href":"https:\/\/www.hsu-hh.de\/kath\/wp-json\/wp\/v2\/media?parent=782"}],"wp:term":[{"taxonomy":"category","embeddable":true,"href":"https:\/\/www.hsu-hh.de\/kath\/wp-json\/wp\/v2\/categories?post=782"},{"taxonomy":"post_tag","embeddable":true,"href":"https:\/\/www.hsu-hh.de\/kath\/wp-json\/wp\/v2\/tags?post=782"}],"curies":[{"name":"wp","href":"https:\/\/api.w.org\/{rel}","templated":true}]}}