{"id":778,"date":"2024-12-20T09:41:48","date_gmt":"2024-12-20T08:41:48","guid":{"rendered":"https:\/\/www.hsu-hh.de\/kath\/?page_id=778"},"modified":"2024-12-20T09:41:48","modified_gmt":"2024-12-20T08:41:48","slug":"programm-wintertrimester-2022","status":"publish","type":"page","link":"https:\/\/www.hsu-hh.de\/kath\/programm-wintertrimester-2022","title":{"rendered":"Programm &#8211; Wintertrimester 2022"},"content":{"rendered":"\n<p>(Stand: 9. Dezember 2021)<\/p>\n\n\n\n<hr class=\"wp-block-separator has-alpha-channel-opacity\" \/>\n\n\n\n<p><em>Dienstag, 11. Januar 2022, 19.15 Uhr<\/em><br><strong>Hl. Messe &amp; Gemeindeabend<\/strong><\/p>\n\n\n\n<hr class=\"wp-block-separator has-alpha-channel-opacity\" \/>\n\n\n\n<p><em>Donnerstag, 13 Januar 2022, 8.00 Uhr<\/em><br><strong>Andacht &amp; Fr\u00fchst\u00fcck zum Jahresbeginn<\/strong><\/p>\n\n\n\n<hr class=\"wp-block-separator has-alpha-channel-opacity\" \/>\n\n\n\n<p><em>Dienstag, 18. Januar 2022, 18.15\/19.00 Uhr<\/em><br><strong>Neujahrsempfang<\/strong><\/p>\n\n\n\n<p>Wir beginne um 18.15 Uhr mit der Feier der Heiligen Messe, danach wollen wir gemeinsam auf das neue Jahr ansto\u00dfen.<\/p>\n\n\n\n<hr class=\"wp-block-separator has-alpha-channel-opacity\" \/>\n\n\n\n<p><em>Dienstag, 25. Januar 2022, 19.15\/20.15 Uhr<\/em><br><strong>Hl. Messe &amp; Themenabend: Marschieren, Wandern, Pilgern<\/strong><\/p>\n\n\n\n<p>Nach der Hl. Messe (19.15 Uhr) findet ein gemeinsames Abendessen statt. In Zusammenarbeit mit der Marsch IG stellen wir das Marschieren\/Wandern\/Pilgern vor.<\/p>\n\n\n\n<hr class=\"wp-block-separator has-alpha-channel-opacity\" \/>\n\n\n\n<p><em>Donnerstag, 27. Januar 2022, 11.30 Uhr<\/em><br><strong>Atempause = Kurzandacht &amp; Mittagessen<\/strong><\/p>\n\n\n\n<hr class=\"wp-block-separator has-alpha-channel-opacity\" \/>\n\n\n\n<p><em>Dienstag, 1. Februar 2022, 19.15 Uhr<\/em><br><strong>Hl. Messe &amp; Gemeindeabend<\/strong><\/p>\n\n\n\n<hr class=\"wp-block-separator has-alpha-channel-opacity\" \/>\n\n\n\n<p><em>Donnerstag, 3. Februar 2022, 8.00 Uhr&nbsp;&nbsp;&nbsp;&nbsp;&nbsp;&nbsp;&nbsp;&nbsp;<\/em><br><strong>Andacht (mit Blasiussegen) &amp; Fr\u00fchst\u00fcck<\/strong><\/p>\n\n\n\n<p>Am Ende der Andacht wird der Blasiussegen gespendet. Bei der Spendung des Blasiussegens h\u00e4lt der Priester dem Gl\u00e4ubigen zwei gekreuzte brennende Kerzen in H\u00f6he des Halses vor und spricht: \u201eAuf die F\u00fcrsprache des heiligen Blasius bewahre dich der Herr vor Halskrankheit und allem B\u00f6sen. Es segne dich Gott, der Vater und der Sohn und der Heilige Geist.\u201c Blasius war Bischof von Sebaste in Kleinasien und starb 316 f\u00fcr seinen Glauben. Die bekannteste Erz\u00e4hlung \u00fcber Blasius berichtet, wie er w\u00e4hrend seiner Gefangenschaft in einem r\u00f6mischen Gef\u00e4ngnis einem jungen Mann, der an einer Fischgr\u00e4te zu ersticken drohte, das Leben rettete. Deshalb erteilt die Kirche den Blasiussegen zum Schutz gegen Halskrankheiten. Darin kommt das gl\u00e4ubige Vertrauen auf die Heilszusage Gottes gerade auch f\u00fcr das leibliche Wohlergehen des erl\u00f6sungsbed\u00fcrftigen Menschen zum Ausdruck.<\/p>\n\n\n\n<hr class=\"wp-block-separator has-alpha-channel-opacity\" \/>\n\n\n\n<p><em>Dienstag, 8. Februar 2022, 19.15 Uhr&nbsp;<\/em><br><strong>Hl. Messe &amp; Themenabend Lourdes<\/strong><\/p>\n\n\n\n<p>Vom Mittwoch, den 11. Mai, bis zum Dienstag, den 17. Mai 2022, findet die 62. Internationale Soldatenwallfahrt nach Lourdes statt. Wir werden von den letzten Wallfahrten berichten und die Soldatenwallfahrt vorstellen. Vor dem Themenabend besteht die M\u00f6glichkeit zum Besuch der Hl. Messe (19.15 Uhr) und zum Abendessen.<\/p>\n\n\n\n<hr class=\"wp-block-separator has-alpha-channel-opacity\" \/>\n\n\n\n<p><em>Montag, 14. Februar 2022, Valentinstag<\/em><br>8.00 Uhr&nbsp;&nbsp;&nbsp;&nbsp;&nbsp;&nbsp; <strong>Andacht &amp; Fr\u00fchst\u00fcck<\/strong><br><em>19.00 Uhr &nbsp;<\/em>&nbsp;&nbsp; <strong>Planungstreff in der KHG<\/strong><\/p>\n\n\n\n<p>Der Valentinstag gilt in vielen L\u00e4ndern als Tag der Liebenden. Das Brauchtum dieses Tages geht auf einen oder mehrere christliche M\u00e4rtyrer namens Valentinus zur\u00fcck, die der \u00dcberlieferung zufolge das Martyrium durch Enthaupten erlitten&nbsp; aben. Verbreitet gibt es zum Valentinstag Gottesdienst, in denen Ehepaare und Liebende gesegnet werden.<\/p>\n\n\n\n<p>Das Planungstreff beginnt mit einem gemeinsamen Abendessen. Danach beraten und beschlie\u00dfen wir die Veranstaltungen&nbsp; und Aktivit\u00e4ten des kommenden Trimesters. Ideen und Anregungen k\u00f6nnen wir immer wieder gebrauchen.<\/p>\n\n\n\n<hr class=\"wp-block-separator has-alpha-channel-opacity\" \/>\n\n\n\n<p><em>Dienstag, 15. Februar 2022, 19.15 Uhr<\/em><br><strong>Hl. Messe &amp; Gemeindeabend<\/strong><\/p>\n\n\n\n<hr class=\"wp-block-separator has-alpha-channel-opacity\" \/>\n\n\n\n<p><em>Dienstag, 22. Februar 2022, 19.15 Uhr\/20.15 Uhr<\/em><br><strong>Hl. Messe &amp; Themenabend: Kirche in der DDR<\/strong><\/p>\n\n\n\n<p>Ein Zeitzeuge berichtet \u00fcber seine Zeit in der DDR. Vor dem Gespr\u00e4ch besteht die M\u00f6glichkeit zum Besuch der Hl. Messe (19.15 Uhr) und zum Abendessen.<\/p>\n\n\n\n<hr class=\"wp-block-separator has-alpha-channel-opacity\" \/>\n\n\n\n<p><em>Donnerstag, 24. Februar 2022, 8 Uhr<\/em><br><strong>Altweiber: Andacht &amp; Fr\u00fchst\u00fcck<\/strong><\/p>\n\n\n\n<hr class=\"wp-block-separator has-alpha-channel-opacity\" \/>\n\n\n\n<p><em>Dienstag, 1. M\u00e4rz 2022, 19.15 Uhr<\/em><br><strong>Hl. Messe &amp; russischer Abend<\/strong><\/p>\n\n\n\n<p>Der Sprachkurs \u201eRussisch\u201c an der <abbr title=\"Helmut Schmidt Universit\u00e4t\">HSU<\/abbr> stellt Land und Leute vor und bereitet ein russisches Abendessen vor. Um 19.15 Uhr feiern wir eine Hl. Messe. Herzliche Einladung!<\/p>\n\n\n\n<hr class=\"wp-block-separator has-alpha-channel-opacity\" \/>\n\n\n\n<p><em>Aschermittwoch, 2. M\u00e4rz 2022, 12.00 Uhr&nbsp;<\/em><br><strong>Hl. Messe (mit Aschenkreuz) &amp; Fischessen<\/strong><\/p>\n\n\n\n<p>Mit dem Aschermittwoch beginnt die 40-t\u00e4gige Fastenzeit vor Ostern. Die Bezeichnung Aschermittwoch kommt von dem Brauch, im Gottesdienst am Aschermittwoch die Asche vom Verbrennen der Palmzweige des Vorjahres zu segnen und die&nbsp; Gl\u00e4ubigen mit einem Kreuz aus dieser Asche zu bezeichnen.<\/p>\n\n\n\n<hr class=\"wp-block-separator has-alpha-channel-opacity\" \/>\n\n\n\n<p><em>Samstag &amp; Sonntag, 5.\/6. M\u00e4rz 2022<\/em><br><strong>Der Jakobsweg \u2013 eine Wanderung<\/strong><\/p>\n\n\n\n<p>Zusammen mit der Marsch IG brechen wir zu einer gemeinsamen Wanderung in und um Hamburg auf. Dabei werden wir uns an den Routen des Jakobswegs im Norden orientieren.<\/p>\n\n\n\n<hr class=\"wp-block-separator has-alpha-channel-opacity\" \/>\n\n\n\n<p><em>Dienstag, 8. M\u00e4rz 2022, 19.15 Uhr<\/em><br><strong>Hl. Messe &amp; Gemeindeabend<\/strong><\/p>\n\n\n\n<hr class=\"wp-block-separator has-alpha-channel-opacity\" \/>\n\n\n\n<p><em>Dienstag, 15. M\u00e4rz 2022, 19.15 Uhr<\/em><br><strong>Hl. Messe &amp; irischer Abend<\/strong><\/p>\n\n\n\n<hr class=\"wp-block-separator has-alpha-channel-opacity\" \/>\n\n\n\n<p><em>Donnerstag, 17. M\u00e4rz 2022, 8 Uhr<\/em><br><strong>Andacht (St. Patrick\u2019s Day) &amp; Fr\u00fchst\u00fcck<\/strong><\/p>\n\n\n\n<p>Der St. Patrick\u2019s Day (Irisch: L\u00e1 Fh\u00e9ile P\u00e1draig) ist der Gedenktag des irischen Bischofs Patrick, der wahrscheinlich im 5. Jahrhundert lebte und als erster christliche Missionar in Irland gilt.<\/p>\n\n\n\n<hr class=\"wp-block-separator has-alpha-channel-opacity\" \/>\n\n\n\n<p><em>Dienstag, 22. M\u00e4rz 2022, 19.15 Uhr<\/em><br><strong>Hl. Messe &amp; Gemeindeabend<\/strong><\/p>\n\n\n\n<hr class=\"wp-block-separator has-alpha-channel-opacity\" \/>\n\n\n\n<p><em>Dienstag, 29. M\u00e4rz 2022, 19.15 Uhr<\/em><br><strong>Hl. Messe &amp; Gemeindeabend zum Trimesterende<\/strong><\/p>\n","protected":false},"excerpt":{"rendered":"<p>(Stand: 9. Dezember 2021) Dienstag, 11. Januar 2022, 19.15 UhrHl. Messe &amp; Gemeindeabend Donnerstag, 13 Januar 2022, 8.00 UhrAndacht &amp; Fr\u00fchst\u00fcck zum Jahresbeginn Dienstag, 18. Januar 2022, 18.15\/19.00 UhrNeujahrsempfang Wir [&hellip;]<\/p>\n","protected":false},"author":1538,"featured_media":0,"parent":0,"menu_order":0,"comment_status":"closed","ping_status":"closed","template":"","meta":{"footnotes":""},"categories":[4],"tags":[],"class_list":["post-778","page","type-page","status-publish","hentry","category-forschung"],"_links":{"self":[{"href":"https:\/\/www.hsu-hh.de\/kath\/wp-json\/wp\/v2\/pages\/778","targetHints":{"allow":["GET"]}}],"collection":[{"href":"https:\/\/www.hsu-hh.de\/kath\/wp-json\/wp\/v2\/pages"}],"about":[{"href":"https:\/\/www.hsu-hh.de\/kath\/wp-json\/wp\/v2\/types\/page"}],"author":[{"embeddable":true,"href":"https:\/\/www.hsu-hh.de\/kath\/wp-json\/wp\/v2\/users\/1538"}],"replies":[{"embeddable":true,"href":"https:\/\/www.hsu-hh.de\/kath\/wp-json\/wp\/v2\/comments?post=778"}],"version-history":[{"count":1,"href":"https:\/\/www.hsu-hh.de\/kath\/wp-json\/wp\/v2\/pages\/778\/revisions"}],"predecessor-version":[{"id":779,"href":"https:\/\/www.hsu-hh.de\/kath\/wp-json\/wp\/v2\/pages\/778\/revisions\/779"}],"wp:attachment":[{"href":"https:\/\/www.hsu-hh.de\/kath\/wp-json\/wp\/v2\/media?parent=778"}],"wp:term":[{"taxonomy":"category","embeddable":true,"href":"https:\/\/www.hsu-hh.de\/kath\/wp-json\/wp\/v2\/categories?post=778"},{"taxonomy":"post_tag","embeddable":true,"href":"https:\/\/www.hsu-hh.de\/kath\/wp-json\/wp\/v2\/tags?post=778"}],"curies":[{"name":"wp","href":"https:\/\/api.w.org\/{rel}","templated":true}]}}