{"id":186,"date":"2018-02-20T14:05:31","date_gmt":"2018-02-20T13:05:31","guid":{"rendered":"https:\/\/www.hsu-hh.de\/kath\/?page_id=186"},"modified":"2025-06-25T14:38:15","modified_gmt":"2025-06-25T12:38:15","slug":"lourdes","status":"publish","type":"page","link":"https:\/\/www.hsu-hh.de\/kath\/lourdes","title":{"rendered":"Lourdes"},"content":{"rendered":"<p><img loading=\"lazy\" decoding=\"async\" class=\"size-medium wp-image-185 alignleft\" src=\"https:\/\/www.hsu-hh.de\/kath\/wp-content\/uploads\/sites\/731\/2018\/02\/IMG_4626-300x225.jpg\" alt=\"Lourdes\" width=\"300\" height=\"225\" srcset=\"https:\/\/www.hsu-hh.de\/kath\/wp-content\/uploads\/sites\/731\/2018\/02\/IMG_4626-300x225.jpg 300w, https:\/\/www.hsu-hh.de\/kath\/wp-content\/uploads\/sites\/731\/2018\/02\/IMG_4626-768x576.jpg 768w, https:\/\/www.hsu-hh.de\/kath\/wp-content\/uploads\/sites\/731\/2018\/02\/IMG_4626-1024x768.jpg 1024w\" sizes=\"auto, (max-width: 300px) 100vw, 300px\" \/><\/p>\n<h2>66. Internationale Soldatenwallfahrt Lourdes\/Frankreich<\/h2>\n<p><em>Mittwoch, 20. Mai 2026 &#8211; Dienstag, 26. Mai 2026<\/em><\/p>\n<p>2019 pilgerten etwa 800 Soldatinnen und Soldaten, Angeh\u00f6rige aus Soldatenfamilien sowie Mitarbeiterinnen und Mitarbeiter der Bundeswehr in den s\u00fcdfranz\u00f6sischen Marienwallfahrtsort Lourdes. Zusammen mit \u00fcber 10.000 Milit\u00e4rangeh\u00f6rigen aus ca. 40 Nationen nahmen sie an der Internationalen Soldatenwallfahrt teil.<\/p>\n<p>Auch an der Helmut-Schmidt-Universit\u00e4t\/Universit\u00e4t der Bundeswehr Hamburg erfreut sich die Wallfahrt in den letzten Jahren einer gro\u00dfen Beliebtheit. Dabei trug auch das kameradschaftliche Erlebnis in den Sonderz\u00fcgen und im Zeltlager zum Gelingen der Pilgerfahrt bei.<\/p>\n<p>Die Teilnehmer m\u00fcssen nicht katholisch sein, aber dazu bereit, sich auf Neues einzulassen.<\/p>\n<p>Anmeldungen f\u00fcr 2026 \u00fcber das Katholische Milit\u00e4rpfarramt Hamburg I.<\/p>\n<p>Sonderurlaub kann beantragt werden.<\/p>\n<p>Weitf\u00fchrende Informationen finden Sie unter: <a href=\"https:\/\/www.bundeswehr.de\/de\/betreuung-fuersorge\/militaerseelsorge\/katholische-militaerseelsorge\/auftrag-und-angebote\/wallfahrten\/internationale-soldatenwallfahrt-nach-lourdes\" target=\"_blank\" rel=\"noopener\">Internationale Soldatenwallfahrt nach Lourdes<\/a><\/p>\n","protected":false},"excerpt":{"rendered":"<p>66. Internationale Soldatenwallfahrt Lourdes\/Frankreich Mittwoch, 20. Mai 2026 &#8211; Dienstag, 26. Mai 2026 2019 pilgerten etwa 800 Soldatinnen und Soldaten, Angeh\u00f6rige aus Soldatenfamilien sowie Mitarbeiterinnen und Mitarbeiter der Bundeswehr in [&hellip;]<\/p>\n","protected":false},"author":1538,"featured_media":0,"parent":0,"menu_order":0,"comment_status":"closed","ping_status":"closed","template":"","meta":{"footnotes":""},"categories":[4],"tags":[],"class_list":["post-186","page","type-page","status-publish","hentry","category-forschung"],"_links":{"self":[{"href":"https:\/\/www.hsu-hh.de\/kath\/wp-json\/wp\/v2\/pages\/186","targetHints":{"allow":["GET"]}}],"collection":[{"href":"https:\/\/www.hsu-hh.de\/kath\/wp-json\/wp\/v2\/pages"}],"about":[{"href":"https:\/\/www.hsu-hh.de\/kath\/wp-json\/wp\/v2\/types\/page"}],"author":[{"embeddable":true,"href":"https:\/\/www.hsu-hh.de\/kath\/wp-json\/wp\/v2\/users\/1538"}],"replies":[{"embeddable":true,"href":"https:\/\/www.hsu-hh.de\/kath\/wp-json\/wp\/v2\/comments?post=186"}],"version-history":[{"count":19,"href":"https:\/\/www.hsu-hh.de\/kath\/wp-json\/wp\/v2\/pages\/186\/revisions"}],"predecessor-version":[{"id":853,"href":"https:\/\/www.hsu-hh.de\/kath\/wp-json\/wp\/v2\/pages\/186\/revisions\/853"}],"wp:attachment":[{"href":"https:\/\/www.hsu-hh.de\/kath\/wp-json\/wp\/v2\/media?parent=186"}],"wp:term":[{"taxonomy":"category","embeddable":true,"href":"https:\/\/www.hsu-hh.de\/kath\/wp-json\/wp\/v2\/categories?post=186"},{"taxonomy":"post_tag","embeddable":true,"href":"https:\/\/www.hsu-hh.de\/kath\/wp-json\/wp\/v2\/tags?post=186"}],"curies":[{"name":"wp","href":"https:\/\/api.w.org\/{rel}","templated":true}]}}