{"id":954,"date":"2018-06-25T15:20:34","date_gmt":"2018-06-25T13:20:34","guid":{"rendered":"https:\/\/www.hsu-hh.de\/karriere\/?page_id=954"},"modified":"2018-06-26T09:26:01","modified_gmt":"2018-06-26T07:26:01","slug":"fachinformatiker-in-systemintegration","status":"publish","type":"page","link":"https:\/\/www.hsu-hh.de\/karriere\/ausbildungsplaetze-und-praktika\/fachinformatiker-in-systemintegration","title":{"rendered":"Fachinformatiker\/-in Systemintegration"},"content":{"rendered":"<h3>\u00dcberblick<\/h3>\n<p><strong>Referenzcode:<\/strong><br \/>\nB9101Y-2018-00003659-E<\/p>\n<p><strong>Ausbildungsbeginn:<\/strong><br \/>\n01.09.2019<\/p>\n<p><strong>Ausbildungsende:<\/strong><br \/>\n31.08.2022<\/p>\n<p><strong>Ausschreibungsschluss:<\/strong><br \/>\n30.09.2018<\/p>\n<p><strong>Stellenbezeichnung:<\/strong><br \/>\nAusbildung zur\/ zum Fachinformatiker\/-in Systemintegration (2019)<\/p>\n<p><strong>Besch\u00e4ftigungsort:<\/strong><br \/>\nHamburg<\/p>\n<p><strong>Verdienst:<\/strong><br \/>\nDas Ausbildungsentgelt richtet sich nach dem Tarifvertrag f\u00fcr Auszubildende des \u00f6ffentlichen Dienstes (TVA\u00f6D) in der jeweils g\u00fcltigen Fassung.<\/p>\n<p>Das Ausbildungsentgelt betr\u00e4gt nach derzeitigem Stand:<\/p>\n<p>Ausbildungsjahr\u00a0\u00a0\u00a0\u00a0\u00a0\u00a0\u00a0\u00a0\u00a0 918,26 \u20ac<br \/>\nAusbildungsjahr\u00a0\u00a0\u00a0\u00a0\u00a0\u00a0\u00a0\u00a0\u00a0 968,20 \u20ac<br \/>\nAusbildungsjahr\u00a0\u00a0\u00a0\u00a0\u00a0\u00a0\u00a0 1014,02 \u20ac<\/p>\n<h2>Unternehmen<\/h2>\n<p>Die Bundeswehr ist einer der gr\u00f6\u00dften Arbeitgeber Deutschlands und mit ihren zivilen und milit\u00e4rischen Mitarbeiterinnen und Mitarbeitern deutschlandweit in vielen Gemeinden stationiert. Dieses weite Aufgabenfeld und die r\u00e4umliche N\u00e4he erm\u00f6glichen es der Bundeswehr, Sie in den verschiedensten Berufsfeldern auszubilden und einzusetzen. Die Bundeswehr bietet abwechslungsreiche und interessante Berufe sowie aussichtsreiche Karrieren.<\/p>\n<h2>Stellenbeschreibung<\/h2>\n<p>Fachinformatiker\/-innen der Fachrichtung Systemintegration planen und konfigurieren <abbr title=\"Informationstechnologie\">IT<\/abbr>-Systeme. Als Dienstleister richten sie diese Systeme entsprechend den Kundenanforderungen ein und betreiben <abbr title=\"beziehungsweise\">bzw.<\/abbr> verwalten sie. Dazu geh\u00f6rt auch, dass sie bei auftretenden St\u00f6rungen die Fehler systematisch und unter Einsatz von Experten- und Diagnosesystemen eingrenzen und beheben. Sie beraten bei Auswahl und Einsatz der Ger\u00e4te, l\u00f6sen Anwendungs- und Systemprobleme und erstellen Systemdokumentationen.<\/p>\n<h2>Qualifikationserfordernisse<\/h2>\n<p>Wir erwarten von Ihnen einen mindestens befriedigenden qualifizierten Abschluss der Mittelschule (oder einen vergleichbaren Abschluss), gute bis befriedigende Leistungen in den Hauptf\u00e4chern Deutsch und Mathematik und je nach Ausbildungsberuf auch in den naturwissenschaftlichen F\u00e4chern (<abbr title=\"zum Beispiel\">z.B.<\/abbr> Physik, Chemie, Biologie)<\/p>\n<h2>Bemerkungen<\/h2>\n<p>Bei der Auswahl der Bewerberinnen und Bewerber wird Wert auf die fachliche, pers\u00f6nliche und charakterliche Eignung gelegt. Neben Interesse und Eignung f\u00fcr den gew\u00e4hlten Beruf sollten Sie Lernbereitschaft, Engagement und Konzentrationsf\u00e4higkeit mitbringen. Ebenso sind Teamgeist, Zuverl\u00e4ssigkeit und Verantwortungsbewusstsein Voraussetzung f\u00fcr eine vertrauensvolle Zusammenarbeit.<\/p>\n<p>Bewerbungen von Frauen sind ausdr\u00fccklich erw\u00fcnscht. Frauen werden bei gleicher Eignung, Bef\u00e4higung und fachlicher Leistung in Bereichen, in denen sie unterrepr\u00e4sentiert sind, bevorzugt ber\u00fccksichtigt, sofern nicht in der Person eines Mitbewerbers liegende Gr\u00fcnde \u00fcberwiegen.<\/p>\n<p>Die Bewerbung behinderter Menschen ist ausdr\u00fccklich erw\u00fcnscht. Schwerbehinderte Menschen und ihnen Gleichgestellte werden bei gleicher Eignung bevorzugt ber\u00fccksichtigt. Von ihnen wird nur ein Mindestma\u00df an k\u00f6rperlicher Eignung verlangt. Individuelle behinderungsspezifische Einschr\u00e4nkungen verhindern eine bevorzugte Ber\u00fccksichtigung nur bei zwingend n\u00f6tigen F\u00e4higkeitsmustern f\u00fcr den zu besetzenden Dienstposten.<\/p>\n<p>Sie interessieren sich f\u00fcr eine Ausbildung bei uns? Dann bewerben Sie sich bitte nach einer einmaligen Registrierung online auf unserer Bewerbungsplattform.<\/p>\n<p>F\u00fcr eine vollst\u00e4ndige Bewerbung ben\u00f6tigen wir folgende Unterlagen als Upload im Kandidatenprofil:<\/p>\n<ul>\n<li>ein formloses Bewerbungsschreiben<\/li>\n<li>einen tabellarischen Lebenslauf<\/li>\n<li>eine Kopie des letzten Schulzeugnisses<\/li>\n<li>eine Einverst\u00e4ndniserkl\u00e4rung des Sorgeberechtigten, falls Sie noch nicht vollj\u00e4hrig sind<\/li>\n<\/ul>\n<p>sofern vorhanden:<\/p>\n<ul>\n<li>Kopien von Praktikumszeugnissen<\/li>\n<li>Kopien weiterer Zeugnisse \u00fcber T\u00e4tigkeiten seit der Schulentlassung<\/li>\n<li>eine Kopie des Schwerbehindertenausweises oder des Bescheides \u00fcber die Gleichstellung als schwerbehinderter Mensch<\/li>\n<\/ul>\n<h2>Ansprechpersonen<\/h2>\n<p>Helmut-Schmidt-Universit\u00e4t\/Universit\u00e4t der Bundeswehr Hamburg<\/p>\n<p>Dezernat Personalangelegenheiten<\/p>\n<p>Holstenhofweg 85<\/p>\n<p>22043 Hamburg<\/p>\n<p>Tel: 040 \/6541-2246 oder -2273<\/p>\n<p>&nbsp;<\/p>\n<p>Bitte nutzen Sie f\u00fcr Ihre Bewerbung ausschlie\u00dflich folgendes Bewerbungsportal:<\/p>\n<p><a href=\"http:\/\/bewerbung.bundeswehr-karriere.de\" rel='nofollow'>bewerbung.bundeswehr-karriere.de<\/a><\/p>\n<div class=\"col-xs-12 downloads-item\">\n<div class=\"row border-line\">\n<div class=\"thumbnail-area\"><img decoding=\"async\" class=\"download-image\" src=\"\/wp-content\/themes\/hsu\/img\/dummy\/downloads_dummy.png\" alt=\"\" \/><\/div>\n<div class=\"text-area\"><span class=\"download-text\">Fachinformatiker\/-in Systemintegration.pdf<\/span><\/div>\n<div class=\"download-area\"><a class=\"download-link\" href=\"https:\/\/www.hsu-hh.de\/karriere\/wp-content\/uploads\/sites\/658\/2018\/06\/Fachinformatiker-in-Systemintegration.pdf\"><span class=\"download-name\">pdf laden<\/span><span class=\"donwload-icon\"><img decoding=\"async\" class=\"download-icon\" src=\"\/wp-content\/themes\/hsu\/img\/icons\/download_icon.png\" alt=\"download icon\" \/><\/span><span class=\"download-size\">20 KB<\/span><\/a><\/div>\n<\/div>\n<\/div>\n","protected":false},"excerpt":{"rendered":"<p>\u00dcberblick Referenzcode: B9101Y-2018-00003659-E Ausbildungsbeginn: 01.09.2019 Ausbildungsende: 31.08.2022 Ausschreibungsschluss: 30.09.2018 Stellenbezeichnung: Ausbildung zur\/ zum Fachinformatiker\/-in Systemintegration (2019) Besch\u00e4ftigungsort: Hamburg Verdienst: Das Ausbildungsentgelt richtet sich nach dem Tarifvertrag f\u00fcr Auszubildende des \u00f6ffentlichen [&hellip;]<\/p>\n","protected":false},"author":571,"featured_media":0,"parent":471,"menu_order":0,"comment_status":"closed","ping_status":"closed","template":"","meta":{"footnotes":""},"categories":[],"tags":[],"class_list":["post-954","page","type-page","status-publish","hentry"],"_links":{"self":[{"href":"https:\/\/www.hsu-hh.de\/karriere\/wp-json\/wp\/v2\/pages\/954","targetHints":{"allow":["GET"]}}],"collection":[{"href":"https:\/\/www.hsu-hh.de\/karriere\/wp-json\/wp\/v2\/pages"}],"about":[{"href":"https:\/\/www.hsu-hh.de\/karriere\/wp-json\/wp\/v2\/types\/page"}],"author":[{"embeddable":true,"href":"https:\/\/www.hsu-hh.de\/karriere\/wp-json\/wp\/v2\/users\/571"}],"replies":[{"embeddable":true,"href":"https:\/\/www.hsu-hh.de\/karriere\/wp-json\/wp\/v2\/comments?post=954"}],"version-history":[{"count":12,"href":"https:\/\/www.hsu-hh.de\/karriere\/wp-json\/wp\/v2\/pages\/954\/revisions"}],"predecessor-version":[{"id":1020,"href":"https:\/\/www.hsu-hh.de\/karriere\/wp-json\/wp\/v2\/pages\/954\/revisions\/1020"}],"up":[{"embeddable":true,"href":"https:\/\/www.hsu-hh.de\/karriere\/wp-json\/wp\/v2\/pages\/471"}],"wp:attachment":[{"href":"https:\/\/www.hsu-hh.de\/karriere\/wp-json\/wp\/v2\/media?parent=954"}],"wp:term":[{"taxonomy":"category","embeddable":true,"href":"https:\/\/www.hsu-hh.de\/karriere\/wp-json\/wp\/v2\/categories?post=954"},{"taxonomy":"post_tag","embeddable":true,"href":"https:\/\/www.hsu-hh.de\/karriere\/wp-json\/wp\/v2\/tags?post=954"}],"curies":[{"name":"wp","href":"https:\/\/api.w.org\/{rel}","templated":true}]}}