{"id":4179,"date":"2022-03-18T14:14:28","date_gmt":"2022-03-18T13:14:28","guid":{"rendered":"https:\/\/www.hsu-hh.de\/karriere\/?page_id=4179"},"modified":"2025-03-27T14:16:25","modified_gmt":"2025-03-27T13:16:25","slug":"neuberufene-2022","status":"publish","type":"page","link":"https:\/\/www.hsu-hh.de\/karriere\/berufungsverfahren\/neuberufene\/neuberufene-2022","title":{"rendered":"Aktuell"},"content":{"rendered":"\n<p>Hier stellen wir Ihnen die aktuell Neuberufenen der Helmut-Schmidt-Universit\u00e4t\/Universit\u00e4t der Bundeswehr Hamburg (<abbr title=\"Helmut Schmidt Universit\u00e4t\">HSU<\/abbr>\/UniBw H) vor. Durch Klicken auf den jeweiligen Namen gelangen Sie zur entsprechenden Detailseite und erhalten ausf\u00fchrliche Informationen zur Person. M\u00f6chten Sie ausf\u00fchrliche Informationen zu der jeweiligen Professur und den Forschungsschwerpunkten erhalten, m\u00fcssen Sie die Professur der Neuberufenen <abbr title=\"beziehungsweise\">bzw.<\/abbr> des Neuberufenen anklicken.<\/p>\n\n\n\n<p>Wir freuen uns, unsere neuen Professorinnen und Professoren begr\u00fc\u00dfen zu d\u00fcrfen und w\u00fcnschen einen guten Start an der <abbr title=\"Helmut Schmidt Universit\u00e4t\">HSU<\/abbr>\/UniBw H!<\/p>\n\n\n\n<hr class=\"wp-block-separator has-css-opacity\" \/>\n\n\n\n<div class=\"wp-block-columns is-layout-flex wp-container-core-columns-is-layout-9d6595d7 wp-block-columns-is-layout-flex\">\n<div class=\"wp-block-column background-grey is-layout-flow wp-block-column-is-layout-flow\">\n<figure class=\"wp-block-image size-full\"><img loading=\"lazy\" decoding=\"async\" width=\"1024\" height=\"683\" src=\"https:\/\/www.hsu-hh.de\/karriere\/wp-content\/uploads\/sites\/658\/2024\/04\/Veit_Sylvia_9332_1024x683.jpg\" data-credit=\"HSU\" alt=\"\" class=\"wp-image-6475\" srcset=\"https:\/\/www.hsu-hh.de\/karriere\/wp-content\/uploads\/sites\/658\/2024\/04\/Veit_Sylvia_9332_1024x683.jpg 1024w, https:\/\/www.hsu-hh.de\/karriere\/wp-content\/uploads\/sites\/658\/2024\/04\/Veit_Sylvia_9332_1024x683-300x200.jpg 300w, https:\/\/www.hsu-hh.de\/karriere\/wp-content\/uploads\/sites\/658\/2024\/04\/Veit_Sylvia_9332_1024x683-768x512.jpg 768w\" sizes=\"auto, (max-width: 1024px) 100vw, 1024px\" \/><\/figure>\n\n\n\n<p class=\"has-text-align-center\"><a href=\"https:\/\/www.hsu-hh.de\/padigi\/team-2\/sylvia-veit-prof-dr-pol\/\">Professorin Sylvia Veit<\/a><\/p>\n\n\n\n<p><a href=\"https:\/\/www.hsu-hh.de\/padigi\/\">Verwaltungswissenschaft, insbesondere Digital Government<\/a><\/p>\n\n\n\n<p>Wirtschafts- und Sozialwissenschaften<\/p>\n\n\n\n<p>Seit: 01.04.2024<\/p>\n<\/div>\n\n\n\n<div class=\"wp-block-column background-grey is-layout-flow wp-block-column-is-layout-flow\">\n<figure class=\"wp-block-image size-full\"><img loading=\"lazy\" decoding=\"async\" width=\"1024\" height=\"683\" src=\"https:\/\/www.hsu-hh.de\/karriere\/wp-content\/uploads\/sites\/658\/2024\/04\/Heimstaedt_Maximilian_9340_1024x683-003.jpg\" data-credit=\"HSU\" alt=\"\" class=\"wp-image-6473\" srcset=\"https:\/\/www.hsu-hh.de\/karriere\/wp-content\/uploads\/sites\/658\/2024\/04\/Heimstaedt_Maximilian_9340_1024x683-003.jpg 1024w, https:\/\/www.hsu-hh.de\/karriere\/wp-content\/uploads\/sites\/658\/2024\/04\/Heimstaedt_Maximilian_9340_1024x683-003-300x200.jpg 300w, https:\/\/www.hsu-hh.de\/karriere\/wp-content\/uploads\/sites\/658\/2024\/04\/Heimstaedt_Maximilian_9340_1024x683-003-768x512.jpg 768w\" sizes=\"auto, (max-width: 1024px) 100vw, 1024px\" \/><\/figure>\n\n\n\n<p class=\"has-text-align-center\"><a href=\"https:\/\/www.hsu-hh.de\/digigov\/maximilian-heimstaedt\/\">Professor Maximilian Heimst\u00e4dt<\/a><\/p>\n\n\n\n<p class=\"has-text-align-left\"><a href=\"https:\/\/www.hsu-hh.de\/digigov\/\">Betriebswirtschaftslehre, insbesondere Digital Governance &amp; Service Design<\/a><\/p>\n\n\n\n<p class=\"has-text-align-left\">Wirtschafts- und Sozialwissenschaften<\/p>\n\n\n\n<p>Seit: 01.04.2024<\/p>\n<\/div>\n<\/div>\n\n\n\n<div class=\"wp-block-columns is-layout-flex wp-container-core-columns-is-layout-9d6595d7 wp-block-columns-is-layout-flex\">\n<div class=\"wp-block-column background-grey is-layout-flow wp-block-column-is-layout-flow\">\n<figure class=\"wp-block-image size-full\"><img loading=\"lazy\" decoding=\"async\" width=\"1024\" height=\"683\" src=\"https:\/\/www.hsu-hh.de\/karriere\/wp-content\/uploads\/sites\/658\/2024\/04\/Kumlehn_Frank_9454_1024x683.jpg\" data-credit=\"HSU\" alt=\"\" class=\"wp-image-6474\" srcset=\"https:\/\/www.hsu-hh.de\/karriere\/wp-content\/uploads\/sites\/658\/2024\/04\/Kumlehn_Frank_9454_1024x683.jpg 1024w, https:\/\/www.hsu-hh.de\/karriere\/wp-content\/uploads\/sites\/658\/2024\/04\/Kumlehn_Frank_9454_1024x683-300x200.jpg 300w, https:\/\/www.hsu-hh.de\/karriere\/wp-content\/uploads\/sites\/658\/2024\/04\/Kumlehn_Frank_9454_1024x683-768x512.jpg 768w\" sizes=\"auto, (max-width: 1024px) 100vw, 1024px\" \/><\/figure>\n\n\n\n<p class=\"has-text-align-center\"><a href=\"https:\/\/www.hsu-hh.de\/baubetrieb\/mitarbeiter\/\">Professor Frank Kumlehn<\/a> <\/p>\n\n\n\n<p><a href=\"https:\/\/www.hsu-hh.de\/baubetrieb\/\">Baubetrieb und Baumanagement von Gro\u00dfprojekten<\/a><\/p>\n\n\n\n<p>Maschinenbau und Bauingenieurwesen<\/p>\n\n\n\n<p>Seit 01.04.2024<\/p>\n<\/div>\n\n\n\n<div class=\"wp-block-column has-grey-background-color has-background is-layout-flow wp-block-column-is-layout-flow\">\n<p><\/p>\n\n\n\n<p><\/p>\n\n\n<div class=\"wp-block-image\">\n<figure class=\"aligncenter size-large\"><img loading=\"lazy\" decoding=\"async\" width=\"1024\" height=\"576\" src=\"https:\/\/www.hsu-hh.de\/karriere\/wp-content\/uploads\/sites\/658\/2024\/09\/20240912_Prof_Stephen_Matthew_Portrait_CG_02-1024x576.jpg\" data-credit=\"HSU\/Christian Gelhausen\" alt=\"\" class=\"wp-image-6843\" srcset=\"https:\/\/www.hsu-hh.de\/karriere\/wp-content\/uploads\/sites\/658\/2024\/09\/20240912_Prof_Stephen_Matthew_Portrait_CG_02-1024x576.jpg 1024w, https:\/\/www.hsu-hh.de\/karriere\/wp-content\/uploads\/sites\/658\/2024\/09\/20240912_Prof_Stephen_Matthew_Portrait_CG_02-300x169.jpg 300w, https:\/\/www.hsu-hh.de\/karriere\/wp-content\/uploads\/sites\/658\/2024\/09\/20240912_Prof_Stephen_Matthew_Portrait_CG_02-768x432.jpg 768w, https:\/\/www.hsu-hh.de\/karriere\/wp-content\/uploads\/sites\/658\/2024\/09\/20240912_Prof_Stephen_Matthew_Portrait_CG_02-1536x864.jpg 1536w, https:\/\/www.hsu-hh.de\/karriere\/wp-content\/uploads\/sites\/658\/2024\/09\/20240912_Prof_Stephen_Matthew_Portrait_CG_02-2048x1152.jpg 2048w, https:\/\/www.hsu-hh.de\/karriere\/wp-content\/uploads\/sites\/658\/2024\/09\/20240912_Prof_Stephen_Matthew_Portrait_CG_02-1100x619.jpg 1100w\" sizes=\"auto, (max-width: 1024px) 100vw, 1024px\" \/><\/figure>\n<\/div>\n\n\n<p class=\"has-text-align-center\"><a href=\"https:\/\/www.hsu-hh.de\/polipo\/\">Professor Matthew D. Stephen<\/a><\/p>\n\n\n\n<p><a href=\"https:\/\/www.hsu-hh.de\/polipo\/\">Politikwissenschaft, mit dem Schwerpunkt Internationale Politische \u00d6konomie<\/a><\/p>\n\n\n\n<p>Wirtschafts- und Sozialwissenschaften<\/p>\n\n\n\n<p>Seit 01.05.2024<\/p>\n<\/div>\n<\/div>\n\n\n\n<div class=\"wp-block-columns is-layout-flex wp-container-core-columns-is-layout-9d6595d7 wp-block-columns-is-layout-flex\">\n<div class=\"wp-block-column background-grey is-layout-flow wp-block-column-is-layout-flow\"><div class=\"wp-block-image\">\n<figure class=\"aligncenter size-full\"><img loading=\"lazy\" decoding=\"async\" width=\"2560\" height=\"1707\" src=\"https:\/\/www.hsu-hh.de\/karriere\/wp-content\/uploads\/sites\/658\/2024\/07\/20240610_HSU_Prof_Afflerbach_Sandra_Portrait_CG_001-scaled.jpg\" data-credit=\"HSU Bw\/Christian Gelhausen\" alt=\"\" class=\"wp-image-6672\" srcset=\"https:\/\/www.hsu-hh.de\/karriere\/wp-content\/uploads\/sites\/658\/2024\/07\/20240610_HSU_Prof_Afflerbach_Sandra_Portrait_CG_001-scaled.jpg 2560w, https:\/\/www.hsu-hh.de\/karriere\/wp-content\/uploads\/sites\/658\/2024\/07\/20240610_HSU_Prof_Afflerbach_Sandra_Portrait_CG_001-300x200.jpg 300w, https:\/\/www.hsu-hh.de\/karriere\/wp-content\/uploads\/sites\/658\/2024\/07\/20240610_HSU_Prof_Afflerbach_Sandra_Portrait_CG_001-1024x683.jpg 1024w, https:\/\/www.hsu-hh.de\/karriere\/wp-content\/uploads\/sites\/658\/2024\/07\/20240610_HSU_Prof_Afflerbach_Sandra_Portrait_CG_001-768x512.jpg 768w, https:\/\/www.hsu-hh.de\/karriere\/wp-content\/uploads\/sites\/658\/2024\/07\/20240610_HSU_Prof_Afflerbach_Sandra_Portrait_CG_001-1536x1024.jpg 1536w, https:\/\/www.hsu-hh.de\/karriere\/wp-content\/uploads\/sites\/658\/2024\/07\/20240610_HSU_Prof_Afflerbach_Sandra_Portrait_CG_001-2048x1365.jpg 2048w, https:\/\/www.hsu-hh.de\/karriere\/wp-content\/uploads\/sites\/658\/2024\/07\/20240610_HSU_Prof_Afflerbach_Sandra_Portrait_CG_001-1100x733.jpg 1100w\" sizes=\"auto, (max-width: 2560px) 100vw, 2560px\" \/><\/figure>\n<\/div>\n\n\n<p class=\"has-text-align-center\"><a href=\"https:\/\/www.hsu-hh.de\/separations\/team\">Professorin Sandra Afflerbach<\/a><\/p>\n\n\n\n<p><a href=\"https:\/\/www.hsu-hh.de\/separations\/\">Energieverfahrenstechnik<\/a><\/p>\n\n\n\n<p>Maschinenbau und Bauingenieurwesen<\/p>\n\n\n\n<p>Seit 01.06.2024<\/p>\n<\/div>\n\n\n\n<div class=\"wp-block-column has-grey-background-color has-background is-layout-flow wp-block-column-is-layout-flow\">\n<div style=\"height:43px\" aria-hidden=\"true\" class=\"wp-block-spacer\"><\/div>\n\n\n\n<figure class=\"wp-block-image size-large\"><img loading=\"lazy\" decoding=\"async\" width=\"1024\" height=\"576\" src=\"https:\/\/www.hsu-hh.de\/karriere\/wp-content\/uploads\/sites\/658\/2025\/03\/20241126_HSU_Prof_Welker_Kathrin_CG003-1024x576.jpg\" data-credit=\"Christian Gelhausen\/HSU UniBw H\" alt=\"\" class=\"wp-image-7291\" srcset=\"https:\/\/www.hsu-hh.de\/karriere\/wp-content\/uploads\/sites\/658\/2025\/03\/20241126_HSU_Prof_Welker_Kathrin_CG003-1024x576.jpg 1024w, https:\/\/www.hsu-hh.de\/karriere\/wp-content\/uploads\/sites\/658\/2025\/03\/20241126_HSU_Prof_Welker_Kathrin_CG003-300x169.jpg 300w, https:\/\/www.hsu-hh.de\/karriere\/wp-content\/uploads\/sites\/658\/2025\/03\/20241126_HSU_Prof_Welker_Kathrin_CG003-768x432.jpg 768w, https:\/\/www.hsu-hh.de\/karriere\/wp-content\/uploads\/sites\/658\/2025\/03\/20241126_HSU_Prof_Welker_Kathrin_CG003-1536x864.jpg 1536w, https:\/\/www.hsu-hh.de\/karriere\/wp-content\/uploads\/sites\/658\/2025\/03\/20241126_HSU_Prof_Welker_Kathrin_CG003-2048x1152.jpg 2048w, https:\/\/www.hsu-hh.de\/karriere\/wp-content\/uploads\/sites\/658\/2025\/03\/20241126_HSU_Prof_Welker_Kathrin_CG003-1100x619.jpg 1100w\" sizes=\"auto, (max-width: 1024px) 100vw, 1024px\" \/><\/figure>\n\n\n\n<p class=\"has-text-align-center\"><a href=\"https:\/\/www.hsu-hh.de\/mathematik\/team\/#leitung\">Professorin Kathrin Welker<\/a><\/p>\n\n\n\n<p><a href=\"https:\/\/www.hsu-hh.de\/mathematik\/\">Mathematik im Bauingenieurwesen<\/a><\/p>\n\n\n\n<p>Maschinenbau und Bauingenieurwesen<\/p>\n\n\n\n<p>Seit 01.08.2024<\/p>\n<\/div>\n<\/div>\n\n\n\n<div class=\"wp-block-columns is-layout-flex wp-container-core-columns-is-layout-9d6595d7 wp-block-columns-is-layout-flex\">\n<div class=\"wp-block-column is-layout-flow wp-block-column-is-layout-flow\">\n<p><\/p>\n\n\n\n<figure class=\"wp-block-image size-large\"><img loading=\"lazy\" decoding=\"async\" width=\"1024\" height=\"615\" src=\"https:\/\/www.hsu-hh.de\/karriere\/wp-content\/uploads\/sites\/658\/2024\/09\/20240920_HSU_Prof_Buettner_Ricardo_Portrait_Gelhausen_003_klein-1024x615.jpg\" data-credit=\"HSU\/Christian Gelhausen\" alt=\"\" class=\"wp-image-6880\" srcset=\"https:\/\/www.hsu-hh.de\/karriere\/wp-content\/uploads\/sites\/658\/2024\/09\/20240920_HSU_Prof_Buettner_Ricardo_Portrait_Gelhausen_003_klein-1024x615.jpg 1024w, https:\/\/www.hsu-hh.de\/karriere\/wp-content\/uploads\/sites\/658\/2024\/09\/20240920_HSU_Prof_Buettner_Ricardo_Portrait_Gelhausen_003_klein-300x180.jpg 300w, https:\/\/www.hsu-hh.de\/karriere\/wp-content\/uploads\/sites\/658\/2024\/09\/20240920_HSU_Prof_Buettner_Ricardo_Portrait_Gelhausen_003_klein-768x461.jpg 768w, https:\/\/www.hsu-hh.de\/karriere\/wp-content\/uploads\/sites\/658\/2024\/09\/20240920_HSU_Prof_Buettner_Ricardo_Portrait_Gelhausen_003_klein-1536x923.jpg 1536w, https:\/\/www.hsu-hh.de\/karriere\/wp-content\/uploads\/sites\/658\/2024\/09\/20240920_HSU_Prof_Buettner_Ricardo_Portrait_Gelhausen_003_klein-2048x1230.jpg 2048w, https:\/\/www.hsu-hh.de\/karriere\/wp-content\/uploads\/sites\/658\/2024\/09\/20240920_HSU_Prof_Buettner_Ricardo_Portrait_Gelhausen_003_klein-1100x661.jpg 1100w\" sizes=\"auto, (max-width: 1024px) 100vw, 1024px\" \/><\/figure>\n\n\n\n<p class=\"has-text-align-center\"><a href=\"https:\/\/www.hsu-hh.de\/ai\/mitarbeiter\/\">Professor Ricardo B\u00fcttner<\/a><\/p>\n\n\n\n<p><a href=\"https:\/\/www.hsu-hh.de\/ai\/\">Hybrid Intelligence<\/a><\/p>\n\n\n\n<p>Wirtschafts- und Sozialwissenschaften<\/p>\n\n\n\n<p>Seit 01.09.2024<\/p>\n<\/div>\n\n\n\n<div class=\"wp-block-column is-layout-flow wp-block-column-is-layout-flow\"><\/div>\n<\/div>\n\n\n\n<div class=\"wp-block-columns is-layout-flex wp-container-core-columns-is-layout-9d6595d7 wp-block-columns-is-layout-flex\">\n<div class=\"wp-block-column is-layout-flow wp-block-column-is-layout-flow\"><\/div>\n\n\n\n<div class=\"wp-block-column is-layout-flow wp-block-column-is-layout-flow\"><\/div>\n<\/div>\n","protected":false},"excerpt":{"rendered":"<p>Hier stellen wir Ihnen die aktuell Neuberufenen der Helmut-Schmidt-Universit\u00e4t\/Universit\u00e4t der Bundeswehr Hamburg (HSU\/UniBw H) vor. Durch Klicken auf den jeweiligen Namen gelangen Sie zur entsprechenden Detailseite und erhalten ausf\u00fchrliche Informationen [&hellip;]<\/p>\n","protected":false},"author":2945,"featured_media":0,"parent":1943,"menu_order":0,"comment_status":"closed","ping_status":"closed","template":"","meta":{"footnotes":""},"categories":[62],"tags":[],"class_list":["post-4179","page","type-page","status-publish","hentry","category-berufungsverfahren"],"_links":{"self":[{"href":"https:\/\/www.hsu-hh.de\/karriere\/wp-json\/wp\/v2\/pages\/4179","targetHints":{"allow":["GET"]}}],"collection":[{"href":"https:\/\/www.hsu-hh.de\/karriere\/wp-json\/wp\/v2\/pages"}],"about":[{"href":"https:\/\/www.hsu-hh.de\/karriere\/wp-json\/wp\/v2\/types\/page"}],"author":[{"embeddable":true,"href":"https:\/\/www.hsu-hh.de\/karriere\/wp-json\/wp\/v2\/users\/2945"}],"replies":[{"embeddable":true,"href":"https:\/\/www.hsu-hh.de\/karriere\/wp-json\/wp\/v2\/comments?post=4179"}],"version-history":[{"count":132,"href":"https:\/\/www.hsu-hh.de\/karriere\/wp-json\/wp\/v2\/pages\/4179\/revisions"}],"predecessor-version":[{"id":7349,"href":"https:\/\/www.hsu-hh.de\/karriere\/wp-json\/wp\/v2\/pages\/4179\/revisions\/7349"}],"up":[{"embeddable":true,"href":"https:\/\/www.hsu-hh.de\/karriere\/wp-json\/wp\/v2\/pages\/1943"}],"wp:attachment":[{"href":"https:\/\/www.hsu-hh.de\/karriere\/wp-json\/wp\/v2\/media?parent=4179"}],"wp:term":[{"taxonomy":"category","embeddable":true,"href":"https:\/\/www.hsu-hh.de\/karriere\/wp-json\/wp\/v2\/categories?post=4179"},{"taxonomy":"post_tag","embeddable":true,"href":"https:\/\/www.hsu-hh.de\/karriere\/wp-json\/wp\/v2\/tags?post=4179"}],"curies":[{"name":"wp","href":"https:\/\/api.w.org\/{rel}","templated":true}]}}