{"id":1937,"date":"2020-03-02T13:18:34","date_gmt":"2020-03-02T12:18:34","guid":{"rendered":"https:\/\/www.hsu-hh.de\/karriere\/?page_id=1937"},"modified":"2026-01-29T13:01:15","modified_gmt":"2026-01-29T12:01:15","slug":"aktive-rekrutierung","status":"publish","type":"page","link":"https:\/\/www.hsu-hh.de\/karriere\/berufungsverfahren\/aktive-rekrutierung","title":{"rendered":"Das Professorinnenprogramm der HSU\/UniBw H"},"content":{"rendered":"\n<figure class=\"wp-block-image size-large\"><img loading=\"lazy\" decoding=\"async\" width=\"1024\" height=\"399\" src=\"https:\/\/www.hsu-hh.de\/karriere\/wp-content\/uploads\/sites\/658\/2021\/01\/pexels-picjumbocom-461077-scaled-e1611827628116-1024x399.jpg\" data-credit=\"Pexels\" alt=\"Aktive Rekrutierung\" class=\"wp-image-2682\" srcset=\"https:\/\/www.hsu-hh.de\/karriere\/wp-content\/uploads\/sites\/658\/2021\/01\/pexels-picjumbocom-461077-scaled-e1611827628116-1024x399.jpg 1024w, https:\/\/www.hsu-hh.de\/karriere\/wp-content\/uploads\/sites\/658\/2021\/01\/pexels-picjumbocom-461077-scaled-e1611827628116-300x117.jpg 300w, https:\/\/www.hsu-hh.de\/karriere\/wp-content\/uploads\/sites\/658\/2021\/01\/pexels-picjumbocom-461077-scaled-e1611827628116-768x299.jpg 768w, https:\/\/www.hsu-hh.de\/karriere\/wp-content\/uploads\/sites\/658\/2021\/01\/pexels-picjumbocom-461077-scaled-e1611827628116-1536x599.jpg 1536w, https:\/\/www.hsu-hh.de\/karriere\/wp-content\/uploads\/sites\/658\/2021\/01\/pexels-picjumbocom-461077-scaled-e1611827628116-2048x798.jpg 2048w, https:\/\/www.hsu-hh.de\/karriere\/wp-content\/uploads\/sites\/658\/2021\/01\/pexels-picjumbocom-461077-scaled-e1611827628116-1100x429.jpg 1100w\" sizes=\"auto, (max-width: 1024px) 100vw, 1024px\" \/><\/figure>\n\n\n\n<p>Frauen sind im MINT-Bereich in Studium, Forschung und insbesondere in leitenden akademischen Positionen teils stark unterrepr\u00e4sentiert. <\/p>\n\n\n\n<p>Um f\u00fcr exzellente Wissenschaftlerinnen und Forscherinnen attraktiv zu sein und Barrieren abzumildern, setzt die <abbr title=\"Helmut Schmidt Universit\u00e4t\">HSU<\/abbr>\/UniBw H auf ein eigenes Professorinnenprogramm. Dieses richtet sich an erstberufene Professorinnen im MINT-Bereich und bietet in den ersten zwei Jahren nach Berufung finanzielle Unterst\u00fctzungsleistungen, die in der Berufungsverhandlung nicht zus\u00e4tzlich verhandelt werden m\u00fcssen. Die F\u00f6rderung umfasst ein Coaching, die M\u00f6glichkeit der Teilnahme an einer hochwertigen Fachtagung und die Anschubfinanzierung einer zus\u00e4tzlichen weiblich besetzten Stelle inklusive Qualifizierungsma\u00dfnahmen f\u00fcr diese wissenschaftliche Mitarbeiterin. <\/p>\n\n\n\n<p>Mit dem Programm will die Universit\u00e4t zur Gleichstellung in der Wissenschaft beitragen und ein Signal f\u00fcr exzellente, vielf\u00e4ltige akademische Karrieren setzen.<\/p>\n\n\n\n<hr class=\"wp-block-separator has-alpha-channel-opacity\" \/>\n\n\n\n<h2 class=\"wp-block-heading\">Aktive Rekrutierung von Wisssenschaftlerinnen<\/h2>\n\n\n\n<p>Die <abbr title=\"Helmut Schmidt Universit\u00e4t\">HSU<\/abbr>\/<abbr title=\"Universit\u00e4t der Bundeswehr Hamburg\">UniBwH<\/abbr> hat das Ziel, die Anzahl der Wissenschaftlerinnen bei Unterrepr\u00e4sentanz insbesondere im Rahmen der Besetzung von Professuren signifikant zu erh\u00f6hen. Die \u201eAktive Rekrutierung\u201c ist f\u00fcr das Erreichen dieses Ziels ein wichtiges Instrument. Mit dem Instrument der \u201eAktiven Rekrutierung\u201c von Wissenschaftlerinnen ist die gezielte Recherche nach und die Ansprache von ausgewiesenen Bewerberinnen f\u00fcr eine Professur oder Juniorprofessur im Rahmen eines Berufungsverfahrens gemeint. Hierbei soll eine m\u00f6glichst gro\u00dfe Zahl potenzieller Bewerberinnen f\u00fcr eine ausgeschriebene Professur ermittelt werden und aus diesem Kandidatinnenkreis die f\u00fcr die jeweilige Position qualifiziertesten Wissenschaftlerinnen kontaktiert und zur Bewerbung aufgefordert werden.<\/p>\n\n\n\n<p>F\u00fcr die Suche nach potenziellen Bewerberinnen kann in verschiedenen fach\u00fcbergreifenden und fachspezifischen Datenbanken recherchiert werden. <\/p>\n\n\n\n<div class=\"wp-block-columns is-layout-flex wp-container-core-columns-is-layout-9d6595d7 wp-block-columns-is-layout-flex\">\n<div class=\"wp-block-column is-layout-flow wp-block-column-is-layout-flow\"><\/div>\n\n\n\n<div class=\"wp-block-column is-layout-flow wp-block-column-is-layout-flow\"><\/div>\n<\/div>\n\n\n\n<h3 class=\"wp-block-heading\"><\/h3>\n\n\n\n<p><\/p>\n","protected":false},"excerpt":{"rendered":"<p>Frauen sind im MINT-Bereich in Studium, Forschung und insbesondere in leitenden akademischen Positionen teils stark unterrepr\u00e4sentiert. Um f\u00fcr exzellente Wissenschaftlerinnen und Forscherinnen attraktiv zu sein und Barrieren abzumildern, setzt die [&hellip;]<\/p>\n","protected":false},"author":18,"featured_media":0,"parent":1932,"menu_order":0,"comment_status":"closed","ping_status":"closed","template":"","meta":{"footnotes":""},"categories":[62],"tags":[],"class_list":["post-1937","page","type-page","status-publish","hentry","category-berufungsverfahren"],"_links":{"self":[{"href":"https:\/\/www.hsu-hh.de\/karriere\/wp-json\/wp\/v2\/pages\/1937","targetHints":{"allow":["GET"]}}],"collection":[{"href":"https:\/\/www.hsu-hh.de\/karriere\/wp-json\/wp\/v2\/pages"}],"about":[{"href":"https:\/\/www.hsu-hh.de\/karriere\/wp-json\/wp\/v2\/types\/page"}],"author":[{"embeddable":true,"href":"https:\/\/www.hsu-hh.de\/karriere\/wp-json\/wp\/v2\/users\/18"}],"replies":[{"embeddable":true,"href":"https:\/\/www.hsu-hh.de\/karriere\/wp-json\/wp\/v2\/comments?post=1937"}],"version-history":[{"count":20,"href":"https:\/\/www.hsu-hh.de\/karriere\/wp-json\/wp\/v2\/pages\/1937\/revisions"}],"predecessor-version":[{"id":8027,"href":"https:\/\/www.hsu-hh.de\/karriere\/wp-json\/wp\/v2\/pages\/1937\/revisions\/8027"}],"up":[{"embeddable":true,"href":"https:\/\/www.hsu-hh.de\/karriere\/wp-json\/wp\/v2\/pages\/1932"}],"wp:attachment":[{"href":"https:\/\/www.hsu-hh.de\/karriere\/wp-json\/wp\/v2\/media?parent=1937"}],"wp:term":[{"taxonomy":"category","embeddable":true,"href":"https:\/\/www.hsu-hh.de\/karriere\/wp-json\/wp\/v2\/categories?post=1937"},{"taxonomy":"post_tag","embeddable":true,"href":"https:\/\/www.hsu-hh.de\/karriere\/wp-json\/wp\/v2\/tags?post=1937"}],"curies":[{"name":"wp","href":"https:\/\/api.w.org\/{rel}","templated":true}]}}